{"id":13375,"date":"2025-06-29T14:59:23","date_gmt":"2025-06-29T12:59:23","guid":{"rendered":"https:\/\/uj.adatbank.ro\/lexikon\/termek\/kuron-marton-2\/"},"modified":"2025-06-29T14:59:23","modified_gmt":"2025-06-29T12:59:23","slug":"kuron-marton-2","status":"publish","type":"product","link":"https:\/\/uj.adatbank.ro\/lexikon\/termek\/kuron-marton-2\/","title":{"rendered":"KURON M\u00e1rton"},"content":{"rendered":"<p>Kib\u00e9d, 1883. j\u00fan. 8., \u2020 Kib\u00e9d, 1965.: kir.-i test\u0151r; gazd\u00e1lkod\u00f3, k\u00f6zs\u00e9gi b\u00edr\u00f3. \u2013 M\u00e1rton f\u00f6ldm\u0171ves gazd\u00e1lkod\u00f3 \u00e9s J\u00falia fia. Feles\u00e9ge: a kib\u00e9di D\u00f3sa Eszter, sz\u00fcl\u00e9szn\u0151 (esk\u00fcv\u0151: Bp., 1913. febr. 9.). Le\u00e1nyuk: Ir\u00e9n. \u2013 Iskol\u00e1i elv\u00e9gz\u00e9se ut\u00e1n apj\u00e1t\u00f3l tanult gazd\u00e1lkodni, majd 21 holdas f\u00f6ldj\u00e9n \u00f6n\u00e1ll\u00f3 lett Kib\u00e9den. Katona (1902\u201304), majd m. kir. darabont test\u0151rs\u00e9gben teljes\u00edtett szolg\u00e1latot (1905\u201316). A test\u0151rs\u00e9get az olasz frontra vez\u00e9nyelt\u00e9k (1916\u201318), Doberd\u00f3n\u00e1l harcolt, m\u00e1s forr\u00e1sok szerint a 22. gy. -ezreddel az orosz fronton harcolt, mint \u0151rmester, karj\u00e1n megsebes\u00fclt, mint 60 % -os rokkant szerelt le. Hazat\u00e9rtek Kib\u00e9dre, k\u00f6zs\u00e9gb\u00edr\u00f3 (1940\u2013), k\u00f6zs\u00e9gi tan\u00e1csos, k\u00f6zbirtokoss\u00e1gi eln\u00f6k, m\u00e1sodb\u00edr\u00f3 volt. Unok\u00e1ja, Kuron M\u00e1rton \u0151rzi f\u00fczet\u00e9t, kit\u00fcntet\u00e9seit, I. Ferencz J\u00f3zsef cs. \u00e9s kir. \u2013lyal k\u00e9sz\u00fclt diplom\u00e1j\u00e1t, eml\u00e9keit. <br \/><strong>Irod.:<\/strong> Erd\u00e9lyi ezredek; M\u00e1tyus Andr\u00e1s: A kib\u00e9di Kuron M\u00e1rton: Ferencz J\u00f3zsef sz\u00e9kely darabont test\u0151re (N\u00fa., Sz\u00ednes Vil\u00e1g, 2015. j\u00fal. 31.); Sz\u00e9kelyf\u00f6ld \u00ed. k.<\/br><\/p>\n","protected":false},"excerpt":{"rendered":"<p>Kib\u00e9d, 1883. j\u00fan. 8., \u2020 Kib\u00e9d, 1965.: kir.-i test\u0151r; gazd\u00e1lkod\u00f3, k\u00f6zs\u00e9gi b\u00edr\u00f3. \u2013 M\u00e1rton f\u00f6ldm\u0171ves gazd\u00e1lkod\u00f3 \u00e9s J\u00falia fia. Feles\u00e9ge: a kib\u00e9di D\u00f3sa Eszter, sz\u00fcl\u00e9szn\u0151 (esk\u00fcv\u0151: Bp., 1913. febr. 9.). Le\u00e1nyuk: Ir\u00e9n. \u2013 Iskol\u00e1i elv\u00e9gz\u00e9se ut\u00e1n apj\u00e1t\u00f3l tanult gazd\u00e1lkodni, majd 21 holdas f\u00f6ldj\u00e9n \u00f6n\u00e1ll\u00f3 lett Kib\u00e9den. Katona (1902\u201304), majd m. kir. darabont test\u0151rs\u00e9gben teljes\u00edtett szolg\u00e1latot [&hellip;]<\/p>\n","protected":false},"featured_media":0,"comment_status":"open","ping_status":"closed","template":"","meta":[],"product_brand":[],"product_cat":[137],"product_tag":[],"class_list":{"0":"post-13375","1":"product","2":"type-product","3":"status-publish","5":"product_cat-maros-megyei-eletrajzi-lexikon","7":"first","8":"instock","9":"shipping-taxable","10":"product-type-simple"},"_links":{"self":[{"href":"https:\/\/uj.adatbank.ro\/lexikon\/wp-json\/wp\/v2\/product\/13375","targetHints":{"allow":["GET"]}}],"collection":[{"href":"https:\/\/uj.adatbank.ro\/lexikon\/wp-json\/wp\/v2\/product"}],"about":[{"href":"https:\/\/uj.adatbank.ro\/lexikon\/wp-json\/wp\/v2\/types\/product"}],"replies":[{"embeddable":true,"href":"https:\/\/uj.adatbank.ro\/lexikon\/wp-json\/wp\/v2\/comments?post=13375"}],"wp:attachment":[{"href":"https:\/\/uj.adatbank.ro\/lexikon\/wp-json\/wp\/v2\/media?parent=13375"}],"wp:term":[{"taxonomy":"product_brand","embeddable":true,"href":"https:\/\/uj.adatbank.ro\/lexikon\/wp-json\/wp\/v2\/product_brand?post=13375"},{"taxonomy":"product_cat","embeddable":true,"href":"https:\/\/uj.adatbank.ro\/lexikon\/wp-json\/wp\/v2\/product_cat?post=13375"},{"taxonomy":"product_tag","embeddable":true,"href":"https:\/\/uj.adatbank.ro\/lexikon\/wp-json\/wp\/v2\/product_tag?post=13375"}],"curies":[{"name":"wp","href":"https:\/\/api.w.org\/{rel}","templated":true}]}}

KURON Márton

<p>Kibéd, 1883. jún. 8., † Kibéd, 1965.: kir.-i testőr; gazdálkodó, községi bíró. – Márton földműves gazdálkodó és Júlia fia. Felesége: a kibédi Dósa Eszter, szülésznő (esküvő: Bp., 1913. febr. 9.). Leányuk: Irén. – Iskolái elvégzése után apjától tanult gazdálkodni, majd 21 holdas földjén önálló lett Kibéden. Katona (1902–04), majd m. kir. darabont testőrségben teljesített szolgálatot (1905–16). A testőrséget az olasz frontra vezényelték (1916–18), Doberdónál harcolt, más források szerint a 22. gy. -ezreddel az orosz fronton harcolt, mint őrmester, karján megsebesült, mint 60 % -os rokkant szerelt le. Hazatértek Kibédre, községbíró (1940–), községi tanácsos, közbirtokossági elnök, másodbíró volt. Unokája, Kuron Márton őrzi füzetét, kitüntetéseit, I. Ferencz József cs. és kir. –lyal készült diplomáját, emlékeit. <br /><strong>Irod.:</strong> Erdélyi ezredek; Mátyus András: A kibédi Kuron Márton: Ferencz József székely darabont testőre (Nú., Színes Világ, 2015. júl. 31.); Székelyföld í. k.</br></p>

<p>Kibéd, 1883. jún. 8., † Kibéd, 1965.: kir.-i testőr; gazdálkodó, községi bíró. – Márton földműves gazdálkodó és Júlia fia. Felesége: a kibédi Dósa Eszter, szülésznő (esküvő: Bp., 1913. febr. 9.). Leányuk: Irén. – Iskolái elvégzése után apjától tanult gazdálkodni, majd 21 holdas földjén önálló lett Kibéden. Katona (1902–04), majd m. kir. darabont testőrségben teljesített szolgálatot [&hellip;]</p>
