{"id":13377,"date":"2025-06-29T14:59:27","date_gmt":"2025-06-29T12:59:27","guid":{"rendered":"https:\/\/uj.adatbank.ro\/lexikon\/termek\/kurti-oszkar\/"},"modified":"2025-06-29T14:59:27","modified_gmt":"2025-06-29T12:59:27","slug":"kurti-oszkar","status":"publish","type":"product","link":"https:\/\/uj.adatbank.ro\/lexikon\/termek\/kurti-oszkar\/","title":{"rendered":"K\u00dcRTI Oszk\u00e1r"},"content":{"rendered":"<p>Kv., 1930. szept. 19., \u2020 Mv., 2008. febr. 16.: m\u00e9rn\u00f6k-k\u00f6zgazd\u00e1sz. \u2013 Kv.-on M\u0171szaki Egyetemet v\u00e9gzett (1954). Piskitelepen lett mozdonyjav\u00edt\u00f3 (1955\u20131958), Vajdahunyadon a koh\u00e1szati kombin\u00e1t munkatelep\u00e9nek vezet\u0151m\u00e9rn\u00f6ke, majd az egeresi gipszgy\u00e1r \u00e9s vegyi m\u0171vek f\u0151m\u00e9rn\u00f6ke (1958\u201360), Mv.-en a ker\u00e1miagy\u00e1r f\u0151m\u00e9rn\u00f6ke \u00e9s igat\u00f3zgat\u00f3ja (1961\u201372), az Ell\u00e1t\u00e1s\u00fcgyi Miniszt\u00e9rium Maros \u00e9s Hargita Megy\u00e9k \u00c1ll\u00f3alapgazd\u00e1lkod\u00e1si Fel\u00fcgyel\u0151s\u00e9g\u00e9nek igazgat\u00f3ja (1972\u201390). K\u00f6zben a piskitelepi \u00e9s mv.-i szakl\u00edc. -ok tan\u00e1ra (1963\u201380). K\u00f6zel 80 \u00e1ll\u00f3alapgazd\u00e1lkod\u00e1ssal kapcsolatos tanulm\u00e1nya \u00e9s cikke jelent meg hazai szakfoly\u00f3iratokban. El\u0151ad\u00f3k\u00e9nt szakmai tal\u00e1lkoz\u00f3kon vett r\u00e9sz a Rom\u00e1niai F\u0151g\u00e9p\u00e9szek Orsz\u00e1gos Tan\u00e1cs\u00e1nak f\u00e9l\u00e9vi munk\u00e1latain, amely tan\u00e1csnak alap\u00edt\u00f3 tagja, Maros \u00e9s Hargita megye megb\u00edzott eln\u00f6ke volt. \u2013 <strong>F. m.:<\/strong> <strong>t\u00e1rssz.:<\/strong> Munkav\u00e9delem az \u00e9p\u00edt\u0151anyagiparban (Mv. 1969). <br \/><strong>Irod.:<\/strong> EMKK 2000; [Nekrol\u00f3g] (N\u00fa., 2008. febr. 17.)<\/br><\/p>\n","protected":false},"excerpt":{"rendered":"<p>Kv., 1930. szept. 19., \u2020 Mv., 2008. febr. 16.: m\u00e9rn\u00f6k-k\u00f6zgazd\u00e1sz. \u2013 Kv.-on M\u0171szaki Egyetemet v\u00e9gzett (1954). Piskitelepen lett mozdonyjav\u00edt\u00f3 (1955\u20131958), Vajdahunyadon a koh\u00e1szati kombin\u00e1t munkatelep\u00e9nek vezet\u0151m\u00e9rn\u00f6ke, majd az egeresi gipszgy\u00e1r \u00e9s vegyi m\u0171vek f\u0151m\u00e9rn\u00f6ke (1958\u201360), Mv.-en a ker\u00e1miagy\u00e1r f\u0151m\u00e9rn\u00f6ke \u00e9s igat\u00f3zgat\u00f3ja (1961\u201372), az Ell\u00e1t\u00e1s\u00fcgyi Miniszt\u00e9rium Maros \u00e9s Hargita Megy\u00e9k \u00c1ll\u00f3alapgazd\u00e1lkod\u00e1si Fel\u00fcgyel\u0151s\u00e9g\u00e9nek igazgat\u00f3ja (1972\u201390). K\u00f6zben a [&hellip;]<\/p>\n","protected":false},"featured_media":0,"comment_status":"open","ping_status":"closed","template":"","meta":[],"product_brand":[],"product_cat":[137],"product_tag":[],"class_list":{"0":"post-13377","1":"product","2":"type-product","3":"status-publish","5":"product_cat-maros-megyei-eletrajzi-lexikon","7":"first","8":"instock","9":"shipping-taxable","10":"product-type-simple"},"_links":{"self":[{"href":"https:\/\/uj.adatbank.ro\/lexikon\/wp-json\/wp\/v2\/product\/13377","targetHints":{"allow":["GET"]}}],"collection":[{"href":"https:\/\/uj.adatbank.ro\/lexikon\/wp-json\/wp\/v2\/product"}],"about":[{"href":"https:\/\/uj.adatbank.ro\/lexikon\/wp-json\/wp\/v2\/types\/product"}],"replies":[{"embeddable":true,"href":"https:\/\/uj.adatbank.ro\/lexikon\/wp-json\/wp\/v2\/comments?post=13377"}],"wp:attachment":[{"href":"https:\/\/uj.adatbank.ro\/lexikon\/wp-json\/wp\/v2\/media?parent=13377"}],"wp:term":[{"taxonomy":"product_brand","embeddable":true,"href":"https:\/\/uj.adatbank.ro\/lexikon\/wp-json\/wp\/v2\/product_brand?post=13377"},{"taxonomy":"product_cat","embeddable":true,"href":"https:\/\/uj.adatbank.ro\/lexikon\/wp-json\/wp\/v2\/product_cat?post=13377"},{"taxonomy":"product_tag","embeddable":true,"href":"https:\/\/uj.adatbank.ro\/lexikon\/wp-json\/wp\/v2\/product_tag?post=13377"}],"curies":[{"name":"wp","href":"https:\/\/api.w.org\/{rel}","templated":true}]}}

KÜRTI Oszkár

<p>Kv., 1930. szept. 19., † Mv., 2008. febr. 16.: mérnök-közgazdász. – Kv.-on Műszaki Egyetemet végzett (1954). Piskitelepen lett mozdonyjavító (1955–1958), Vajdahunyadon a kohászati kombinát munkatelepének vezetőmérnöke, majd az egeresi gipszgyár és vegyi művek főmérnöke (1958–60), Mv.-en a kerámiagyár főmérnöke és igatózgatója (1961–72), az Ellátásügyi Minisztérium Maros és Hargita Megyék Állóalapgazdálkodási Felügyelőségének igazgatója (1972–90). Közben a piskitelepi és mv.-i szaklíc. -ok tanára (1963–80). Közel 80 állóalapgazdálkodással kapcsolatos tanulmánya és cikke jelent meg hazai szakfolyóiratokban. Előadóként szakmai találkozókon vett rész a Romániai Főgépészek Országos Tanácsának félévi munkálatain, amely tanácsnak alapító tagja, Maros és Hargita megye megbízott elnöke volt. – <strong>F. m.:</strong> <strong>társsz.:</strong> Munkavédelem az építőanyagiparban (Mv. 1969). <br /><strong>Irod.:</strong> EMKK 2000; [Nekrológ] (Nú., 2008. febr. 17.)</br></p>

<p>Kv., 1930. szept. 19., † Mv., 2008. febr. 16.: mérnök-közgazdász. – Kv.-on Műszaki Egyetemet végzett (1954). Piskitelepen lett mozdonyjavító (1955–1958), Vajdahunyadon a kohászati kombinát munkatelepének vezetőmérnöke, majd az egeresi gipszgyár és vegyi művek főmérnöke (1958–60), Mv.-en a kerámiagyár főmérnöke és igatózgatója (1961–72), az Ellátásügyi Minisztérium Maros és Hargita Megyék Állóalapgazdálkodási Felügyelőségének igazgatója (1972–90). Közben a [&hellip;]</p>
