{"id":13378,"date":"2025-06-29T14:59:31","date_gmt":"2025-06-29T12:59:31","guid":{"rendered":"https:\/\/uj.adatbank.ro\/lexikon\/termek\/kurz-anton\/"},"modified":"2025-06-29T14:59:31","modified_gmt":"2025-06-29T12:59:31","slug":"kurz-anton","status":"publish","type":"product","link":"https:\/\/uj.adatbank.ro\/lexikon\/termek\/kurz-anton\/","title":{"rendered":"KURZ Anton"},"content":{"rendered":"<p>B\u00e9cs, 1799., \u2020 Segesv\u00e1r, 1849. j\u00fal. 31.: \u00fcgyv\u00e9d, \u00fajs\u00e1g\u00edr\u00f3, honv\u00e9dtiszt. \u2013 Erd\u00e9lybe j\u00f6tt (1835. k\u00f6r\u00fcl), Kem\u00e9ny J\u00f3zsef vend\u00e9ge \u00e9s mag\u00e1ntitk\u00e1ra gerendi birtok\u00e1n, id\u0151k\u00f6zben Erd\u00e9ly t\u00f6r\u00e9neti k\u00fatf\u0151inek kutat\u00e1s\u00e1val \u00e9s irodalmi munk\u00e1ss\u00e1ggal foglalkozott; Brass\u00f3ban a Siebenb\u00fcrger Wochenblatt mell\u00e9kleteinek a Satelit \u00e9s Bl\u00e4tter f\u00fcr Geist, Gem\u00fcth und Vaterlandsliebe szerkeszt\u0151s\u00e9g\u00e9ben dolgozott; r\u00e9szt vett a szabads\u00e1gharcban (1848\u201349) \u0151rnagyi rangban Bem hadseg\u00e9de volt., \u00e9s a segesv\u00e1ri csat\u00e1ban esett el (1849. j\u00fal. 31). &#8211; <strong>F. m.:<\/strong> Borsz\u00e9k, Siebenb\u00fcrgens ber\u00fcmter Kurort, nebs einem kurzen Anhange \u00fcber Belbor (Kronstadt, 1844). <br \/><strong>Irod.:<\/strong> M\u00c9L; Szinnyei<\/br><\/p>\n","protected":false},"excerpt":{"rendered":"<p>B\u00e9cs, 1799., \u2020 Segesv\u00e1r, 1849. j\u00fal. 31.: \u00fcgyv\u00e9d, \u00fajs\u00e1g\u00edr\u00f3, honv\u00e9dtiszt. \u2013 Erd\u00e9lybe j\u00f6tt (1835. k\u00f6r\u00fcl), Kem\u00e9ny J\u00f3zsef vend\u00e9ge \u00e9s mag\u00e1ntitk\u00e1ra gerendi birtok\u00e1n, id\u0151k\u00f6zben Erd\u00e9ly t\u00f6r\u00e9neti k\u00fatf\u0151inek kutat\u00e1s\u00e1val \u00e9s irodalmi munk\u00e1ss\u00e1ggal foglalkozott; Brass\u00f3ban a Siebenb\u00fcrger Wochenblatt mell\u00e9kleteinek a Satelit \u00e9s Bl\u00e4tter f\u00fcr Geist, Gem\u00fcth und Vaterlandsliebe szerkeszt\u0151s\u00e9g\u00e9ben dolgozott; r\u00e9szt vett a szabads\u00e1gharcban (1848\u201349) \u0151rnagyi rangban Bem [&hellip;]<\/p>\n","protected":false},"featured_media":0,"comment_status":"open","ping_status":"closed","template":"","meta":[],"product_brand":[],"product_cat":[137],"product_tag":[],"class_list":{"0":"post-13378","1":"product","2":"type-product","3":"status-publish","5":"product_cat-maros-megyei-eletrajzi-lexikon","7":"first","8":"instock","9":"shipping-taxable","10":"product-type-simple"},"_links":{"self":[{"href":"https:\/\/uj.adatbank.ro\/lexikon\/wp-json\/wp\/v2\/product\/13378","targetHints":{"allow":["GET"]}}],"collection":[{"href":"https:\/\/uj.adatbank.ro\/lexikon\/wp-json\/wp\/v2\/product"}],"about":[{"href":"https:\/\/uj.adatbank.ro\/lexikon\/wp-json\/wp\/v2\/types\/product"}],"replies":[{"embeddable":true,"href":"https:\/\/uj.adatbank.ro\/lexikon\/wp-json\/wp\/v2\/comments?post=13378"}],"wp:attachment":[{"href":"https:\/\/uj.adatbank.ro\/lexikon\/wp-json\/wp\/v2\/media?parent=13378"}],"wp:term":[{"taxonomy":"product_brand","embeddable":true,"href":"https:\/\/uj.adatbank.ro\/lexikon\/wp-json\/wp\/v2\/product_brand?post=13378"},{"taxonomy":"product_cat","embeddable":true,"href":"https:\/\/uj.adatbank.ro\/lexikon\/wp-json\/wp\/v2\/product_cat?post=13378"},{"taxonomy":"product_tag","embeddable":true,"href":"https:\/\/uj.adatbank.ro\/lexikon\/wp-json\/wp\/v2\/product_tag?post=13378"}],"curies":[{"name":"wp","href":"https:\/\/api.w.org\/{rel}","templated":true}]}}

<p>Bécs, 1799., † Segesvár, 1849. júl. 31.: ügyvéd, újságíró, honvédtiszt. – Erdélybe jött (1835. körül), Kemény József vendége és magántitkára gerendi birtokán, időközben Erdély töréneti kútfőinek kutatásával és irodalmi munkássággal foglalkozott; Brassóban a Siebenbürger Wochenblatt mellékleteinek a Satelit és Blätter für Geist, Gemüth und Vaterlandsliebe szerkesztőségében dolgozott; részt vett a szabadságharcban (1848–49) őrnagyi rangban Bem hadsegéde volt., és a segesvári csatában esett el (1849. júl. 31). &#8211; <strong>F. m.:</strong> Borszék, Siebenbürgens berümter Kurort, nebs einem kurzen Anhange über Belbor (Kronstadt, 1844). <br /><strong>Irod.:</strong> MÉL; Szinnyei</br></p>

<p>Bécs, 1799., † Segesvár, 1849. júl. 31.: ügyvéd, újságíró, honvédtiszt. – Erdélybe jött (1835. körül), Kemény József vendége és magántitkára gerendi birtokán, időközben Erdély töréneti kútfőinek kutatásával és irodalmi munkássággal foglalkozott; Brassóban a Siebenbürger Wochenblatt mellékleteinek a Satelit és Blätter für Geist, Gemüth und Vaterlandsliebe szerkesztőségében dolgozott; részt vett a szabadságharcban (1848–49) őrnagyi rangban Bem [&hellip;]</p>
