{"id":13382,"date":"2025-06-29T14:59:37","date_gmt":"2025-06-29T12:59:37","guid":{"rendered":"https:\/\/uj.adatbank.ro\/lexikon\/termek\/kuszka-andras\/"},"modified":"2025-06-29T14:59:37","modified_gmt":"2025-06-29T12:59:37","slug":"kuszka-andras","status":"publish","type":"product","link":"https:\/\/uj.adatbank.ro\/lexikon\/termek\/kuszka-andras\/","title":{"rendered":"KUSZKA Andr\u00e1s"},"content":{"rendered":"<p>1879., \u2020 ? : cip\u00e9sz, kif\u0151zde- \u00e9s \u00e9tkezde tulajdonos. \u2013 Iskol\u00e1i elv\u00e9gz\u00e9se ut\u00e1n a l\u00e1bbelik\u00e9sz\u00edt\u0151 ipart tanulta \u00e9s \u00f6n\u00e1ll\u00f3 mester lett, emellett kif\u0151zd\u00e9t is tartott. Az els\u0151 vh.-ban a 22. gy. ezr. -el az orosz fronton volt, fogs\u00e1gba esett, a K\u00e1roly Csapatkereszt kit\u00fcntet\u00e9ssel szerelt le (1918). <br \/><strong>Irod.:<\/strong> Sz\u00e9kelyf\u00f6ld \u00ed. k.<\/br><\/p>\n","protected":false},"excerpt":{"rendered":"<p>1879., \u2020 ? : cip\u00e9sz, kif\u0151zde- \u00e9s \u00e9tkezde tulajdonos. \u2013 Iskol\u00e1i elv\u00e9gz\u00e9se ut\u00e1n a l\u00e1bbelik\u00e9sz\u00edt\u0151 ipart tanulta \u00e9s \u00f6n\u00e1ll\u00f3 mester lett, emellett kif\u0151zd\u00e9t is tartott. Az els\u0151 vh.-ban a 22. gy. ezr. -el az orosz fronton volt, fogs\u00e1gba esett, a K\u00e1roly Csapatkereszt kit\u00fcntet\u00e9ssel szerelt le (1918). Irod.: Sz\u00e9kelyf\u00f6ld \u00ed. k.<\/p>\n","protected":false},"featured_media":0,"comment_status":"open","ping_status":"closed","template":"","meta":[],"product_brand":[],"product_cat":[137],"product_tag":[],"class_list":{"0":"post-13382","1":"product","2":"type-product","3":"status-publish","5":"product_cat-maros-megyei-eletrajzi-lexikon","7":"first","8":"instock","9":"shipping-taxable","10":"product-type-simple"},"_links":{"self":[{"href":"https:\/\/uj.adatbank.ro\/lexikon\/wp-json\/wp\/v2\/product\/13382","targetHints":{"allow":["GET"]}}],"collection":[{"href":"https:\/\/uj.adatbank.ro\/lexikon\/wp-json\/wp\/v2\/product"}],"about":[{"href":"https:\/\/uj.adatbank.ro\/lexikon\/wp-json\/wp\/v2\/types\/product"}],"replies":[{"embeddable":true,"href":"https:\/\/uj.adatbank.ro\/lexikon\/wp-json\/wp\/v2\/comments?post=13382"}],"wp:attachment":[{"href":"https:\/\/uj.adatbank.ro\/lexikon\/wp-json\/wp\/v2\/media?parent=13382"}],"wp:term":[{"taxonomy":"product_brand","embeddable":true,"href":"https:\/\/uj.adatbank.ro\/lexikon\/wp-json\/wp\/v2\/product_brand?post=13382"},{"taxonomy":"product_cat","embeddable":true,"href":"https:\/\/uj.adatbank.ro\/lexikon\/wp-json\/wp\/v2\/product_cat?post=13382"},{"taxonomy":"product_tag","embeddable":true,"href":"https:\/\/uj.adatbank.ro\/lexikon\/wp-json\/wp\/v2\/product_tag?post=13382"}],"curies":[{"name":"wp","href":"https:\/\/api.w.org\/{rel}","templated":true}]}}