{"id":13389,"date":"2025-06-29T14:59:53","date_gmt":"2025-06-29T12:59:53","guid":{"rendered":"https:\/\/uj.adatbank.ro\/lexikon\/termek\/kusztos-endre-2\/"},"modified":"2025-06-29T14:59:53","modified_gmt":"2025-06-29T12:59:53","slug":"kusztos-endre-2","status":"publish","type":"product","link":"https:\/\/uj.adatbank.ro\/lexikon\/termek\/kusztos-endre-2\/","title":{"rendered":"KUSZTOS Endre"},"content":{"rendered":"<p>Makfalva, 1925. szept. 27., \u2020 Mv., 2015. febr. 14.: fest\u0151m\u0171v\u00e9sz, grafikus. \u2013 K. Endre keresked\u0151 \u00e9s Vilma fia. \u2013 K\u00f6z\u00e9piskolai tanulm\u00e1nyait a mv.-i Ref. Koll.-ban \u00e9s a Kereskedelmi K\u00f6z\u00e9piskol\u00e1ban v\u00e9gezte, Kv.-on a K\u00e9pz\u0151m\u0171v\u00e9szeti F\u0151iskol\u00e1n szerzett fest\u00e9szeti oklevelet Mikl\u00f3ssy G\u00e1bor tanitv\u00e1nyak\u00e9nt (1955). Az Erd\u0151szentgy\u00f6rgyi M\u00fazeum munkat\u00e1rsa (1962\u201365). Szov\u00e1t\u00e1n, Cs\u00f3kfalv\u00e1n \u00e9lt. Sz\u00e9nrajzaiban a m\u0171kritika Nagy Istv\u00e1n folytat\u00e1s\u00e1t l\u00e1tja. Alkot\u00e1sait t\u00f6bb mint f\u00e9l \u00e9vsz\u00e1zada csoportos \u00e9s egy\u00e9ni ki\u00e1ll\u00edt\u00e1sokr\u00f3l ismerheti a k\u00f6z\u00f6ns\u00e9g. Szakmai ismereteit nemzetk\u00f6zi tanulm\u00e1nyutakon gazdag\u00edtotta, tapasztalatait hazai \u00e9s k\u00fclf\u00f6ldi m\u0171v\u00e9szt\u00e1borokban b\u0151v\u00edtette. Els\u0151 ki\u00e1ll\u00edt\u00e1sa a sz\u00fcl\u0151faluj\u00e1ban volt, ahol \u00e1lland\u00f3 t\u00e1rlata van. Bel- \u00e9s k\u00fclf\u00f6ldi ki\u00e1ll\u00edt\u00e1sai : az Amerikai Egyes\u00fclt \u00c1llamokban, Oroszo.-ban, Cseho.-ban, a kv.-i Korunk Gal\u00e9ri\u00e1ban is szerepelt. Munk\u00e1i megtal\u00e1lhat\u00f3k t\u00f6bb rom\u00e1niai k\u00e9pt\u00e1rban, a bp.-i Nemzeti Gal\u00e9ri\u00e1ban a mak\u00f3i J\u00f3zsef Attila M\u00fazeumban. A Rom\u00e1n K\u00e9pz\u0151m\u0171v\u00e9szek Orsz\u00e1gos Sz\u00f6vets\u00e9ge, a Barab\u00e1s Mikl\u00f3s C\u00e9h, a Magyar M\u0171v\u00e9szeti Akad\u00e9mia rendes tagja (2005\u2013). Szov\u00e1ta d\u00edszpolg\u00e1ra (1995). A Mak\u00f3i M\u0171v\u00e9sztelep d\u00edj\u00e1t k\u00e9t alkalommal (1995, 1997) is elnyerte. \u2013 Ki\u00e1ll\u00edt\u00e1sai: egy\u00e9ni t\u00e1rlatai: Erd\u0151szentgy\u00f6rgy (1958); Szov\u00e1ta (1959); Makfalva (1960, \u00e1lland\u00f3 ki\u00e1ll\u00edt\u00e1s 1976\u2013); Kv. (1963, 1968, 1993, 1996); Mv. (1969, 1998, 2005); Sz\u00e9kelyudvarhely (1970); Sz\u00e9kelykereszt\u00far (1971); Bp., Debrecen, Mez\u0151t\u00far, Martonv\u00e1s\u00e1r (1972); Mak\u00f3 (1974, 1994); New York, Detroit, Los Angeles (1977); Washington (1989); Le\u00e1nyfalu (1990); Sz\u00e1zhalombatta (1994); Bp. (1973, 1993, 1995, 1996, 1997), Kaposv\u00e1r (1996). Sz\u00e9kelyszentistv\u00e1n (1995); Kov\u00e1szna (1998); Lyra Gal\u00e9ria (1998); csoportt\u00e1rlatok: Kv. (1953\u201397); Buk (1956); Kijev, Leningr\u00e1d, Moszkva (1961); Pozsony (1969, 1994); Pr\u00e1ga (1971); Mv. (1994, 1995, 1997); Mak\u00f3 (1995). Bp (1996); Kiskunhalas (1996). D\u00edjak, elismer\u00e9sek: Szov\u00e1ta v\u00e1ros diszpolg\u00e1ra (1995); Maros menti \u00c1F\u00c9SZ-d\u00edj (Csongr\u00e1d megye m\u0171v\u00e9szeti d\u00edja (Mak\u00f3i m\u0171v\u00e9sztelep, 1997); Pro Cultura Hungarica d\u00edj (2005), a Magyar K\u00f6zt\u00e1rsas\u00e1gi \u00c9rdemrend lovagkeresztje (2010); Kusztos Endre eml\u00e9kh\u00e1z \u00e9s k\u00e9pz\u0151m\u0171v\u00e9szeti gal\u00e9ria Szov\u00e1t\u00e1n. <br \/><strong>Irod.:<\/strong> 100 \u00e9v ; Ami\u00e9rt \u00e9rdemes \u00e9lni: 90 \u00e9ve sz\u00fcletett Kusztos Endre (1925\u20132015) = Sz\u00e9kely F.; Banner; D\u00e9zsi \u00d6d\u00f6n: K. E. Alkot\u00f3 m\u0171hely\u00e9ben (V. Z., 1974. j\u00fal. 27.); Erd\u00e9lyi L. 2009; Erd\u00e9lyi Lajos 2018; EMKK 2000; Ki\u00e1ll\u00edt\u00e1si katal\u00f3gus (2005); Kiss P\u00e1l M ; KKACs; Koch M\u00e1ria: Kusztos Endre emberarc\u00fa t\u00e1jain (V. Z., 1975. okt. 11.); Korunk gal\u00e9ria; Makfalva; Moln\u00e1r; N\u00fa. (2005. szept. 26); RMKK; RMIL; Sepsisz\u00e9ki, Sz\u00e9kelyf\u00f6ld (1997. okt.); T. P\u00e1ll \u00c1rp\u00e1d: K. E. h\u0171s\u00e9ge (\u00daj \u00c9let, 20 sz. 1985).<\/br><\/p>\n","protected":false},"excerpt":{"rendered":"<p>Makfalva, 1925. szept. 27., \u2020 Mv., 2015. febr. 14.: fest\u0151m\u0171v\u00e9sz, grafikus. \u2013 K. Endre keresked\u0151 \u00e9s Vilma fia. \u2013 K\u00f6z\u00e9piskolai tanulm\u00e1nyait a mv.-i Ref. Koll.-ban \u00e9s a Kereskedelmi K\u00f6z\u00e9piskol\u00e1ban v\u00e9gezte, Kv.-on a K\u00e9pz\u0151m\u0171v\u00e9szeti F\u0151iskol\u00e1n szerzett fest\u00e9szeti oklevelet Mikl\u00f3ssy G\u00e1bor tanitv\u00e1nyak\u00e9nt (1955). Az Erd\u0151szentgy\u00f6rgyi M\u00fazeum munkat\u00e1rsa (1962\u201365). Szov\u00e1t\u00e1n, Cs\u00f3kfalv\u00e1n \u00e9lt. Sz\u00e9nrajzaiban a m\u0171kritika Nagy Istv\u00e1n folytat\u00e1s\u00e1t [&hellip;]<\/p>\n","protected":false},"featured_media":0,"comment_status":"open","ping_status":"closed","template":"","meta":[],"product_brand":[],"product_cat":[137],"product_tag":[],"class_list":{"0":"post-13389","1":"product","2":"type-product","3":"status-publish","5":"product_cat-maros-megyei-eletrajzi-lexikon","7":"first","8":"instock","9":"shipping-taxable","10":"product-type-simple"},"_links":{"self":[{"href":"https:\/\/uj.adatbank.ro\/lexikon\/wp-json\/wp\/v2\/product\/13389","targetHints":{"allow":["GET"]}}],"collection":[{"href":"https:\/\/uj.adatbank.ro\/lexikon\/wp-json\/wp\/v2\/product"}],"about":[{"href":"https:\/\/uj.adatbank.ro\/lexikon\/wp-json\/wp\/v2\/types\/product"}],"replies":[{"embeddable":true,"href":"https:\/\/uj.adatbank.ro\/lexikon\/wp-json\/wp\/v2\/comments?post=13389"}],"wp:attachment":[{"href":"https:\/\/uj.adatbank.ro\/lexikon\/wp-json\/wp\/v2\/media?parent=13389"}],"wp:term":[{"taxonomy":"product_brand","embeddable":true,"href":"https:\/\/uj.adatbank.ro\/lexikon\/wp-json\/wp\/v2\/product_brand?post=13389"},{"taxonomy":"product_cat","embeddable":true,"href":"https:\/\/uj.adatbank.ro\/lexikon\/wp-json\/wp\/v2\/product_cat?post=13389"},{"taxonomy":"product_tag","embeddable":true,"href":"https:\/\/uj.adatbank.ro\/lexikon\/wp-json\/wp\/v2\/product_tag?post=13389"}],"curies":[{"name":"wp","href":"https:\/\/api.w.org\/{rel}","templated":true}]}}

<p>Makfalva, 1925. szept. 27., † Mv., 2015. febr. 14.: festőművész, grafikus. – K. Endre kereskedő és Vilma fia. – Középiskolai tanulmányait a mv.-i Ref. Koll.-ban és a Kereskedelmi Középiskolában végezte, Kv.-on a Képzőművészeti Főiskolán szerzett festészeti oklevelet Miklóssy Gábor tanitványaként (1955). Az Erdőszentgyörgyi Múzeum munkatársa (1962–65). Szovátán, Csókfalván élt. Szénrajzaiban a műkritika Nagy István folytatását látja. Alkotásait több mint fél évszázada csoportos és egyéni kiállításokról ismerheti a közönség. Szakmai ismereteit nemzetközi tanulmányutakon gazdagította, tapasztalatait hazai és külföldi művésztáborokban bővítette. Első kiállítása a szülőfalujában volt, ahol állandó tárlata van. Bel- és külföldi kiállításai : az Amerikai Egyesült Államokban, Oroszo.-ban, Cseho.-ban, a kv.-i Korunk Galériában is szerepelt. Munkái megtalálhatók több romániai képtárban, a bp.-i Nemzeti Galériában a makói József Attila Múzeumban. A Román Képzőművészek Országos Szövetsége, a Barabás Miklós Céh, a Magyar Művészeti Akadémia rendes tagja (2005–). Szováta díszpolgára (1995). A Makói Művésztelep díját két alkalommal (1995, 1997) is elnyerte. – Kiállításai: egyéni tárlatai: Erdőszentgyörgy (1958); Szováta (1959); Makfalva (1960, állandó kiállítás 1976–); Kv. (1963, 1968, 1993, 1996); Mv. (1969, 1998, 2005); Székelyudvarhely (1970); Székelykeresztúr (1971); Bp., Debrecen, Mezőtúr, Martonvásár (1972); Makó (1974, 1994); New York, Detroit, Los Angeles (1977); Washington (1989); Leányfalu (1990); Százhalombatta (1994); Bp. (1973, 1993, 1995, 1996, 1997), Kaposvár (1996). Székelyszentistván (1995); Kovászna (1998); Lyra Galéria (1998); csoporttárlatok: Kv. (1953–97); Buk (1956); Kijev, Leningrád, Moszkva (1961); Pozsony (1969, 1994); Prága (1971); Mv. (1994, 1995, 1997); Makó (1995). Bp (1996); Kiskunhalas (1996). Díjak, elismerések: Szováta város diszpolgára (1995); Maros menti ÁFÉSZ-díj (Csongrád megye művészeti díja (Makói művésztelep, 1997); Pro Cultura Hungarica díj (2005), a Magyar Köztársasági Érdemrend lovagkeresztje (2010); Kusztos Endre emlékház és képzőművészeti galéria Szovátán. <br /><strong>Irod.:</strong> 100 év ; Amiért érdemes élni: 90 éve született Kusztos Endre (1925–2015) = Székely F.; Banner; Dézsi Ödön: K. E. Alkotó műhelyében (V. Z., 1974. júl. 27.); Erdélyi L. 2009; Erdélyi Lajos 2018; EMKK 2000; Kiállítási katalógus (2005); Kiss Pál M ; KKACs; Koch Mária: Kusztos Endre emberarcú tájain (V. Z., 1975. okt. 11.); Korunk galéria; Makfalva; Molnár; Nú. (2005. szept. 26); RMKK; RMIL; Sepsiszéki, Székelyföld (1997. okt.); T. Páll Árpád: K. E. hűsége (Új Élet, 20 sz. 1985).</br></p>

<p>Makfalva, 1925. szept. 27., † Mv., 2015. febr. 14.: festőművész, grafikus. – K. Endre kereskedő és Vilma fia. – Középiskolai tanulmányait a mv.-i Ref. Koll.-ban és a Kereskedelmi Középiskolában végezte, Kv.-on a Képzőművészeti Főiskolán szerzett festészeti oklevelet Miklóssy Gábor tanitványaként (1955). Az Erdőszentgyörgyi Múzeum munkatársa (1962–65). Szovátán, Csókfalván élt. Szénrajzaiban a műkritika Nagy István folytatását [&hellip;]</p>
