{"id":13390,"date":"2025-06-29T14:59:55","date_gmt":"2025-06-29T12:59:55","guid":{"rendered":"https:\/\/uj.adatbank.ro\/lexikon\/termek\/kusztos-istvan\/"},"modified":"2025-06-29T14:59:55","modified_gmt":"2025-06-29T12:59:55","slug":"kusztos-istvan","status":"publish","type":"product","link":"https:\/\/uj.adatbank.ro\/lexikon\/termek\/kusztos-istvan\/","title":{"rendered":"KUSZTOS Istv\u00e1n"},"content":{"rendered":"<p>Ny\u00e1r\u00e1dselye, 1928. jan. 1. \u2020 ? : Jahova-tan\u00fa. \u2013 Letart\u00f3ztatt\u00e1k (1957. m\u00e1j. 6.). El\u00edt\u00e9lt\u00e9k 7 \u00e9vre. Kiszabadult (1964. m\u00e1j. 3.). <br \/><strong>Irod.:<\/strong> 1956 Erd\u00e9lyben<\/br><\/p>\n","protected":false},"excerpt":{"rendered":"<p>Ny\u00e1r\u00e1dselye, 1928. jan. 1. \u2020 ? : Jahova-tan\u00fa. \u2013 Letart\u00f3ztatt\u00e1k (1957. m\u00e1j. 6.). El\u00edt\u00e9lt\u00e9k 7 \u00e9vre. Kiszabadult (1964. m\u00e1j. 3.). Irod.: 1956 Erd\u00e9lyben<\/p>\n","protected":false},"featured_media":0,"comment_status":"open","ping_status":"closed","template":"","meta":[],"product_brand":[],"product_cat":[137],"product_tag":[],"class_list":{"0":"post-13390","1":"product","2":"type-product","3":"status-publish","5":"product_cat-maros-megyei-eletrajzi-lexikon","7":"first","8":"instock","9":"shipping-taxable","10":"product-type-simple"},"_links":{"self":[{"href":"https:\/\/uj.adatbank.ro\/lexikon\/wp-json\/wp\/v2\/product\/13390","targetHints":{"allow":["GET"]}}],"collection":[{"href":"https:\/\/uj.adatbank.ro\/lexikon\/wp-json\/wp\/v2\/product"}],"about":[{"href":"https:\/\/uj.adatbank.ro\/lexikon\/wp-json\/wp\/v2\/types\/product"}],"replies":[{"embeddable":true,"href":"https:\/\/uj.adatbank.ro\/lexikon\/wp-json\/wp\/v2\/comments?post=13390"}],"wp:attachment":[{"href":"https:\/\/uj.adatbank.ro\/lexikon\/wp-json\/wp\/v2\/media?parent=13390"}],"wp:term":[{"taxonomy":"product_brand","embeddable":true,"href":"https:\/\/uj.adatbank.ro\/lexikon\/wp-json\/wp\/v2\/product_brand?post=13390"},{"taxonomy":"product_cat","embeddable":true,"href":"https:\/\/uj.adatbank.ro\/lexikon\/wp-json\/wp\/v2\/product_cat?post=13390"},{"taxonomy":"product_tag","embeddable":true,"href":"https:\/\/uj.adatbank.ro\/lexikon\/wp-json\/wp\/v2\/product_tag?post=13390"}],"curies":[{"name":"wp","href":"https:\/\/api.w.org\/{rel}","templated":true}]}}