{"id":13392,"date":"2025-06-29T14:59:58","date_gmt":"2025-06-29T12:59:58","guid":{"rendered":"https:\/\/uj.adatbank.ro\/lexikon\/termek\/kusztos-piroska-kusztosne-szabo\/"},"modified":"2025-06-29T14:59:58","modified_gmt":"2025-06-29T12:59:58","slug":"kusztos-piroska-kusztosne-szabo","status":"publish","type":"product","link":"https:\/\/uj.adatbank.ro\/lexikon\/termek\/kusztos-piroska-kusztosne-szabo\/","title":{"rendered":"KUSZTOS Piroska; Kusztosn\u00e9; Szab\u00f3"},"content":{"rendered":"<p>Als\u00f3s\u00f3falva (Hargita), 1926. jan. 1., \u2020 Bp., 1985. nov. 7., Als\u00f3s\u00f3falv\u00e1n temett\u00e9k el : tan\u00e1r, n\u00e9pzenekutat\u00f3, folklorista. \u2013 K. Endre fest\u0151m\u0171v\u00e9sz feles\u00e9ge. Elemi iskol\u00e1it Als\u00f3sofalv\u00e1n, a tan\u00edt\u00f3k\u00e9pz\u0151t Sz\u00e9kelyudvarhelyen \u00e9s Mv.-en v\u00e9gezte (1936\u201345), ahol k\u00e1ntori k\u00e9pes\u00edt\u00e9st is nyert. a kv.-i Gh. Dima Zenem\u0171v\u00e9szeti F\u0151iskol\u00e1n zenetan\u00e1ri oklevelet szerzett (1954). Sz\u00fcl\u0151faluj\u00e1ban tan\u00edtott (1945\u201348); tan\u00e1r a kv.-i zenei k\u00f6z\u00e9piskol\u00e1ban (1954\u201356); Szov\u00e1t\u00e1n \u00e9nek- \u00e9s zenetan\u00e1r, k\u00f3rusvezet\u0151 nyugd\u00edjaz\u00e1s\u00e1ig (1975\u201381). El\u0151bb Farag\u00f3 J\u00f3zsef \u00e9s Jagamas J\u00e1nos mellett, majd \u00f6n\u00e1ll\u00f3an n\u00e9pi dallamgy\u0171jt\u00e9ssel foglalkozott (1952\u201385). \u00d6sszegy\u0171jt\u00f6tte \u00e9s lejegyezte S\u00f3vid\u00e9k n\u00e9pzenei anyag\u00e1t; gyermek- \u00e9s kamarak\u00f3rusaival megyei \u00e9s orsz\u00e1gos d\u00edjakat nyert (1960\u201381). Zenei t\u00e1rgy\u00fa \u00edr\u00e1sait, k\u00f6nyvismertet\u0151it a Falvak Dolgoz\u00f3 N\u00e9pe \u00e9s a M\u0171vel\u0151d\u00e9s k\u00f6z\u00f6lte. \u2013 <strong>F. m.:<\/strong> t\u00e1rsszerz\u0151 : Szov\u00e1tai z\u00f6ld erd\u0151ben (Buk., 1971); T\u00f6bb folkl\u00f3rkiadv\u00e1nyban szerepelt n\u00e9pi dallamgy\u0171jt\u00e9ssel : Farag\u00f3-Jagamas : Moldvai cs\u00e1ng\u00f3 n\u00e9pdalok \u00e9s n\u00e9pballad\u00e1k (1954) Szab\u00f3 Piroska n\u00e9vvel; \u0151 jegyezte le hangszalagr\u00f3l R\u00e1duly J\u00e1nos : Kib\u00e9di n\u00e9pballad\u00e1k (1975) \u00e9s Elindultam hossz\u00fa \u00fatra (1979) c. k\u00f6teteinek dallamanyag\u00e1t. <br \/><strong>Irod.:<\/strong> B\u00f6lcs\u0151ringat\u00f3; Kusz\u00e1lik; [Nekrol\u00f3g] (V. Z., 1985. nov. 23.); RMIL; Szov\u00e1ta<\/br><\/p>\n","protected":false},"excerpt":{"rendered":"<p>Als\u00f3s\u00f3falva (Hargita), 1926. jan. 1., \u2020 Bp., 1985. nov. 7., Als\u00f3s\u00f3falv\u00e1n temett\u00e9k el : tan\u00e1r, n\u00e9pzenekutat\u00f3, folklorista. \u2013 K. Endre fest\u0151m\u0171v\u00e9sz feles\u00e9ge. Elemi iskol\u00e1it Als\u00f3sofalv\u00e1n, a tan\u00edt\u00f3k\u00e9pz\u0151t Sz\u00e9kelyudvarhelyen \u00e9s Mv.-en v\u00e9gezte (1936\u201345), ahol k\u00e1ntori k\u00e9pes\u00edt\u00e9st is nyert. a kv.-i Gh. Dima Zenem\u0171v\u00e9szeti F\u0151iskol\u00e1n zenetan\u00e1ri oklevelet szerzett (1954). Sz\u00fcl\u0151faluj\u00e1ban tan\u00edtott (1945\u201348); tan\u00e1r a kv.-i zenei k\u00f6z\u00e9piskol\u00e1ban [&hellip;]<\/p>\n","protected":false},"featured_media":0,"comment_status":"open","ping_status":"closed","template":"","meta":[],"product_brand":[],"product_cat":[137],"product_tag":[],"class_list":{"0":"post-13392","1":"product","2":"type-product","3":"status-publish","5":"product_cat-maros-megyei-eletrajzi-lexikon","7":"first","8":"instock","9":"shipping-taxable","10":"product-type-simple"},"_links":{"self":[{"href":"https:\/\/uj.adatbank.ro\/lexikon\/wp-json\/wp\/v2\/product\/13392","targetHints":{"allow":["GET"]}}],"collection":[{"href":"https:\/\/uj.adatbank.ro\/lexikon\/wp-json\/wp\/v2\/product"}],"about":[{"href":"https:\/\/uj.adatbank.ro\/lexikon\/wp-json\/wp\/v2\/types\/product"}],"replies":[{"embeddable":true,"href":"https:\/\/uj.adatbank.ro\/lexikon\/wp-json\/wp\/v2\/comments?post=13392"}],"wp:attachment":[{"href":"https:\/\/uj.adatbank.ro\/lexikon\/wp-json\/wp\/v2\/media?parent=13392"}],"wp:term":[{"taxonomy":"product_brand","embeddable":true,"href":"https:\/\/uj.adatbank.ro\/lexikon\/wp-json\/wp\/v2\/product_brand?post=13392"},{"taxonomy":"product_cat","embeddable":true,"href":"https:\/\/uj.adatbank.ro\/lexikon\/wp-json\/wp\/v2\/product_cat?post=13392"},{"taxonomy":"product_tag","embeddable":true,"href":"https:\/\/uj.adatbank.ro\/lexikon\/wp-json\/wp\/v2\/product_tag?post=13392"}],"curies":[{"name":"wp","href":"https:\/\/api.w.org\/{rel}","templated":true}]}}

KUSZTOS Piroska; Kusztosné; Szabó

<p>Alsósófalva (Hargita), 1926. jan. 1., † Bp., 1985. nov. 7., Alsósófalván temették el : tanár, népzenekutató, folklorista. – K. Endre festőművész felesége. Elemi iskoláit Alsósofalván, a tanítóképzőt Székelyudvarhelyen és Mv.-en végezte (1936–45), ahol kántori képesítést is nyert. a kv.-i Gh. Dima Zeneművészeti Főiskolán zenetanári oklevelet szerzett (1954). Szülőfalujában tanított (1945–48); tanár a kv.-i zenei középiskolában (1954–56); Szovátán ének- és zenetanár, kórusvezető nyugdíjazásáig (1975–81). Előbb Faragó József és Jagamas János mellett, majd önállóan népi dallamgyűjtéssel foglalkozott (1952–85). Összegyűjtötte és lejegyezte Sóvidék népzenei anyagát; gyermek- és kamarakórusaival megyei és országos díjakat nyert (1960–81). Zenei tárgyú írásait, könyvismertetőit a Falvak Dolgozó Népe és a Művelődés közölte. – <strong>F. m.:</strong> társszerző : Szovátai zöld erdőben (Buk., 1971); Több folklórkiadványban szerepelt népi dallamgyűjtéssel : Faragó-Jagamas : Moldvai csángó népdalok és népballadák (1954) Szabó Piroska névvel; ő jegyezte le hangszalagról Ráduly János : Kibédi népballadák (1975) és Elindultam hosszú útra (1979) c. köteteinek dallamanyagát. <br /><strong>Irod.:</strong> Bölcsőringató; Kuszálik; [Nekrológ] (V. Z., 1985. nov. 23.); RMIL; Szováta</br></p>

<p>Alsósófalva (Hargita), 1926. jan. 1., † Bp., 1985. nov. 7., Alsósófalván temették el : tanár, népzenekutató, folklorista. – K. Endre festőművész felesége. Elemi iskoláit Alsósofalván, a tanítóképzőt Székelyudvarhelyen és Mv.-en végezte (1936–45), ahol kántori képesítést is nyert. a kv.-i Gh. Dima Zeneművészeti Főiskolán zenetanári oklevelet szerzett (1954). Szülőfalujában tanított (1945–48); tanár a kv.-i zenei középiskolában [&hellip;]</p>
