{"id":13394,"date":"2025-06-29T15:00:01","date_gmt":"2025-06-29T13:00:01","guid":{"rendered":"https:\/\/uj.adatbank.ro\/lexikon\/termek\/kusztos-sz-endre-alneve-i-kusztos-endre\/"},"modified":"2025-06-29T15:00:01","modified_gmt":"2025-06-29T13:00:01","slug":"kusztos-sz-endre-alneve-i-kusztos-endre","status":"publish","type":"product","link":"https:\/\/uj.adatbank.ro\/lexikon\/termek\/kusztos-sz-endre-alneve-i-kusztos-endre\/","title":{"rendered":"KUSZTOS Sz. Endre, \u00e1lneve: I. Kusztos Endre"},"content":{"rendered":"<p>Mv., 1959. m\u00e1j. 17., \u2020 Cleveland, 1992. \u00e1pr. 7.: biol\u00f3gus. \u2013 K\u00f6z\u00e9piskol\u00e1t Szov\u00e1t\u00e1n v\u00e9gzett (1978); a kv.-i BBTE.-en biol\u00f3gia szak\u00e1n szerzett diplom\u00e1t (1980\u201385). A szov\u00e1tai K\u00f6rzeti K\u00f3rh\u00e1z munkat\u00e1rsa volt. Versekkel t\u0171nt fel az Igazs\u00e1g, Ifj\u00famunk\u00e1s, Falvak Dolgoz\u00f3 N\u00e9pe has\u00e1bjain, ez ut\u00f3bbi Term\u00e9szettudom\u00e1nyi Figyel\u0151 c. rovat\u00e1nak munkat\u00e1rsa. Kutat\u00e1si ter\u00fclete : magatart\u00e1sbiol\u00f3gia, \u00e1llatszemiotika, szakdolgozatai : Az \u00e1llati komunik\u00e1ci\u00f3 jelei a Korunkban (1988), a Popul\u00e1ci\u00f3k \u00e9s nyelvj\u00e1r\u00e1sok a TETT has\u00e1bjain (1989\/4) jelentek meg. <br \/><strong>Irod.:<\/strong> Kusz\u00e1lik; [Nekrol\u00f3g] (N\u00fa., 1992. j\u00fal. 21.); RMIL<\/br><\/p>\n","protected":false},"excerpt":{"rendered":"<p>Mv., 1959. m\u00e1j. 17., \u2020 Cleveland, 1992. \u00e1pr. 7.: biol\u00f3gus. \u2013 K\u00f6z\u00e9piskol\u00e1t Szov\u00e1t\u00e1n v\u00e9gzett (1978); a kv.-i BBTE.-en biol\u00f3gia szak\u00e1n szerzett diplom\u00e1t (1980\u201385). A szov\u00e1tai K\u00f6rzeti K\u00f3rh\u00e1z munkat\u00e1rsa volt. Versekkel t\u0171nt fel az Igazs\u00e1g, Ifj\u00famunk\u00e1s, Falvak Dolgoz\u00f3 N\u00e9pe has\u00e1bjain, ez ut\u00f3bbi Term\u00e9szettudom\u00e1nyi Figyel\u0151 c. rovat\u00e1nak munkat\u00e1rsa. Kutat\u00e1si ter\u00fclete : magatart\u00e1sbiol\u00f3gia, \u00e1llatszemiotika, szakdolgozatai : Az \u00e1llati [&hellip;]<\/p>\n","protected":false},"featured_media":0,"comment_status":"open","ping_status":"closed","template":"","meta":[],"product_brand":[],"product_cat":[137],"product_tag":[],"class_list":{"0":"post-13394","1":"product","2":"type-product","3":"status-publish","5":"product_cat-maros-megyei-eletrajzi-lexikon","7":"first","8":"instock","9":"shipping-taxable","10":"product-type-simple"},"_links":{"self":[{"href":"https:\/\/uj.adatbank.ro\/lexikon\/wp-json\/wp\/v2\/product\/13394","targetHints":{"allow":["GET"]}}],"collection":[{"href":"https:\/\/uj.adatbank.ro\/lexikon\/wp-json\/wp\/v2\/product"}],"about":[{"href":"https:\/\/uj.adatbank.ro\/lexikon\/wp-json\/wp\/v2\/types\/product"}],"replies":[{"embeddable":true,"href":"https:\/\/uj.adatbank.ro\/lexikon\/wp-json\/wp\/v2\/comments?post=13394"}],"wp:attachment":[{"href":"https:\/\/uj.adatbank.ro\/lexikon\/wp-json\/wp\/v2\/media?parent=13394"}],"wp:term":[{"taxonomy":"product_brand","embeddable":true,"href":"https:\/\/uj.adatbank.ro\/lexikon\/wp-json\/wp\/v2\/product_brand?post=13394"},{"taxonomy":"product_cat","embeddable":true,"href":"https:\/\/uj.adatbank.ro\/lexikon\/wp-json\/wp\/v2\/product_cat?post=13394"},{"taxonomy":"product_tag","embeddable":true,"href":"https:\/\/uj.adatbank.ro\/lexikon\/wp-json\/wp\/v2\/product_tag?post=13394"}],"curies":[{"name":"wp","href":"https:\/\/api.w.org\/{rel}","templated":true}]}}