{"id":13397,"date":"2025-06-29T15:00:05","date_gmt":"2025-06-29T13:00:05","guid":{"rendered":"https:\/\/uj.adatbank.ro\/lexikon\/termek\/kutasi-gyula\/"},"modified":"2025-06-29T15:00:05","modified_gmt":"2025-06-29T13:00:05","slug":"kutasi-gyula","status":"publish","type":"product","link":"https:\/\/uj.adatbank.ro\/lexikon\/termek\/kutasi-gyula\/","title":{"rendered":"KUTASI Gyula"},"content":{"rendered":"<p>? \u2020 Nagyernye, 2007. szept.: tan\u00edt\u00f3. &#8211; Nagyerny\u00e9ben tan\u00edtott 55 \u00e9ven kereszt\u00fcl (1952\u2013). Az oktat\u00f3-nevel\u0151 munka mellett r\u00e9szt vett a k\u00f6zs\u00e9g fejl\u0151d\u00e9s\u00e9hez hozz\u00e1j\u00e1rul\u00f3 minden m\u00e1s tev\u00e9kenys\u00e9gben: a kollekiviz\u00e1l\u00e1sban fels\u0151bb parancsra, a falu villamos\u00edt\u00e1sakor s\u00e1ncokat \u00e1sott, b\u00e1b\u00e1skodott az \u00faj kult\u00farotthon meg\u00e9p\u00edt\u00e9s\u00e9n\u00e9l, majd az \u00faj iskola \u00e9p\u00edt\u00e9s\u00e9n\u00e9l seg\u00e9dkezett (bek\u00f6lt\u00f6ztek 1976), lelkesen munk\u00e1lkodott a leromlott B\u00e1lintitt kast\u00e9ly t\u00f6bb mint h\u00e1rom \u00e9vig tart\u00f3 renov\u00e1l\u00e1s\u00e1ban \u00e9s megment\u00e9s\u00e9ben. Megszervezte az ernyei iskola fenn\u00e1ll\u00e1s\u00e1nak 275. \u00e9vfordul\u00f3j\u00e1t. <br \/><strong>Irod.:<\/strong> Nagyernye<\/br><\/p>\n","protected":false},"excerpt":{"rendered":"<p>? \u2020 Nagyernye, 2007. szept.: tan\u00edt\u00f3. &#8211; Nagyerny\u00e9ben tan\u00edtott 55 \u00e9ven kereszt\u00fcl (1952\u2013). Az oktat\u00f3-nevel\u0151 munka mellett r\u00e9szt vett a k\u00f6zs\u00e9g fejl\u0151d\u00e9s\u00e9hez hozz\u00e1j\u00e1rul\u00f3 minden m\u00e1s tev\u00e9kenys\u00e9gben: a kollekiviz\u00e1l\u00e1sban fels\u0151bb parancsra, a falu villamos\u00edt\u00e1sakor s\u00e1ncokat \u00e1sott, b\u00e1b\u00e1skodott az \u00faj kult\u00farotthon meg\u00e9p\u00edt\u00e9s\u00e9n\u00e9l, majd az \u00faj iskola \u00e9p\u00edt\u00e9s\u00e9n\u00e9l seg\u00e9dkezett (bek\u00f6lt\u00f6ztek 1976), lelkesen munk\u00e1lkodott a leromlott B\u00e1lintitt kast\u00e9ly t\u00f6bb [&hellip;]<\/p>\n","protected":false},"featured_media":0,"comment_status":"open","ping_status":"closed","template":"","meta":[],"product_brand":[],"product_cat":[137],"product_tag":[],"class_list":{"0":"post-13397","1":"product","2":"type-product","3":"status-publish","5":"product_cat-maros-megyei-eletrajzi-lexikon","7":"first","8":"instock","9":"shipping-taxable","10":"product-type-simple"},"_links":{"self":[{"href":"https:\/\/uj.adatbank.ro\/lexikon\/wp-json\/wp\/v2\/product\/13397","targetHints":{"allow":["GET"]}}],"collection":[{"href":"https:\/\/uj.adatbank.ro\/lexikon\/wp-json\/wp\/v2\/product"}],"about":[{"href":"https:\/\/uj.adatbank.ro\/lexikon\/wp-json\/wp\/v2\/types\/product"}],"replies":[{"embeddable":true,"href":"https:\/\/uj.adatbank.ro\/lexikon\/wp-json\/wp\/v2\/comments?post=13397"}],"wp:attachment":[{"href":"https:\/\/uj.adatbank.ro\/lexikon\/wp-json\/wp\/v2\/media?parent=13397"}],"wp:term":[{"taxonomy":"product_brand","embeddable":true,"href":"https:\/\/uj.adatbank.ro\/lexikon\/wp-json\/wp\/v2\/product_brand?post=13397"},{"taxonomy":"product_cat","embeddable":true,"href":"https:\/\/uj.adatbank.ro\/lexikon\/wp-json\/wp\/v2\/product_cat?post=13397"},{"taxonomy":"product_tag","embeddable":true,"href":"https:\/\/uj.adatbank.ro\/lexikon\/wp-json\/wp\/v2\/product_tag?post=13397"}],"curies":[{"name":"wp","href":"https:\/\/api.w.org\/{rel}","templated":true}]}}

<p>? † Nagyernye, 2007. szept.: tanító. &#8211; Nagyernyében tanított 55 éven keresztül (1952–). Az oktató-nevelő munka mellett részt vett a község fejlődéséhez hozzájáruló minden más tevékenységben: a kollekivizálásban felsőbb parancsra, a falu villamosításakor sáncokat ásott, bábáskodott az új kultúrotthon megépítésénél, majd az új iskola építésénél segédkezett (beköltöztek 1976), lelkesen munkálkodott a leromlott Bálintitt kastély több mint három évig tartó renoválásában és megmentésében. Megszervezte az ernyei iskola fennállásának 275. évfordulóját. <br /><strong>Irod.:</strong> Nagyernye</br></p>

<p>? † Nagyernye, 2007. szept.: tanító. &#8211; Nagyernyében tanított 55 éven keresztül (1952–). Az oktató-nevelő munka mellett részt vett a község fejlődéséhez hozzájáruló minden más tevékenységben: a kollekivizálásban felsőbb parancsra, a falu villamosításakor sáncokat ásott, bábáskodott az új kultúrotthon megépítésénél, majd az új iskola építésénél segédkezett (beköltöztek 1976), lelkesen munkálkodott a leromlott Bálintitt kastély több [&hellip;]</p>
