{"id":13398,"date":"2025-06-29T15:00:07","date_gmt":"2025-06-29T13:00:07","guid":{"rendered":"https:\/\/uj.adatbank.ro\/lexikon\/termek\/kutasi-zoltan\/"},"modified":"2025-06-29T15:00:07","modified_gmt":"2025-06-29T13:00:07","slug":"kutasi-zoltan","status":"publish","type":"product","link":"https:\/\/uj.adatbank.ro\/lexikon\/termek\/kutasi-zoltan\/","title":{"rendered":"KUTASI Zolt\u00e1n"},"content":{"rendered":"<p>Vadasd, 1948. febr. 9., \u2020 Makfalva, 2002. jan. 21, : polg\u00e1rmester. \u2013 Mez\u0151gazdas\u00e1gi Technikumot v\u00e9gzett Mv.-en (1967). Havadon technikus (1967\u201368), aut\u00f3jav\u00edt\u00f3 Mv.-en (1970\u201372), majd Makfalv\u00e1n (1972\u201396). Makfalv\u00e1n polg\u00e1rmester, aki meg\u00e9rtette \u00e9s felv\u00e1llalta az \u00f6nkorm\u00e1nyzatis\u00e1g eszm\u00e9j\u00e9t, \u00e9s \u00e1ldozatos munk\u00e1val szolg\u00e1lta a makfalvi k\u00f6z\u00f6ss\u00e9get (1996- hal\u00e1l\u00e1ig). Jelent\u0151s szerepet j\u00e1tszott a k\u00f6zs\u00e9g kultur\u00e1lis \u00e9let\u00e9ben. N\u00e9h\u00e1ny rendezv\u00e9ny, amelynek szervez\u0151je, h\u00e1zigazd\u00e1ja, szerepl\u0151je volt: a Makfalv\u00e1n \u00e9vente megszervezett k\u00e9pz\u00f4m\u0171v\u00e9szeti alkot\u00f3t\u00e1borok, amelyek imm\u00e1r Nagy P\u00e1l nev\u00e9t viselik, Maros megye els\u00f4 \u00f3vod\u00e1j\u00e1nak 155. \u00e9vfordul\u00f3ja, a D\u00f3zsa Gy\u00f6rgy-szobor avat\u00e1sa, az Iskola Gal\u00e9ria avat\u00e1sa, a Wessel\u00e9nyi Mikl\u00f3s \u00c1ltal\u00e1nos Iskola n\u00e9vad\u00f3 \u00fcnneps\u00e9ge, ki\u00e1ll\u00edt\u00e1sok szervez\u00e9se Mv.-en \u00e9s Szov\u00e1t\u00e1n, a makfalvi falutal\u00e1lkoz\u00f3, a hagyom\u00e1nyos h\u00e1zasemberb\u00e1lok fel\u00faj\u00edt\u00e1sa, az \u00e9venk\u00e9nt megszervezett m\u00e1rcius 15-i \u00fcnneps\u00e9gek. Gy\u00f6ngykoszor\u00fa tal\u00e1lkoz\u00f3k. \u00c1lland\u00f3 seg\u00edt\u00f4je, szervez\u00f4je volt a Szent Istv\u00e1n-napoknak H\u00e1rmasfaluban, a Szent Istv\u00e1n Sz\u00f6vets\u00e9g megalak\u00edt\u00e1s\u00e1nak t\u00e1rsszervez\u00f4je Kiss D\u00e9nes lelk\u00e9sz mellett. <br \/><strong>Irod.:<\/strong> EMKK 2000; F\u00fcl\u00f6p Ir\u00e9n: In memoriam K. Z. (N\u00fa., 2002. febr. 6.); N\u00fa., 2007. jan. 18.)<\/br><\/p>\n","protected":false},"excerpt":{"rendered":"<p>Vadasd, 1948. febr. 9., \u2020 Makfalva, 2002. jan. 21, : polg\u00e1rmester. \u2013 Mez\u0151gazdas\u00e1gi Technikumot v\u00e9gzett Mv.-en (1967). Havadon technikus (1967\u201368), aut\u00f3jav\u00edt\u00f3 Mv.-en (1970\u201372), majd Makfalv\u00e1n (1972\u201396). Makfalv\u00e1n polg\u00e1rmester, aki meg\u00e9rtette \u00e9s felv\u00e1llalta az \u00f6nkorm\u00e1nyzatis\u00e1g eszm\u00e9j\u00e9t, \u00e9s \u00e1ldozatos munk\u00e1val szolg\u00e1lta a makfalvi k\u00f6z\u00f6ss\u00e9get (1996- hal\u00e1l\u00e1ig). Jelent\u0151s szerepet j\u00e1tszott a k\u00f6zs\u00e9g kultur\u00e1lis \u00e9let\u00e9ben. N\u00e9h\u00e1ny rendezv\u00e9ny, amelynek szervez\u0151je, [&hellip;]<\/p>\n","protected":false},"featured_media":0,"comment_status":"open","ping_status":"closed","template":"","meta":[],"product_brand":[],"product_cat":[137],"product_tag":[],"class_list":{"0":"post-13398","1":"product","2":"type-product","3":"status-publish","5":"product_cat-maros-megyei-eletrajzi-lexikon","7":"first","8":"instock","9":"shipping-taxable","10":"product-type-simple"},"_links":{"self":[{"href":"https:\/\/uj.adatbank.ro\/lexikon\/wp-json\/wp\/v2\/product\/13398","targetHints":{"allow":["GET"]}}],"collection":[{"href":"https:\/\/uj.adatbank.ro\/lexikon\/wp-json\/wp\/v2\/product"}],"about":[{"href":"https:\/\/uj.adatbank.ro\/lexikon\/wp-json\/wp\/v2\/types\/product"}],"replies":[{"embeddable":true,"href":"https:\/\/uj.adatbank.ro\/lexikon\/wp-json\/wp\/v2\/comments?post=13398"}],"wp:attachment":[{"href":"https:\/\/uj.adatbank.ro\/lexikon\/wp-json\/wp\/v2\/media?parent=13398"}],"wp:term":[{"taxonomy":"product_brand","embeddable":true,"href":"https:\/\/uj.adatbank.ro\/lexikon\/wp-json\/wp\/v2\/product_brand?post=13398"},{"taxonomy":"product_cat","embeddable":true,"href":"https:\/\/uj.adatbank.ro\/lexikon\/wp-json\/wp\/v2\/product_cat?post=13398"},{"taxonomy":"product_tag","embeddable":true,"href":"https:\/\/uj.adatbank.ro\/lexikon\/wp-json\/wp\/v2\/product_tag?post=13398"}],"curies":[{"name":"wp","href":"https:\/\/api.w.org\/{rel}","templated":true}]}}

KUTASI Zoltán

<p>Vadasd, 1948. febr. 9., † Makfalva, 2002. jan. 21, : polgármester. – Mezőgazdasági Technikumot végzett Mv.-en (1967). Havadon technikus (1967–68), autójavító Mv.-en (1970–72), majd Makfalván (1972–96). Makfalván polgármester, aki megértette és felvállalta az önkormányzatiság eszméjét, és áldozatos munkával szolgálta a makfalvi közösséget (1996- haláláig). Jelentős szerepet játszott a község kulturális életében. Néhány rendezvény, amelynek szervezője, házigazdája, szereplője volt: a Makfalván évente megszervezett képzôművészeti alkotótáborok, amelyek immár Nagy Pál nevét viselik, Maros megye elsô óvodájának 155. évfordulója, a Dózsa György-szobor avatása, az Iskola Galéria avatása, a Wesselényi Miklós Általános Iskola névadó ünnepsége, kiállítások szervezése Mv.-en és Szovátán, a makfalvi falutalálkozó, a hagyományos házasemberbálok felújítása, az évenként megszervezett március 15-i ünnepségek. Gyöngykoszorú találkozók. Állandó segítôje, szervezôje volt a Szent István-napoknak Hármasfaluban, a Szent István Szövetség megalakításának társszervezôje Kiss Dénes lelkész mellett. <br /><strong>Irod.:</strong> EMKK 2000; Fülöp Irén: In memoriam K. Z. (Nú., 2002. febr. 6.); Nú., 2007. jan. 18.)</br></p>

<p>Vadasd, 1948. febr. 9., † Makfalva, 2002. jan. 21, : polgármester. – Mezőgazdasági Technikumot végzett Mv.-en (1967). Havadon technikus (1967–68), autójavító Mv.-en (1970–72), majd Makfalván (1972–96). Makfalván polgármester, aki megértette és felvállalta az önkormányzatiság eszméjét, és áldozatos munkával szolgálta a makfalvi közösséget (1996- haláláig). Jelentős szerepet játszott a község kulturális életében. Néhány rendezvény, amelynek szervezője, [&hellip;]</p>
