{"id":13402,"date":"2025-06-29T15:00:15","date_gmt":"2025-06-29T13:00:15","guid":{"rendered":"https:\/\/uj.adatbank.ro\/lexikon\/termek\/kuti-albert-kuthi-uzoni\/"},"modified":"2025-06-29T15:00:15","modified_gmt":"2025-06-29T13:00:15","slug":"kuti-albert-kuthi-uzoni","status":"publish","type":"product","link":"https:\/\/uj.adatbank.ro\/lexikon\/termek\/kuti-albert-kuthi-uzoni\/","title":{"rendered":"KUTI Albert, Kuthi, uzoni"},"content":{"rendered":"<p>Nagyszeben, 1844. okt. 16., \u2020 Dics\u0151szentm\u00e1rton, 1893. j\u00fan. 12. Mv.-en a r. k. temet\u0151ben nyugszik: \u00fcgyv\u00e9d, lapszerkeszt\u0151. \u2013 K\u00fck\u00fcll\u0151 v\u00e1rm. f\u0151\u00fcgy\u00e9sze volt. Mv.-en a Sz\u00e9kely Hirlap f\u0151munkat\u00e1rsa \u00e9s a jogi rovat vezet\u0151je volt (1874. jan. -j\u00fan.); majd szerkeszt\u0151je a Sz\u00e9kely Hirlapnak (1874. j\u00fal. 15. \u2013 1875. dec. 29) \u00e9s az Erd\u00e9lyi \u00c9rtes\u00edt\u0151nek (1881. jan. 2. \u2013 1885. m\u00e1r.), ez ut\u00f3bbinak kiad\u00f3-tulajdonosa is volt. A mv.-i Pet\u0151fi \u00fcnneps\u00e9gek rendez\u0151bizotts\u00e1gi tagja (1884. szept 28). <br \/><strong>Irod.:<\/strong> Er\u0151ss; [Gy\u00e1szh\u00edr] (Marosv\u00e1s\u00e1rhely, 1893. j\u00fan. 14.); Id\u0151t\u00e1r 2; Szinnyei<\/br><\/p>\n","protected":false},"excerpt":{"rendered":"<p>Nagyszeben, 1844. okt. 16., \u2020 Dics\u0151szentm\u00e1rton, 1893. j\u00fan. 12. Mv.-en a r. k. temet\u0151ben nyugszik: \u00fcgyv\u00e9d, lapszerkeszt\u0151. \u2013 K\u00fck\u00fcll\u0151 v\u00e1rm. f\u0151\u00fcgy\u00e9sze volt. Mv.-en a Sz\u00e9kely Hirlap f\u0151munkat\u00e1rsa \u00e9s a jogi rovat vezet\u0151je volt (1874. jan. -j\u00fan.); majd szerkeszt\u0151je a Sz\u00e9kely Hirlapnak (1874. j\u00fal. 15. \u2013 1875. dec. 29) \u00e9s az Erd\u00e9lyi \u00c9rtes\u00edt\u0151nek (1881. jan. 2. [&hellip;]<\/p>\n","protected":false},"featured_media":0,"comment_status":"open","ping_status":"closed","template":"","meta":[],"product_brand":[],"product_cat":[137],"product_tag":[],"class_list":{"0":"post-13402","1":"product","2":"type-product","3":"status-publish","5":"product_cat-maros-megyei-eletrajzi-lexikon","7":"first","8":"instock","9":"shipping-taxable","10":"product-type-simple"},"_links":{"self":[{"href":"https:\/\/uj.adatbank.ro\/lexikon\/wp-json\/wp\/v2\/product\/13402","targetHints":{"allow":["GET"]}}],"collection":[{"href":"https:\/\/uj.adatbank.ro\/lexikon\/wp-json\/wp\/v2\/product"}],"about":[{"href":"https:\/\/uj.adatbank.ro\/lexikon\/wp-json\/wp\/v2\/types\/product"}],"replies":[{"embeddable":true,"href":"https:\/\/uj.adatbank.ro\/lexikon\/wp-json\/wp\/v2\/comments?post=13402"}],"wp:attachment":[{"href":"https:\/\/uj.adatbank.ro\/lexikon\/wp-json\/wp\/v2\/media?parent=13402"}],"wp:term":[{"taxonomy":"product_brand","embeddable":true,"href":"https:\/\/uj.adatbank.ro\/lexikon\/wp-json\/wp\/v2\/product_brand?post=13402"},{"taxonomy":"product_cat","embeddable":true,"href":"https:\/\/uj.adatbank.ro\/lexikon\/wp-json\/wp\/v2\/product_cat?post=13402"},{"taxonomy":"product_tag","embeddable":true,"href":"https:\/\/uj.adatbank.ro\/lexikon\/wp-json\/wp\/v2\/product_tag?post=13402"}],"curies":[{"name":"wp","href":"https:\/\/api.w.org\/{rel}","templated":true}]}}

<p>Nagyszeben, 1844. okt. 16., † Dicsőszentmárton, 1893. jún. 12. Mv.-en a r. k. temetőben nyugszik: ügyvéd, lapszerkesztő. – Küküllő várm. főügyésze volt. Mv.-en a Székely Hirlap főmunkatársa és a jogi rovat vezetője volt (1874. jan. -jún.); majd szerkesztője a Székely Hirlapnak (1874. júl. 15. – 1875. dec. 29) és az Erdélyi Értesítőnek (1881. jan. 2. – 1885. már.), ez utóbbinak kiadó-tulajdonosa is volt. A mv.-i Petőfi ünnepségek rendezőbizottsági tagja (1884. szept 28). <br /><strong>Irod.:</strong> Erőss; [Gyászhír] (Marosvásárhely, 1893. jún. 14.); Időtár 2; Szinnyei</br></p>

<p>Nagyszeben, 1844. okt. 16., † Dicsőszentmárton, 1893. jún. 12. Mv.-en a r. k. temetőben nyugszik: ügyvéd, lapszerkesztő. – Küküllő várm. főügyésze volt. Mv.-en a Székely Hirlap főmunkatársa és a jogi rovat vezetője volt (1874. jan. -jún.); majd szerkesztője a Székely Hirlapnak (1874. júl. 15. – 1875. dec. 29) és az Erdélyi Értesítőnek (1881. jan. 2. [&hellip;]</p>
