{"id":13404,"date":"2025-06-29T15:00:20","date_gmt":"2025-06-29T13:00:20","guid":{"rendered":"https:\/\/uj.adatbank.ro\/lexikon\/termek\/kuti-denes\/"},"modified":"2025-06-29T15:00:20","modified_gmt":"2025-06-29T13:00:20","slug":"kuti-denes","status":"publish","type":"product","link":"https:\/\/uj.adatbank.ro\/lexikon\/termek\/kuti-denes\/","title":{"rendered":"KUTI D\u00e9nes"},"content":{"rendered":"<p>Mv., 1\u00f652. &#8211; \u2020 ?: fest\u0151. \u2013 A kv.-i K\u00e9pz\u0151m\u0171v\u00e9szeti F\u0151iskol\u00e1n v\u00e9gzett. Vizfestm\u00e9nyeket, olajk\u00e9peket, t\u00e1jk\u00e9peket festett. Szov\u00e1t\u00e1n dolgozott. Bel- \u00e9s k\u00fclf\u00f6ldi ki\u00e1ll\u00edt\u00e1son mutatta be alkot\u00e1sait.<\/br><\/p>\n","protected":false},"excerpt":{"rendered":"<p>Mv., 1\u00f652. &#8211; \u2020 ?: fest\u0151. \u2013 A kv.-i K\u00e9pz\u0151m\u0171v\u00e9szeti F\u0151iskol\u00e1n v\u00e9gzett. Vizfestm\u00e9nyeket, olajk\u00e9peket, t\u00e1jk\u00e9peket festett. Szov\u00e1t\u00e1n dolgozott. Bel- \u00e9s k\u00fclf\u00f6ldi ki\u00e1ll\u00edt\u00e1son mutatta be alkot\u00e1sait.<\/p>\n","protected":false},"featured_media":0,"comment_status":"open","ping_status":"closed","template":"","meta":[],"product_brand":[],"product_cat":[137],"product_tag":[],"class_list":{"0":"post-13404","1":"product","2":"type-product","3":"status-publish","5":"product_cat-maros-megyei-eletrajzi-lexikon","7":"first","8":"instock","9":"shipping-taxable","10":"product-type-simple"},"_links":{"self":[{"href":"https:\/\/uj.adatbank.ro\/lexikon\/wp-json\/wp\/v2\/product\/13404","targetHints":{"allow":["GET"]}}],"collection":[{"href":"https:\/\/uj.adatbank.ro\/lexikon\/wp-json\/wp\/v2\/product"}],"about":[{"href":"https:\/\/uj.adatbank.ro\/lexikon\/wp-json\/wp\/v2\/types\/product"}],"replies":[{"embeddable":true,"href":"https:\/\/uj.adatbank.ro\/lexikon\/wp-json\/wp\/v2\/comments?post=13404"}],"wp:attachment":[{"href":"https:\/\/uj.adatbank.ro\/lexikon\/wp-json\/wp\/v2\/media?parent=13404"}],"wp:term":[{"taxonomy":"product_brand","embeddable":true,"href":"https:\/\/uj.adatbank.ro\/lexikon\/wp-json\/wp\/v2\/product_brand?post=13404"},{"taxonomy":"product_cat","embeddable":true,"href":"https:\/\/uj.adatbank.ro\/lexikon\/wp-json\/wp\/v2\/product_cat?post=13404"},{"taxonomy":"product_tag","embeddable":true,"href":"https:\/\/uj.adatbank.ro\/lexikon\/wp-json\/wp\/v2\/product_tag?post=13404"}],"curies":[{"name":"wp","href":"https:\/\/api.w.org\/{rel}","templated":true}]}}