{"id":13407,"date":"2025-06-29T15:00:27","date_gmt":"2025-06-29T13:00:27","guid":{"rendered":"https:\/\/uj.adatbank.ro\/lexikon\/termek\/kuti-gabor\/"},"modified":"2025-06-29T15:00:27","modified_gmt":"2025-06-29T13:00:27","slug":"kuti-gabor","status":"publish","type":"product","link":"https:\/\/uj.adatbank.ro\/lexikon\/termek\/kuti-gabor\/","title":{"rendered":"KUTI G\u00e1bor"},"content":{"rendered":"<p>? \u2020 ?: \u00e1llatteny\u00e9szt\u0151. \u2013 Marosszentgy\u00f6rgy\u00f6n l\u00e9tes\u00edtett kis-\u00e1llatteny\u00e9szt\u0151 farmot (1946), ahol feh\u00e9r egeret, k\u00eds\u00e9rleti (laborat\u00f3riumi) patk\u00e1nyt, aranyh\u00f6rcs\u00f6g\u00f6t, nyulat teny\u00e9sztett. K\u00f6telezt\u00e9k, hogy \u00e1lljon be a kollekt\u00edv gazdas\u00e1gba (1950 k.), de az \u00e1llamos\u00edtott farmot tov\u00e1bbra is a feles\u00e9g\u00e9vel egy\u00fctt vezette. \u00dajra tulajdonos lett (1989 ut\u00e1n). T\u00f6bb egyetemet \u00e9s gy\u00f3gyszergy\u00e1rat l\u00e1tnak el \u00e1llatokkal. <br \/><strong>Irod.:<\/strong> Nagy Annam\u00e1ria: F\u00e9lsz\u00e1z\u00e9ves r\u00e1gcs\u00e1l\u00f3farm (N\u00fa., 1998. dec. 4.) Ekkor volt 82 \u00e9ves<\/br><\/p>\n","protected":false},"excerpt":{"rendered":"<p>? \u2020 ?: \u00e1llatteny\u00e9szt\u0151. \u2013 Marosszentgy\u00f6rgy\u00f6n l\u00e9tes\u00edtett kis-\u00e1llatteny\u00e9szt\u0151 farmot (1946), ahol feh\u00e9r egeret, k\u00eds\u00e9rleti (laborat\u00f3riumi) patk\u00e1nyt, aranyh\u00f6rcs\u00f6g\u00f6t, nyulat teny\u00e9sztett. K\u00f6telezt\u00e9k, hogy \u00e1lljon be a kollekt\u00edv gazdas\u00e1gba (1950 k.), de az \u00e1llamos\u00edtott farmot tov\u00e1bbra is a feles\u00e9g\u00e9vel egy\u00fctt vezette. \u00dajra tulajdonos lett (1989 ut\u00e1n). T\u00f6bb egyetemet \u00e9s gy\u00f3gyszergy\u00e1rat l\u00e1tnak el \u00e1llatokkal. Irod.: Nagy Annam\u00e1ria: F\u00e9lsz\u00e1z\u00e9ves r\u00e1gcs\u00e1l\u00f3farm [&hellip;]<\/p>\n","protected":false},"featured_media":0,"comment_status":"open","ping_status":"closed","template":"","meta":[],"product_brand":[],"product_cat":[137],"product_tag":[],"class_list":{"0":"post-13407","1":"product","2":"type-product","3":"status-publish","5":"product_cat-maros-megyei-eletrajzi-lexikon","7":"first","8":"instock","9":"shipping-taxable","10":"product-type-simple"},"_links":{"self":[{"href":"https:\/\/uj.adatbank.ro\/lexikon\/wp-json\/wp\/v2\/product\/13407","targetHints":{"allow":["GET"]}}],"collection":[{"href":"https:\/\/uj.adatbank.ro\/lexikon\/wp-json\/wp\/v2\/product"}],"about":[{"href":"https:\/\/uj.adatbank.ro\/lexikon\/wp-json\/wp\/v2\/types\/product"}],"replies":[{"embeddable":true,"href":"https:\/\/uj.adatbank.ro\/lexikon\/wp-json\/wp\/v2\/comments?post=13407"}],"wp:attachment":[{"href":"https:\/\/uj.adatbank.ro\/lexikon\/wp-json\/wp\/v2\/media?parent=13407"}],"wp:term":[{"taxonomy":"product_brand","embeddable":true,"href":"https:\/\/uj.adatbank.ro\/lexikon\/wp-json\/wp\/v2\/product_brand?post=13407"},{"taxonomy":"product_cat","embeddable":true,"href":"https:\/\/uj.adatbank.ro\/lexikon\/wp-json\/wp\/v2\/product_cat?post=13407"},{"taxonomy":"product_tag","embeddable":true,"href":"https:\/\/uj.adatbank.ro\/lexikon\/wp-json\/wp\/v2\/product_tag?post=13407"}],"curies":[{"name":"wp","href":"https:\/\/api.w.org\/{rel}","templated":true}]}}

KUTI Gábor

<p>? † ?: állattenyésztő. – Marosszentgyörgyön létesített kis-állattenyésztő farmot (1946), ahol fehér egeret, kísérleti (laboratóriumi) patkányt, aranyhörcsögöt, nyulat tenyésztett. Kötelezték, hogy álljon be a kollektív gazdaságba (1950 k.), de az államosított farmot továbbra is a feleségével együtt vezette. Újra tulajdonos lett (1989 után). Több egyetemet és gyógyszergyárat látnak el állatokkal. <br /><strong>Irod.:</strong> Nagy Annamária: Félszázéves rágcsálófarm (Nú., 1998. dec. 4.) Ekkor volt 82 éves</br></p>

<p>? † ?: állattenyésztő. – Marosszentgyörgyön létesített kis-állattenyésztő farmot (1946), ahol fehér egeret, kísérleti (laboratóriumi) patkányt, aranyhörcsögöt, nyulat tenyésztett. Kötelezték, hogy álljon be a kollektív gazdaságba (1950 k.), de az államosított farmot továbbra is a feleségével együtt vezette. Újra tulajdonos lett (1989 után). Több egyetemet és gyógyszergyárat látnak el állatokkal. Irod.: Nagy Annamária: Félszázéves rágcsálófarm [&hellip;]</p>
