{"id":13410,"date":"2025-06-29T15:00:34","date_gmt":"2025-06-29T13:00:34","guid":{"rendered":"https:\/\/uj.adatbank.ro\/lexikon\/termek\/kuti-karoly-hidegkuti-kuti-karoly\/"},"modified":"2025-06-29T15:00:34","modified_gmt":"2025-06-29T13:00:34","slug":"kuti-karoly-hidegkuti-kuti-karoly","status":"publish","type":"product","link":"https:\/\/uj.adatbank.ro\/lexikon\/termek\/kuti-karoly-hidegkuti-kuti-karoly\/","title":{"rendered":"KUTI K\u00e1roly, hidegk\u00fati, K\u00fati K\u00e1roly"},"content":{"rendered":"<p>Szentgerice, 1878., \u2020 ? : f\u00f6ldbirtokos. \u2013 \u0150sr\u00e9gi sz\u00e9kely l\u00f3f\u0151 csal\u00e1db\u00f3l sz\u00e1rmazik. A politikai \u00e9letben nagy szerepet j\u00e1tszott, 30 \u00e9vig volt k\u00f6zs\u00e9gi b\u00edr\u00f3, a k\u00f6zs\u00e9gi k\u00e9pvisel\u0151test\u00fclet tagja, a Gazdak\u00f6r eln\u00f6ke, az OMP Maros-Torda megyei tagozat\u00e1nak egyik aleln\u00f6ke (1927, 1929), a m. kultur\u00e1lis \u00e9s szoci\u00e1lis egyes\u00fcletek t\u00e1mogat\u00f3ja volt. <br \/><strong>Irod.:<\/strong> Erd\u00e9lyi v\u00e1rmegy\u00e9k; Id\u0151t\u00e1r 3; Sz\u00e9kelyf\u00f6ld \u00ed. k.<\/br><\/p>\n","protected":false},"excerpt":{"rendered":"<p>Szentgerice, 1878., \u2020 ? : f\u00f6ldbirtokos. \u2013 \u0150sr\u00e9gi sz\u00e9kely l\u00f3f\u0151 csal\u00e1db\u00f3l sz\u00e1rmazik. A politikai \u00e9letben nagy szerepet j\u00e1tszott, 30 \u00e9vig volt k\u00f6zs\u00e9gi b\u00edr\u00f3, a k\u00f6zs\u00e9gi k\u00e9pvisel\u0151test\u00fclet tagja, a Gazdak\u00f6r eln\u00f6ke, az OMP Maros-Torda megyei tagozat\u00e1nak egyik aleln\u00f6ke (1927, 1929), a m. kultur\u00e1lis \u00e9s szoci\u00e1lis egyes\u00fcletek t\u00e1mogat\u00f3ja volt. Irod.: Erd\u00e9lyi v\u00e1rmegy\u00e9k; Id\u0151t\u00e1r 3; Sz\u00e9kelyf\u00f6ld \u00ed. k.<\/p>\n","protected":false},"featured_media":0,"comment_status":"open","ping_status":"closed","template":"","meta":[],"product_brand":[],"product_cat":[137],"product_tag":[],"class_list":{"0":"post-13410","1":"product","2":"type-product","3":"status-publish","5":"product_cat-maros-megyei-eletrajzi-lexikon","7":"first","8":"instock","9":"shipping-taxable","10":"product-type-simple"},"_links":{"self":[{"href":"https:\/\/uj.adatbank.ro\/lexikon\/wp-json\/wp\/v2\/product\/13410","targetHints":{"allow":["GET"]}}],"collection":[{"href":"https:\/\/uj.adatbank.ro\/lexikon\/wp-json\/wp\/v2\/product"}],"about":[{"href":"https:\/\/uj.adatbank.ro\/lexikon\/wp-json\/wp\/v2\/types\/product"}],"replies":[{"embeddable":true,"href":"https:\/\/uj.adatbank.ro\/lexikon\/wp-json\/wp\/v2\/comments?post=13410"}],"wp:attachment":[{"href":"https:\/\/uj.adatbank.ro\/lexikon\/wp-json\/wp\/v2\/media?parent=13410"}],"wp:term":[{"taxonomy":"product_brand","embeddable":true,"href":"https:\/\/uj.adatbank.ro\/lexikon\/wp-json\/wp\/v2\/product_brand?post=13410"},{"taxonomy":"product_cat","embeddable":true,"href":"https:\/\/uj.adatbank.ro\/lexikon\/wp-json\/wp\/v2\/product_cat?post=13410"},{"taxonomy":"product_tag","embeddable":true,"href":"https:\/\/uj.adatbank.ro\/lexikon\/wp-json\/wp\/v2\/product_tag?post=13410"}],"curies":[{"name":"wp","href":"https:\/\/api.w.org\/{rel}","templated":true}]}}

KUTI Károly, hidegkúti, Kúti Károly

<p>Szentgerice, 1878., † ? : földbirtokos. – Ősrégi székely lófő családból származik. A politikai életben nagy szerepet játszott, 30 évig volt községi bíró, a községi képviselőtestület tagja, a Gazdakör elnöke, az OMP Maros-Torda megyei tagozatának egyik alelnöke (1927, 1929), a m. kulturális és szociális egyesületek támogatója volt. <br /><strong>Irod.:</strong> Erdélyi vármegyék; Időtár 3; Székelyföld í. k.</br></p>

<p>Szentgerice, 1878., † ? : földbirtokos. – Ősrégi székely lófő családból származik. A politikai életben nagy szerepet játszott, 30 évig volt községi bíró, a községi képviselőtestület tagja, a Gazdakör elnöke, az OMP Maros-Torda megyei tagozatának egyik alelnöke (1927, 1929), a m. kulturális és szociális egyesületek támogatója volt. Irod.: Erdélyi vármegyék; Időtár 3; Székelyföld í. k.</p>
