{"id":13411,"date":"2025-06-29T15:00:39","date_gmt":"2025-06-29T13:00:39","guid":{"rendered":"https:\/\/uj.adatbank.ro\/lexikon\/termek\/kuti-marta\/"},"modified":"2025-06-29T15:00:39","modified_gmt":"2025-06-29T13:00:39","slug":"kuti-marta","status":"publish","type":"product","link":"https:\/\/uj.adatbank.ro\/lexikon\/termek\/kuti-marta\/","title":{"rendered":"KUTI M\u00e1rta"},"content":{"rendered":"<p>Mv., 1944. jan. 23. \u2020 ?: : \u00fajs\u00e1g\u00edr\u00f3, szerkeszt\u0151. K. Gyula \u00e9s Varga Jusztina l\u00e1nya. \u2013 Kv.-on a BBTE, magyar nyelv \u00e9s irodalom szak\u00e1n v\u00e9gzett. (1966). M\u00e1rkodon tan\u00edtott (1966\u201368). \u00dajs\u00e1g\u00edr\u00f3 a Hargita c. napilapn\u00e1l (1968- ), a mv.-i Igaz Sz\u00f3, majd L\u00e1t\u00f3 sz\u00e9pirodalmi foly\u00f3itat korrektora, t\u00f6rdel\u0151 \u2013 \u00e9s k\u00e9pszerkeszt\u0151 (1980\u2013), a Mentor Kiad\u00f3 m\u0171szaki szerkeszt\u0151je. Ugyancsak szerkeszt\u0151je, el\u0151szav\u00e1nak \u00edr\u00f3ja a Zord Id\u0151 (1919\u20131921) antol\u00f3gi\u00e1nak. K\u00f6tete: \u00cdr\u00f3k, relikvi\u00e1k, eml\u00e9kek. Essz\u00e9k, publicisztika. \u2013 Mv., Garabontzia Kiad\u00f3, 2021.; Sz. J., a szerkeszt\u0151 \u00e9s levelez\u00e9se; Sz. J. dedik\u00e1ci\u00f3i; J\u00e1nos \u00far eml\u00e9keimben; A l\u00e1d\u00e1k titka: B\u00f6z\u00f6di Gy\u00f6rgy sz\u00fclet\u00e9snapj\u00e1ra; Tolnai Lajos szelleme: Zolt\u00e1n Ildik\u00f3nak \u00e9retts\u00e9gi eml\u00e9kem \u00fcr\u00fcgy\u00e9n; Molter K\u00e1roly ahogy \u00e9n ismertem<\/br><\/p>\n","protected":false},"excerpt":{"rendered":"<p>Mv., 1944. jan. 23. \u2020 ?: : \u00fajs\u00e1g\u00edr\u00f3, szerkeszt\u0151. K. Gyula \u00e9s Varga Jusztina l\u00e1nya. \u2013 Kv.-on a BBTE, magyar nyelv \u00e9s irodalom szak\u00e1n v\u00e9gzett. (1966). M\u00e1rkodon tan\u00edtott (1966\u201368). \u00dajs\u00e1g\u00edr\u00f3 a Hargita c. napilapn\u00e1l (1968- ), a mv.-i Igaz Sz\u00f3, majd L\u00e1t\u00f3 sz\u00e9pirodalmi foly\u00f3itat korrektora, t\u00f6rdel\u0151 \u2013 \u00e9s k\u00e9pszerkeszt\u0151 (1980\u2013), a Mentor Kiad\u00f3 m\u0171szaki szerkeszt\u0151je. [&hellip;]<\/p>\n","protected":false},"featured_media":0,"comment_status":"open","ping_status":"closed","template":"","meta":[],"product_brand":[],"product_cat":[137],"product_tag":[],"class_list":{"0":"post-13411","1":"product","2":"type-product","3":"status-publish","5":"product_cat-maros-megyei-eletrajzi-lexikon","7":"first","8":"instock","9":"shipping-taxable","10":"product-type-simple"},"_links":{"self":[{"href":"https:\/\/uj.adatbank.ro\/lexikon\/wp-json\/wp\/v2\/product\/13411","targetHints":{"allow":["GET"]}}],"collection":[{"href":"https:\/\/uj.adatbank.ro\/lexikon\/wp-json\/wp\/v2\/product"}],"about":[{"href":"https:\/\/uj.adatbank.ro\/lexikon\/wp-json\/wp\/v2\/types\/product"}],"replies":[{"embeddable":true,"href":"https:\/\/uj.adatbank.ro\/lexikon\/wp-json\/wp\/v2\/comments?post=13411"}],"wp:attachment":[{"href":"https:\/\/uj.adatbank.ro\/lexikon\/wp-json\/wp\/v2\/media?parent=13411"}],"wp:term":[{"taxonomy":"product_brand","embeddable":true,"href":"https:\/\/uj.adatbank.ro\/lexikon\/wp-json\/wp\/v2\/product_brand?post=13411"},{"taxonomy":"product_cat","embeddable":true,"href":"https:\/\/uj.adatbank.ro\/lexikon\/wp-json\/wp\/v2\/product_cat?post=13411"},{"taxonomy":"product_tag","embeddable":true,"href":"https:\/\/uj.adatbank.ro\/lexikon\/wp-json\/wp\/v2\/product_tag?post=13411"}],"curies":[{"name":"wp","href":"https:\/\/api.w.org\/{rel}","templated":true}]}}

KUTI Márta

<p>Mv., 1944. jan. 23. † ?: : újságíró, szerkesztő. K. Gyula és Varga Jusztina lánya. – Kv.-on a BBTE, magyar nyelv és irodalom szakán végzett. (1966). Márkodon tanított (1966–68). Újságíró a Hargita c. napilapnál (1968- ), a mv.-i Igaz Szó, majd Látó szépirodalmi folyóitat korrektora, tördelő – és képszerkesztő (1980–), a Mentor Kiadó műszaki szerkesztője. Ugyancsak szerkesztője, előszavának írója a Zord Idő (1919–1921) antológiának. Kötete: Írók, relikviák, emlékek. Esszék, publicisztika. – Mv., Garabontzia Kiadó, 2021.; Sz. J., a szerkesztő és levelezése; Sz. J. dedikációi; János úr emlékeimben; A ládák titka: Bözödi György születésnapjára; Tolnai Lajos szelleme: Zoltán Ildikónak érettségi emlékem ürügyén; Molter Károly ahogy én ismertem</br></p>

<p>Mv., 1944. jan. 23. † ?: : újságíró, szerkesztő. K. Gyula és Varga Jusztina lánya. – Kv.-on a BBTE, magyar nyelv és irodalom szakán végzett. (1966). Márkodon tanított (1966–68). Újságíró a Hargita c. napilapnál (1968- ), a mv.-i Igaz Szó, majd Látó szépirodalmi folyóitat korrektora, tördelő – és képszerkesztő (1980–), a Mentor Kiadó műszaki szerkesztője. [&hellip;]</p>
