{"id":13414,"date":"2025-06-29T15:00:50","date_gmt":"2025-06-29T13:00:50","guid":{"rendered":"https:\/\/uj.adatbank.ro\/lexikon\/termek\/kuun-geza\/"},"modified":"2025-06-29T15:00:50","modified_gmt":"2025-06-29T13:00:50","slug":"kuun-geza","status":"publish","type":"product","link":"https:\/\/uj.adatbank.ro\/lexikon\/termek\/kuun-geza\/","title":{"rendered":"KU\u00daN G\u00e9za"},"content":{"rendered":"<p>1838. \u2020 1905: nyelv\u00e9sz. \u2013 Orientalisztikai \u00e9s \u00f6sszehasonl\u00edt\u00f3 nyelvtudom\u00e1nyi munk\u00e1ss\u00e1g\u00e1t \u00e9rt\u00e9kelik. Az Erd\u00e9lyi irodalmi T\u00e1rsas\u00e1g eln\u00f6ke. A MTA tagja. Tanulm\u00e1ny\u00e1t k\u00f6zli a Marosv\u00e1s\u00e1rhelyi F\u00fczetek (1. sz., 1896. nov.) <br \/><strong>Irod.:<\/strong> Marosi-KZST<\/br><\/p>\n","protected":false},"excerpt":{"rendered":"<p>1838. \u2020 1905: nyelv\u00e9sz. \u2013 Orientalisztikai \u00e9s \u00f6sszehasonl\u00edt\u00f3 nyelvtudom\u00e1nyi munk\u00e1ss\u00e1g\u00e1t \u00e9rt\u00e9kelik. Az Erd\u00e9lyi irodalmi T\u00e1rsas\u00e1g eln\u00f6ke. A MTA tagja. Tanulm\u00e1ny\u00e1t k\u00f6zli a Marosv\u00e1s\u00e1rhelyi F\u00fczetek (1. sz., 1896. nov.) Irod.: Marosi-KZST<\/p>\n","protected":false},"featured_media":0,"comment_status":"open","ping_status":"closed","template":"","meta":[],"product_brand":[],"product_cat":[137],"product_tag":[],"class_list":{"0":"post-13414","1":"product","2":"type-product","3":"status-publish","5":"product_cat-maros-megyei-eletrajzi-lexikon","7":"first","8":"instock","9":"shipping-taxable","10":"product-type-simple"},"_links":{"self":[{"href":"https:\/\/uj.adatbank.ro\/lexikon\/wp-json\/wp\/v2\/product\/13414","targetHints":{"allow":["GET"]}}],"collection":[{"href":"https:\/\/uj.adatbank.ro\/lexikon\/wp-json\/wp\/v2\/product"}],"about":[{"href":"https:\/\/uj.adatbank.ro\/lexikon\/wp-json\/wp\/v2\/types\/product"}],"replies":[{"embeddable":true,"href":"https:\/\/uj.adatbank.ro\/lexikon\/wp-json\/wp\/v2\/comments?post=13414"}],"wp:attachment":[{"href":"https:\/\/uj.adatbank.ro\/lexikon\/wp-json\/wp\/v2\/media?parent=13414"}],"wp:term":[{"taxonomy":"product_brand","embeddable":true,"href":"https:\/\/uj.adatbank.ro\/lexikon\/wp-json\/wp\/v2\/product_brand?post=13414"},{"taxonomy":"product_cat","embeddable":true,"href":"https:\/\/uj.adatbank.ro\/lexikon\/wp-json\/wp\/v2\/product_cat?post=13414"},{"taxonomy":"product_tag","embeddable":true,"href":"https:\/\/uj.adatbank.ro\/lexikon\/wp-json\/wp\/v2\/product_tag?post=13414"}],"curies":[{"name":"wp","href":"https:\/\/api.w.org\/{rel}","templated":true}]}}