{"id":13544,"date":"2025-07-15T12:32:13","date_gmt":"2025-07-15T10:32:13","guid":{"rendered":"https:\/\/uj.adatbank.ro\/lexikon\/termek\/laar-ferenc\/"},"modified":"2025-07-15T12:32:13","modified_gmt":"2025-07-15T10:32:13","slug":"laar-ferenc","status":"publish","type":"product","link":"https:\/\/uj.adatbank.ro\/lexikon\/termek\/laar-ferenc\/","title":{"rendered":"LA\u00c1R Ferenc"},"content":{"rendered":"<p>? \u2020\u00a0?: ref. lelk\u00e9sz, politikus, k\u00e9pvisel\u0151. \u2013 Lelkip\u00e1sztor Parajdon (1909\u201336). H\u00e1rmasfaluban, Szov\u00e1t\u00e1n.(1919 k.), Az OMP orsz\u00e1gos vezet\u0151s\u00e9g\u00e9nek tagja, ogy. k\u00e9pvisel\u0151jel\u0151lt az OMP r\u00e9sz\u00e9r\u0151l (1926), A megye ogy-i k\u00e9pvisel\u0151je (ebb\u0151l h\u00e1romszor Udvarhelyen \u00e9s egyszer Maros megy\u00e9ben). A magyar. iskol\u00e1k v\u00e9delm\u00e9t tartotta a legs\u00fcrget\u0151bb feladatnak.Besz\u00e1molt a Ny\u00e1r\u00e1dremet\u00e9r\u0151l \u00e9s Ny\u00e1r\u00e1dk\u00f6szv\u00e9nyesr\u0151l indult s\u00f3vid\u00e9ki l\u00e1zad\u00e1sr\u00f3l (1919) aminek tanuja volt. K\u00f6z\u00f6lt a Ref. Csal\u00e1d c. lapban. \u2013 <strong>F. m.:<\/strong> A s\u00f3vid\u00e9ki sz\u00e9kely felkel\u00e9s.=Erd\u00e9lyi m\u00e1rt\u00edrok \u00e9s h\u0151s\u00f6k aranyk\u00f6nyve. (P\u00e9cs, 1941). <br \/><strong>Irod.:<\/strong> Id\u0151t\u00e1r 3; Szab\u00f3 Csongor: V\u00e1laszt\u00e1sok \u00e9s parlamenti elit a k\u00e9t vil\u00e1gh\u00e1bor\u00fa k\u00f6z\u00f6tti Sz\u00e9kelyf\u00f6ld\u00f6n (Sz\u00e9kelyf\u00f6ld, 7. sz., 2018. j\u00fal.); Szov\u00e1ta<\/br><\/p>\n","protected":false},"excerpt":{"rendered":"<p>? \u2020\u00a0?: ref. lelk\u00e9sz, politikus, k\u00e9pvisel\u0151. \u2013 Lelkip\u00e1sztor Parajdon (1909\u201336). H\u00e1rmasfaluban, Szov\u00e1t\u00e1n.(1919 k.), Az OMP orsz\u00e1gos vezet\u0151s\u00e9g\u00e9nek tagja, ogy. k\u00e9pvisel\u0151jel\u0151lt az OMP r\u00e9sz\u00e9r\u0151l (1926), A megye ogy-i k\u00e9pvisel\u0151je (ebb\u0151l h\u00e1romszor Udvarhelyen \u00e9s egyszer Maros megy\u00e9ben). A magyar. iskol\u00e1k v\u00e9delm\u00e9t tartotta a legs\u00fcrget\u0151bb feladatnak.Besz\u00e1molt a Ny\u00e1r\u00e1dremet\u00e9r\u0151l \u00e9s Ny\u00e1r\u00e1dk\u00f6szv\u00e9nyesr\u0151l indult s\u00f3vid\u00e9ki l\u00e1zad\u00e1sr\u00f3l (1919) aminek tanuja volt. K\u00f6z\u00f6lt [&hellip;]<\/p>\n","protected":false},"featured_media":0,"comment_status":"open","ping_status":"closed","template":"","meta":[],"product_brand":[],"product_cat":[137],"product_tag":[],"class_list":{"0":"post-13544","1":"product","2":"type-product","3":"status-publish","5":"product_cat-maros-megyei-eletrajzi-lexikon","7":"first","8":"instock","9":"shipping-taxable","10":"product-type-simple"},"_links":{"self":[{"href":"https:\/\/uj.adatbank.ro\/lexikon\/wp-json\/wp\/v2\/product\/13544","targetHints":{"allow":["GET"]}}],"collection":[{"href":"https:\/\/uj.adatbank.ro\/lexikon\/wp-json\/wp\/v2\/product"}],"about":[{"href":"https:\/\/uj.adatbank.ro\/lexikon\/wp-json\/wp\/v2\/types\/product"}],"replies":[{"embeddable":true,"href":"https:\/\/uj.adatbank.ro\/lexikon\/wp-json\/wp\/v2\/comments?post=13544"}],"wp:attachment":[{"href":"https:\/\/uj.adatbank.ro\/lexikon\/wp-json\/wp\/v2\/media?parent=13544"}],"wp:term":[{"taxonomy":"product_brand","embeddable":true,"href":"https:\/\/uj.adatbank.ro\/lexikon\/wp-json\/wp\/v2\/product_brand?post=13544"},{"taxonomy":"product_cat","embeddable":true,"href":"https:\/\/uj.adatbank.ro\/lexikon\/wp-json\/wp\/v2\/product_cat?post=13544"},{"taxonomy":"product_tag","embeddable":true,"href":"https:\/\/uj.adatbank.ro\/lexikon\/wp-json\/wp\/v2\/product_tag?post=13544"}],"curies":[{"name":"wp","href":"https:\/\/api.w.org\/{rel}","templated":true}]}}

LAÁR Ferenc

<p>? † ?: ref. lelkész, politikus, képviselő. – Lelkipásztor Parajdon (1909–36). Hármasfaluban, Szovátán.(1919 k.), Az OMP országos vezetőségének tagja, ogy. képviselőjelőlt az OMP részéről (1926), A megye ogy-i képviselője (ebből háromszor Udvarhelyen és egyszer Maros megyében). A magyar. iskolák védelmét tartotta a legsürgetőbb feladatnak.Beszámolt a Nyárádremetéről és Nyárádköszvényesről indult sóvidéki lázadásról (1919) aminek tanuja volt. Közölt a Ref. Család c. lapban. – <strong>F. m.:</strong> A sóvidéki székely felkelés.=Erdélyi mártírok és hősök aranykönyve. (Pécs, 1941). <br /><strong>Irod.:</strong> Időtár 3; Szabó Csongor: Választások és parlamenti elit a két világháború közötti Székelyföldön (Székelyföld, 7. sz., 2018. júl.); Szováta</br></p>

<p>? † ?: ref. lelkész, politikus, képviselő. – Lelkipásztor Parajdon (1909–36). Hármasfaluban, Szovátán.(1919 k.), Az OMP országos vezetőségének tagja, ogy. képviselőjelőlt az OMP részéről (1926), A megye ogy-i képviselője (ebből háromszor Udvarhelyen és egyszer Maros megyében). A magyar. iskolák védelmét tartotta a legsürgetőbb feladatnak.Beszámolt a Nyárádremetéről és Nyárádköszvényesről indult sóvidéki lázadásról (1919) aminek tanuja volt. Közölt [&hellip;]</p>
