{"id":13548,"date":"2025-07-15T12:32:21","date_gmt":"2025-07-15T10:32:21","guid":{"rendered":"https:\/\/uj.adatbank.ro\/lexikon\/termek\/laboncz-istvan-%c2%a7\/"},"modified":"2025-07-15T12:32:21","modified_gmt":"2025-07-15T10:32:21","slug":"laboncz-istvan-%c2%a7","status":"publish","type":"product","link":"https:\/\/uj.adatbank.ro\/lexikon\/termek\/laboncz-istvan-%c2%a7\/","title":{"rendered":"LABONCZ Istv\u00e1n, \u00a7"},"content":{"rendered":"<p>Maksa, 1899, \u2020\u00a0Mv., ?: tan\u00edt\u00f3, igazgat\u00f3. \u2013 R\u00e9szt vett az I. vh.-ban (1917\u201319). A tiszti iskola elv\u00e9gz\u00e9se ut\u00e1n az olasz frontra k\u00fcldt\u00e9k, ahol megsebes\u00fclt. A Sz\u00e9kely hadoszt\u00e1ly megszervez\u00e9s\u00e9ben tev\u00e9kenyen r\u00e9szes. Mint z\u00e1szl\u00f3s szerelt le kit\u00fcntet\u00e9sekkel (1919):\u00a0O1, OB, Kcsk. A mv.-i 6. sz. Remeteszegi iskola igazgat\u00f3ja-tan\u00edt\u00f3ja (1941\u201342; 1952\u201355). <br \/><strong>Irod.:<\/strong> Berekm\u00e9ri\u2013Nemes; Erd\u00e9lyi ezredek; Gimn. Al. I. Cuza; Remeteszeg<\/br><\/p>\n","protected":false},"excerpt":{"rendered":"<p>Maksa, 1899, \u2020\u00a0Mv., ?: tan\u00edt\u00f3, igazgat\u00f3. \u2013 R\u00e9szt vett az I. vh.-ban (1917\u201319). A tiszti iskola elv\u00e9gz\u00e9se ut\u00e1n az olasz frontra k\u00fcldt\u00e9k, ahol megsebes\u00fclt. A Sz\u00e9kely hadoszt\u00e1ly megszervez\u00e9s\u00e9ben tev\u00e9kenyen r\u00e9szes. Mint z\u00e1szl\u00f3s szerelt le kit\u00fcntet\u00e9sekkel (1919):\u00a0O1, OB, Kcsk. A mv.-i 6. sz. Remeteszegi iskola igazgat\u00f3ja-tan\u00edt\u00f3ja (1941\u201342; 1952\u201355). Irod.: Berekm\u00e9ri\u2013Nemes; Erd\u00e9lyi ezredek; Gimn. Al. I. Cuza; [&hellip;]<\/p>\n","protected":false},"featured_media":0,"comment_status":"open","ping_status":"closed","template":"","meta":[],"product_brand":[],"product_cat":[137],"product_tag":[],"class_list":{"0":"post-13548","1":"product","2":"type-product","3":"status-publish","5":"product_cat-maros-megyei-eletrajzi-lexikon","7":"first","8":"instock","9":"shipping-taxable","10":"product-type-simple"},"_links":{"self":[{"href":"https:\/\/uj.adatbank.ro\/lexikon\/wp-json\/wp\/v2\/product\/13548","targetHints":{"allow":["GET"]}}],"collection":[{"href":"https:\/\/uj.adatbank.ro\/lexikon\/wp-json\/wp\/v2\/product"}],"about":[{"href":"https:\/\/uj.adatbank.ro\/lexikon\/wp-json\/wp\/v2\/types\/product"}],"replies":[{"embeddable":true,"href":"https:\/\/uj.adatbank.ro\/lexikon\/wp-json\/wp\/v2\/comments?post=13548"}],"wp:attachment":[{"href":"https:\/\/uj.adatbank.ro\/lexikon\/wp-json\/wp\/v2\/media?parent=13548"}],"wp:term":[{"taxonomy":"product_brand","embeddable":true,"href":"https:\/\/uj.adatbank.ro\/lexikon\/wp-json\/wp\/v2\/product_brand?post=13548"},{"taxonomy":"product_cat","embeddable":true,"href":"https:\/\/uj.adatbank.ro\/lexikon\/wp-json\/wp\/v2\/product_cat?post=13548"},{"taxonomy":"product_tag","embeddable":true,"href":"https:\/\/uj.adatbank.ro\/lexikon\/wp-json\/wp\/v2\/product_tag?post=13548"}],"curies":[{"name":"wp","href":"https:\/\/api.w.org\/{rel}","templated":true}]}}

LABONCZ István, §

<p>Maksa, 1899, † Mv., ?: tanító, igazgató. – Részt vett az I. vh.-ban (1917–19). A tiszti iskola elvégzése után az olasz frontra küldték, ahol megsebesült. A Székely hadosztály megszervezésében tevékenyen részes. Mint zászlós szerelt le kitüntetésekkel (1919): O1, OB, Kcsk. A mv.-i 6. sz. Remeteszegi iskola igazgatója-tanítója (1941–42; 1952–55). <br /><strong>Irod.:</strong> Berekméri–Nemes; Erdélyi ezredek; Gimn. Al. I. Cuza; Remeteszeg</br></p>

<p>Maksa, 1899, † Mv., ?: tanító, igazgató. – Részt vett az I. vh.-ban (1917–19). A tiszti iskola elvégzése után az olasz frontra küldték, ahol megsebesült. A Székely hadosztály megszervezésében tevékenyen részes. Mint zászlós szerelt le kitüntetésekkel (1919): O1, OB, Kcsk. A mv.-i 6. sz. Remeteszegi iskola igazgatója-tanítója (1941–42; 1952–55). Irod.: Berekméri–Nemes; Erdélyi ezredek; Gimn. Al. I. Cuza; [&hellip;]</p>
