{"id":13556,"date":"2025-07-15T12:32:35","date_gmt":"2025-07-15T10:32:35","guid":{"rendered":"https:\/\/uj.adatbank.ro\/lexikon\/termek\/ladariu-doina-steluta-%c2%a7\/"},"modified":"2025-07-15T12:32:35","modified_gmt":"2025-07-15T10:32:35","slug":"ladariu-doina-steluta-%c2%a7","status":"publish","type":"product","link":"https:\/\/uj.adatbank.ro\/lexikon\/termek\/ladariu-doina-steluta-%c2%a7\/","title":{"rendered":"L\u0102DARIU, Doina Stelu\u0163a, \u00a7"},"content":{"rendered":"<p>F\u0103get-Media\u015f,1940. jan. 30., \u2020 Mv., 1992. m\u00e1rc.18.: tan\u00e1r. \u2013 K\u00f6z\u00e9piskol\u00e1t Bal\u00e1zsfalv\u00e1n v\u00e9gzett (1956\u201357), Kv.-on rom\u00e1n nyelv- \u00e9s irodalomtan\u00e1ri oklevelet szerzett. Mv. \u00e9s k\u00f6rny\u00e9k\u00e9n tan\u00edtott (1963\u201374). Tanfel\u00fcgyel\u0151v\u00e9 nevezt\u00e9k ki (1974\u201380). Mv.-en a 15-\u00f6s \u00c1ltal\u00e1nos Iskol\u00e1ban tan\u00edtott rom\u00e1n nyelvet (1980\u2013). Megszerezte az \u00f6sszes tan\u00fcgyi fokozatot. Medalia Muncii \u00e9rdem\u00e9remmel t\u00fcntett\u00e9k ki. <br \/><strong>Irod.:<\/strong> Dasc\u0103li mure\u015feni, 1.<\/br><\/p>\n","protected":false},"excerpt":{"rendered":"<p>F\u0103get-Media\u015f,1940. jan. 30., \u2020 Mv., 1992. m\u00e1rc.18.: tan\u00e1r. \u2013 K\u00f6z\u00e9piskol\u00e1t Bal\u00e1zsfalv\u00e1n v\u00e9gzett (1956\u201357), Kv.-on rom\u00e1n nyelv- \u00e9s irodalomtan\u00e1ri oklevelet szerzett. Mv. \u00e9s k\u00f6rny\u00e9k\u00e9n tan\u00edtott (1963\u201374). Tanfel\u00fcgyel\u0151v\u00e9 nevezt\u00e9k ki (1974\u201380). Mv.-en a 15-\u00f6s \u00c1ltal\u00e1nos Iskol\u00e1ban tan\u00edtott rom\u00e1n nyelvet (1980\u2013). Megszerezte az \u00f6sszes tan\u00fcgyi fokozatot. Medalia Muncii \u00e9rdem\u00e9remmel t\u00fcntett\u00e9k ki. Irod.: Dasc\u0103li mure\u015feni, 1.<\/p>\n","protected":false},"featured_media":0,"comment_status":"open","ping_status":"closed","template":"","meta":[],"product_brand":[],"product_cat":[137],"product_tag":[],"class_list":{"0":"post-13556","1":"product","2":"type-product","3":"status-publish","5":"product_cat-maros-megyei-eletrajzi-lexikon","7":"first","8":"instock","9":"shipping-taxable","10":"product-type-simple"},"_links":{"self":[{"href":"https:\/\/uj.adatbank.ro\/lexikon\/wp-json\/wp\/v2\/product\/13556","targetHints":{"allow":["GET"]}}],"collection":[{"href":"https:\/\/uj.adatbank.ro\/lexikon\/wp-json\/wp\/v2\/product"}],"about":[{"href":"https:\/\/uj.adatbank.ro\/lexikon\/wp-json\/wp\/v2\/types\/product"}],"replies":[{"embeddable":true,"href":"https:\/\/uj.adatbank.ro\/lexikon\/wp-json\/wp\/v2\/comments?post=13556"}],"wp:attachment":[{"href":"https:\/\/uj.adatbank.ro\/lexikon\/wp-json\/wp\/v2\/media?parent=13556"}],"wp:term":[{"taxonomy":"product_brand","embeddable":true,"href":"https:\/\/uj.adatbank.ro\/lexikon\/wp-json\/wp\/v2\/product_brand?post=13556"},{"taxonomy":"product_cat","embeddable":true,"href":"https:\/\/uj.adatbank.ro\/lexikon\/wp-json\/wp\/v2\/product_cat?post=13556"},{"taxonomy":"product_tag","embeddable":true,"href":"https:\/\/uj.adatbank.ro\/lexikon\/wp-json\/wp\/v2\/product_tag?post=13556"}],"curies":[{"name":"wp","href":"https:\/\/api.w.org\/{rel}","templated":true}]}}

LĂDARIU, Doina Steluţa, §

<p>Făget-Mediaş,1940. jan. 30., † Mv., 1992. márc.18.: tanár. – Középiskolát Balázsfalván végzett (1956–57), Kv.-on román nyelv- és irodalomtanári oklevelet szerzett. Mv. és környékén tanított (1963–74). Tanfelügyelővé nevezték ki (1974–80). Mv.-en a 15-ös Általános Iskolában tanított román nyelvet (1980–). Megszerezte az összes tanügyi fokozatot. Medalia Muncii érdeméremmel tüntették ki. <br /><strong>Irod.:</strong> Dascăli mureşeni, 1.</br></p>

<p>Făget-Mediaş,1940. jan. 30., † Mv., 1992. márc.18.: tanár. – Középiskolát Balázsfalván végzett (1956–57), Kv.-on román nyelv- és irodalomtanári oklevelet szerzett. Mv. és környékén tanított (1963–74). Tanfelügyelővé nevezték ki (1974–80). Mv.-en a 15-ös Általános Iskolában tanított román nyelvet (1980–). Megszerezte az összes tanügyi fokozatot. Medalia Muncii érdeméremmel tüntették ki. Irod.: Dascăli mureşeni, 1.</p>
