{"id":13557,"date":"2025-07-15T12:32:37","date_gmt":"2025-07-15T10:32:37","guid":{"rendered":"https:\/\/uj.adatbank.ro\/lexikon\/termek\/laday-gyozo\/"},"modified":"2025-07-15T12:32:37","modified_gmt":"2025-07-15T10:32:37","slug":"laday-gyozo","status":"publish","type":"product","link":"https:\/\/uj.adatbank.ro\/lexikon\/termek\/laday-gyozo\/","title":{"rendered":"L\u00c1DAY Gy\u0151z\u0151"},"content":{"rendered":"<p>Beszterce, 1856. jan. 1.,\u2020\u00a01929. j\u00fan. Eltemett\u00e9k Mv.-en (j\u00fan. 19.): gy\u00f3gyszer\u00e9sz. \u2013 L. Istv\u00e1n (\u2020 1871) szamos\u00fajv\u00e1ri keresked\u0151 \u00e9s L\u00e1szl\u00f3ffy Anna fia. Feles\u00e9ge iklandi Gy\u00f6rgy Ilona. Nevelt fia Tat\u00e1r Zsigmond (Esztergom, 1906. dec. 11. -?). \u2013 Szamos\u00fajv\u00e1ron \u00f6rm\u00e9ny iskol\u00e1ban tanult, Kv.-on v\u00e9gezte a k\u00f6z\u00e9piskol\u00e1t (1871). Apja hal\u00e1la ut\u00e1n gy\u00f3gyszert\u00e1ri gyakornok Nagyb\u00e1ny\u00e1n, Pap Simon patik\u00e1j\u00e1ban (ahol gyakran hallgatta gr. Teleki S\u00e1ndor szabads\u00e1gharcr\u00f3l \u00e9s a b\u00fajdos\u00e1sr\u00f3l sz\u00f3l\u00f3 eml\u00e9kez\u00e9seit melyek hat\u00e1s\u00e1ra a szabads\u00e1gharc t\u00f6rt\u00e9net\u00e9vel kezdett foglalkozni),majd seg\u00e9d Aradon. Az egyetemet Bp.-en v\u00e9gezte \u201esumma cum laude\u201d min\u0151s\u00edt\u00e9ssel (1877. j\u00fan. 13.). P\u00e1p\u00e1n gy\u00f3gyszert\u00e1ri gondnok, katonai gy\u00f3gyszer\u00e9sz a boszniai h\u00e1bor\u00faban (1878) Grazban, Wienerneustadtban, majd B\u00e9csben. Gy\u00f3gyszert\u00e1rtulajdonos Mez\u0151b\u00e1ndon (1879\u2013), Megv\u00e1lt\u00f3 n\u00e9ven m\u0171k\u00f6dik a nyitott patik\u00e1t gy\u00f3gyszert\u00e1ra, amit b\u00e9rbe adott \u00e9s Sopronban b\u00e9relt egy gy\u00f3gyszert\u00e1rat. Visszat\u00e9rt Mez\u0151b\u00e1ndra (1895\u2013) \u00e9s hal\u00e1l\u00e1ig vezette a patik\u00e1j\u00e1t. Szakmai cikkeit k\u00f6z\u00f6lte az Orvosi Hetilap, Gy\u00f3gy\u00e1szat, Gy\u00f3gyszer\u00e9szi Hetilap. Az irodalom \u00e9s t\u00f6rt\u00e9nelem tanulm\u00e1nyoz\u00e1sa foglalkoztatta. 50 \u00e9ves tev\u00e9kenys\u00e9ge tisztelet\u00e9re Mv.-en jubileumi \u00fcnneps\u00e9get szerveztek (1927). \u2013 <strong>F. m.:<\/strong> G\u00f6rgey Arth\u00far. Reflexi\u00f3k Be\u00f6thy \u00c1kos: A m. \u00e1llamis\u00e1g fejl\u0151d\u00e9se, k\u00fczdelmei c. m\u0171v\u00e9nek G\u00f6rgey Arth\u00farra vonatkoz\u00f3 tanulm\u00e1ny\u00e1ra (Mv., 1909); Eml\u00e9kez\u00e9s k\u00e9t h\u00edrneves budapesti egyetemi tan\u00e1rr\u00f3l: Dr. Balogh K\u00e1lm\u00e1n \u00e9s szentmikl\u00f3si Szab\u00f3 J\u00f3zsef (Mv., 1909); Eml\u00e9kez\u00e9s h\u00e1rom h\u00edrneves budapesti egyetemi tan\u00e1rr\u00f3l: Dr. Jedlik \u00c1nyos Istv\u00e1n, dr. Marg\u00f3 Tivadar \u00e9s ap\u00e1ti dr. Than K\u00e1roly (Mv., 1909); Br. Haynau Gyula osztr\u00e1k t\u00e1borszernagy Magyaro.-on (kiadatlan). <br \/><strong>Irod.:<\/strong> D\u00f6rnyei 2005; F\u00fcl\u00f6p\u2013Ferencz; Guly\u00e1s; Matolcsi; P\u00e9ter H. M.; P\u00e9ter H. M. 2013; Revista Farmaciei-Gy\u00f3gyszer\u00e9szi Foly\u00f3irat (17. sz., 1927).<\/br><\/p>\n","protected":false},"excerpt":{"rendered":"<p>Beszterce, 1856. jan. 1.,\u2020\u00a01929. j\u00fan. Eltemett\u00e9k Mv.-en (j\u00fan. 19.): gy\u00f3gyszer\u00e9sz. \u2013 L. Istv\u00e1n (\u2020 1871) szamos\u00fajv\u00e1ri keresked\u0151 \u00e9s L\u00e1szl\u00f3ffy Anna fia. Feles\u00e9ge iklandi Gy\u00f6rgy Ilona. Nevelt fia Tat\u00e1r Zsigmond (Esztergom, 1906. dec. 11. -?). \u2013 Szamos\u00fajv\u00e1ron \u00f6rm\u00e9ny iskol\u00e1ban tanult, Kv.-on v\u00e9gezte a k\u00f6z\u00e9piskol\u00e1t (1871). Apja hal\u00e1la ut\u00e1n gy\u00f3gyszert\u00e1ri gyakornok Nagyb\u00e1ny\u00e1n, Pap Simon patik\u00e1j\u00e1ban (ahol gyakran [&hellip;]<\/p>\n","protected":false},"featured_media":0,"comment_status":"open","ping_status":"closed","template":"","meta":[],"product_brand":[],"product_cat":[137],"product_tag":[],"class_list":{"0":"post-13557","1":"product","2":"type-product","3":"status-publish","5":"product_cat-maros-megyei-eletrajzi-lexikon","7":"first","8":"instock","9":"shipping-taxable","10":"product-type-simple"},"_links":{"self":[{"href":"https:\/\/uj.adatbank.ro\/lexikon\/wp-json\/wp\/v2\/product\/13557","targetHints":{"allow":["GET"]}}],"collection":[{"href":"https:\/\/uj.adatbank.ro\/lexikon\/wp-json\/wp\/v2\/product"}],"about":[{"href":"https:\/\/uj.adatbank.ro\/lexikon\/wp-json\/wp\/v2\/types\/product"}],"replies":[{"embeddable":true,"href":"https:\/\/uj.adatbank.ro\/lexikon\/wp-json\/wp\/v2\/comments?post=13557"}],"wp:attachment":[{"href":"https:\/\/uj.adatbank.ro\/lexikon\/wp-json\/wp\/v2\/media?parent=13557"}],"wp:term":[{"taxonomy":"product_brand","embeddable":true,"href":"https:\/\/uj.adatbank.ro\/lexikon\/wp-json\/wp\/v2\/product_brand?post=13557"},{"taxonomy":"product_cat","embeddable":true,"href":"https:\/\/uj.adatbank.ro\/lexikon\/wp-json\/wp\/v2\/product_cat?post=13557"},{"taxonomy":"product_tag","embeddable":true,"href":"https:\/\/uj.adatbank.ro\/lexikon\/wp-json\/wp\/v2\/product_tag?post=13557"}],"curies":[{"name":"wp","href":"https:\/\/api.w.org\/{rel}","templated":true}]}}

LÁDAY Győző

<p>Beszterce, 1856. jan. 1.,† 1929. jún. Eltemették Mv.-en (jún. 19.): gyógyszerész. – L. István († 1871) szamosújvári kereskedő és Lászlóffy Anna fia. Felesége iklandi György Ilona. Nevelt fia Tatár Zsigmond (Esztergom, 1906. dec. 11. -?). – Szamosújváron örmény iskolában tanult, Kv.-on végezte a középiskolát (1871). Apja halála után gyógyszertári gyakornok Nagybányán, Pap Simon patikájában (ahol gyakran hallgatta gr. Teleki Sándor szabadságharcról és a bújdosásról szóló emlékezéseit melyek hatására a szabadságharc történetével kezdett foglalkozni),majd segéd Aradon. Az egyetemet Bp.-en végezte „summa cum laude” minősítéssel (1877. jún. 13.). Pápán gyógyszertári gondnok, katonai gyógyszerész a boszniai háborúban (1878) Grazban, Wienerneustadtban, majd Bécsben. Gyógyszertártulajdonos Mezőbándon (1879–), Megváltó néven működik a nyitott patikát gyógyszertára, amit bérbe adott és Sopronban bérelt egy gyógyszertárat. Visszatért Mezőbándra (1895–) és haláláig vezette a patikáját. Szakmai cikkeit közölte az Orvosi Hetilap, Gyógyászat, Gyógyszerészi Hetilap. Az irodalom és történelem tanulmányozása foglalkoztatta. 50 éves tevékenysége tiszteletére Mv.-en jubileumi ünnepséget szerveztek (1927). – <strong>F. m.:</strong> Görgey Arthúr. Reflexiók Beöthy Ákos: A m. államiság fejlődése, küzdelmei c. művének Görgey Arthúrra vonatkozó tanulmányára (Mv., 1909); Emlékezés két hírneves budapesti egyetemi tanárról: Dr. Balogh Kálmán és szentmiklósi Szabó József (Mv., 1909); Emlékezés három hírneves budapesti egyetemi tanárról: Dr. Jedlik Ányos István, dr. Margó Tivadar és apáti dr. Than Károly (Mv., 1909); Br. Haynau Gyula osztrák táborszernagy Magyaro.-on (kiadatlan). <br /><strong>Irod.:</strong> Dörnyei 2005; Fülöp–Ferencz; Gulyás; Matolcsi; Péter H. M.; Péter H. M. 2013; Revista Farmaciei-Gyógyszerészi Folyóirat (17. sz., 1927).</br></p>

<p>Beszterce, 1856. jan. 1.,† 1929. jún. Eltemették Mv.-en (jún. 19.): gyógyszerész. – L. István († 1871) szamosújvári kereskedő és Lászlóffy Anna fia. Felesége iklandi György Ilona. Nevelt fia Tatár Zsigmond (Esztergom, 1906. dec. 11. -?). – Szamosújváron örmény iskolában tanult, Kv.-on végezte a középiskolát (1871). Apja halála után gyógyszertári gyakornok Nagybányán, Pap Simon patikájában (ahol gyakran [&hellip;]</p>
