{"id":13558,"date":"2025-07-15T12:32:39","date_gmt":"2025-07-15T10:32:39","guid":{"rendered":"https:\/\/uj.adatbank.ro\/lexikon\/termek\/ladiver-elias-illes-ifj\/"},"modified":"2025-07-15T12:32:39","modified_gmt":"2025-07-15T10:32:39","slug":"ladiver-elias-illes-ifj","status":"publish","type":"product","link":"https:\/\/uj.adatbank.ro\/lexikon\/termek\/ladiver-elias-illes-ifj\/","title":{"rendered":"LADIVER Elias, Ill\u00e9s, ifj."},"content":{"rendered":"<p>Zsolna, 1633. k\u00f6r\u00fcl, \u2020 Eperjes, 1686. \u00e1pr. 2.\u00a0: ev. lelk\u00e9sz, tan\u00e1r, egyh\u00e1zi \u00edr\u00f3. \u2013 id. L Elias lelk\u00e9sz \u00e9s Pataky Anna fia.- Tanult L\u0151cs\u00e9n (1646), Pozsonyban (1646\u201350), a s\u00e1rospataki Ref. Koll.-ban tanult (1650\u201351), majd a wittenbergi \u00e9s az erfurti egy.-en (1651\u2013). Lelk\u00e9sz vagy tan\u00e1r Zsoln\u00e1n (1655\u2013), B\u00e1rtf\u00e1n (1661\u201367), Eperjesen (1667\u201372), Tiszolcon (1673\u201374), majd a protest\u00e1nsok \u00fcld\u00f6z\u00e9se miatt Thornban, Danzigban \u00e9lt, a j\u00e9nai egy.-en tanult \u00e9s Erd\u00e9lybe j\u00f6tt. Nagyszebenb\u0151l h\u00edvt\u00e1k meg a segesv\u00e1ri gimn\u00e1zium rektor\u00e1nak (1678. szept. 26.\u201381). H\u00e1rom \u00e9vi igazgat\u00e1sa alatt az int\u00e9zetet ujj\u00e1 alak\u00edtotta: iskolat\u00f6rv\u00e9ny szab\u00e1lyozta a tanul\u00f3k helyzet\u00e9t \u00e9s a tant\u00e1rgyakat; buzgalm\u00e1nak k\u00f6sz\u00f6nhet\u0151, hogy ezen h\u00e1rom \u00e9v alatt a fels\u0151bb oszt\u00e1lyokba 60 tanul\u00f3t vettek fel \u00e9s ezek k\u00f6z\u00fcl 19-et k\u00fcldtek k\u00fclf\u00f6ldi egyetemre, \u0151 kezdte el vezetni alap\u00edtotta az iskola jegyz\u0151k\u00f6nyv\u00e9t vagyis anyak\u00f6nyv\u00e9t viszamen\u0151leg (1606\u2013), mely gazdag forr\u00e1sul szolg\u00e1l az erd\u00e9lyi iskol\u00e1z\u00e1s t\u00f6rt\u00e9net\u00e9hez. A v\u00e1rosi lelk\u00e9sz \u00e9s tan\u00e1cs azzal tisztelte meg \u00e9rdemeit, hogy a templom \u00e9nekkar\u00e1ban, a t\u00f6bbi tan\u00e1rt\u00e1rsai k\u00f6z\u00fcl, \u0151t f\u00f6lmentette a kar\u00e9neknek \u00e1llva vezet\u00e9s\u00e9t\u0151l \u00e9s a temet\u00e9si szolg\u00e1latt\u00f3l. Lemondott a segesv\u00e1ri rektors\u00e1gr\u00f3l (1682). Az eperjesi koll. rektora lett (1682\u2013). Filoz\u00f3fiai m\u0171veket, iskoladr\u00e1m\u00e1kat \u00e9s \u00fcdv\u00f6zl\u0151verseket \u00edrt. \u2013 <strong>F. m.:<\/strong> Summulae Pneumaticae \u2026 (Solnae, 1658);  Summullarum LL. Privatarum Pnevmaticarum\u2026 (Trencs\u00e9n, 1658); Assertio immota ex littera institutionis immobili 4 testium veritatis concordi testimonio conscripta, desumta, quod caro Christi in pane sacramentali proprie et indistanter sit praesens et a communicantibus ore accipiatur. Respondente Stephano Szirmay. (Bartphae=B\u00e1rtfa, 1662); Eleazar Constans quem Honori Generosorum &#038;Nobilissimorum Dn. Nomine\u2026 N\u00e9vtelen\u00fcl (Bartphae, 1668.); Papianus \u03a4\u0395\u03a4\u03a1\u0391\u0393\u03a9\u039d\u039f\u03a3, Hoc est, Vir Magnianimus, Justus, Constans rectiq. pertinax in Theatrum \u2026 N\u00e9vtelen\u00fcl. (Leutschoviae=L\u0151cse 1669); Summulae Logicae, in quibus omnis formulis ratio argumentandi delineatur, et exprimitur ac ad controversias dialecticas disponitur. (Solnae=Zsolna, 1671); Versus Memoriales &#038; Differentiale diversorum Autorum, \u2026 N\u00e9vtelen\u00fcl. ( L\u0151cse, 1672); Lilietum Montis Georgii, Funere Acerbo, Virginis Pietate&#8230; (L\u0151cse, 1673); Thus ad aram Deo Homini Jesu Christo Redemptori Orbis, Assertori Salutis. In rubo, aeterno, igni, in morte, pesti inferni&#8230; (Cibini, 1678); Symperasma Philosophiae Rationalis, ex prima mentis operatione deducta &#038; elicita. Praeside&#8230; Respondente Petro Cramero&#8230; (Cibini =Szeben, 1679); Controversiarum Metaphysicarum Disp. I. De natura Ontologiae et Ente ut sic. indeque manente usu Theologico, Ethico Physico et Logico&#8230; Defendente Daniele Schobelio&#8230; Mense Martii, 1679. (Cibini, 1679); Controversiarum Metaphysicarum Dispuatio Altera De Analogia Entis &#038; Affectionibus Ut Sic, Entis Quatenus Entis, indeq. manante Usu Theologico, Ethico, Physico &#038; Logico. Eam sub Dei Opt. Max. Auspiciis Praeside&#8230; ad ventilandum &#038; discutiendum Martinus Kelpius&#8230; Scholae ejusdem Studiosus proponit&#8230; (Cibini, 1679). Controversiarum Metaphysicarum Dispuatio Tertia. De Affectionibus Entis in specie nempe Uno &#038; Vero indeq. manante Usu Theologico, Ethico, Physico &#038; Logico. Hanc sub&#8230; Praeside&#8230; publicae ventilationi Martinus Textoris&#8230; sistit. (Cibini, 1680); Theses Evangelicae Dominicae XVI. Trinitatis,\u2026 (Cibini, 1683); Torcular Engaddii, Illustris Collegii Evangel. Stal. Eperiensis, in dicto Examine Anno M.DC.LXXXIII. \u00e04. ad 10. Octobris.(L\u0151cse, 1683.); Summa Metaphysicae Aristotelicae (Cassoviae, 1685); \u00dcdv\u00f6zl\u0151 verse van a Neckel D\u00e1niel \u00e9s H\u00e4mmer Krisztina lakodalm\u00e1ra kiadott: Freudenkrantzlein&#8230; Wittenberg, 1652. c\u00edm\u0171 munk\u00e1ban; Trausch m\u00e9g a k\u00f6vetkez\u0151 k\u00e9zirat\u00e1t eml\u00edti: Praelectiones Theol. in Pericopas Evangeliorum Dominicalium et Festivalium. <br \/><strong>Irod.:<\/strong> F\u00fcl\u00f6p\u2013Ferencz; Hor\u00e1nyi; Kiss-K\u00e1lm\u00e1n-Bierbrunner; Szinnyei; Sighi\u015foara; \u00daM\u00c9L<\/br><\/p>\n","protected":false},"excerpt":{"rendered":"<p>Zsolna, 1633. k\u00f6r\u00fcl, \u2020 Eperjes, 1686. \u00e1pr. 2.\u00a0: ev. lelk\u00e9sz, tan\u00e1r, egyh\u00e1zi \u00edr\u00f3. \u2013 id. L Elias lelk\u00e9sz \u00e9s Pataky Anna fia.- Tanult L\u0151cs\u00e9n (1646), Pozsonyban (1646\u201350), a s\u00e1rospataki Ref. Koll.-ban tanult (1650\u201351), majd a wittenbergi \u00e9s az erfurti egy.-en (1651\u2013). Lelk\u00e9sz vagy tan\u00e1r Zsoln\u00e1n (1655\u2013), B\u00e1rtf\u00e1n (1661\u201367), Eperjesen (1667\u201372), Tiszolcon (1673\u201374), majd a protest\u00e1nsok [&hellip;]<\/p>\n","protected":false},"featured_media":0,"comment_status":"open","ping_status":"closed","template":"","meta":[],"product_brand":[],"product_cat":[137],"product_tag":[],"class_list":{"0":"post-13558","1":"product","2":"type-product","3":"status-publish","5":"product_cat-maros-megyei-eletrajzi-lexikon","7":"first","8":"instock","9":"shipping-taxable","10":"product-type-simple"},"_links":{"self":[{"href":"https:\/\/uj.adatbank.ro\/lexikon\/wp-json\/wp\/v2\/product\/13558","targetHints":{"allow":["GET"]}}],"collection":[{"href":"https:\/\/uj.adatbank.ro\/lexikon\/wp-json\/wp\/v2\/product"}],"about":[{"href":"https:\/\/uj.adatbank.ro\/lexikon\/wp-json\/wp\/v2\/types\/product"}],"replies":[{"embeddable":true,"href":"https:\/\/uj.adatbank.ro\/lexikon\/wp-json\/wp\/v2\/comments?post=13558"}],"wp:attachment":[{"href":"https:\/\/uj.adatbank.ro\/lexikon\/wp-json\/wp\/v2\/media?parent=13558"}],"wp:term":[{"taxonomy":"product_brand","embeddable":true,"href":"https:\/\/uj.adatbank.ro\/lexikon\/wp-json\/wp\/v2\/product_brand?post=13558"},{"taxonomy":"product_cat","embeddable":true,"href":"https:\/\/uj.adatbank.ro\/lexikon\/wp-json\/wp\/v2\/product_cat?post=13558"},{"taxonomy":"product_tag","embeddable":true,"href":"https:\/\/uj.adatbank.ro\/lexikon\/wp-json\/wp\/v2\/product_tag?post=13558"}],"curies":[{"name":"wp","href":"https:\/\/api.w.org\/{rel}","templated":true}]}}

LADIVER Elias, Illés, ifj.

<p>Zsolna, 1633. körül, † Eperjes, 1686. ápr. 2. : ev. lelkész, tanár, egyházi író. – id. L Elias lelkész és Pataky Anna fia.- Tanult Lőcsén (1646), Pozsonyban (1646–50), a sárospataki Ref. Koll.-ban tanult (1650–51), majd a wittenbergi és az erfurti egy.-en (1651–). Lelkész vagy tanár Zsolnán (1655–), Bártfán (1661–67), Eperjesen (1667–72), Tiszolcon (1673–74), majd a protestánsok üldözése miatt Thornban, Danzigban élt, a jénai egy.-en tanult és Erdélybe jött. Nagyszebenből hívták meg a segesvári gimnázium rektorának (1678. szept. 26.–81). Három évi igazgatása alatt az intézetet ujjá alakította: iskolatörvény szabályozta a tanulók helyzetét és a tantárgyakat; buzgalmának köszönhető, hogy ezen három év alatt a felsőbb osztályokba 60 tanulót vettek fel és ezek közül 19-et küldtek külföldi egyetemre, ő kezdte el vezetni alapította az iskola jegyzőkönyvét vagyis anyakönyvét viszamenőleg (1606–), mely gazdag forrásul szolgál az erdélyi iskolázás történetéhez. A városi lelkész és tanács azzal tisztelte meg érdemeit, hogy a templom énekkarában, a többi tanártársai közül, őt fölmentette a karéneknek állva vezetésétől és a temetési szolgálattól. Lemondott a segesvári rektorságról (1682). Az eperjesi koll. rektora lett (1682–). Filozófiai műveket, iskoladrámákat és üdvözlőverseket írt. – <strong>F. m.:</strong> Summulae Pneumaticae … (Solnae, 1658);  Summullarum LL. Privatarum Pnevmaticarum… (Trencsén, 1658); Assertio immota ex littera institutionis immobili 4 testium veritatis concordi testimonio conscripta, desumta, quod caro Christi in pane sacramentali proprie et indistanter sit praesens et a communicantibus ore accipiatur. Respondente Stephano Szirmay. (Bartphae=Bártfa, 1662); Eleazar Constans quem Honori Generosorum &#038;Nobilissimorum Dn. Nomine… Névtelenül (Bartphae, 1668.); Papianus ΤΕΤΡΑΓΩΝΟΣ, Hoc est, Vir Magnianimus, Justus, Constans rectiq. pertinax in Theatrum … Névtelenül. (Leutschoviae=Lőcse 1669); Summulae Logicae, in quibus omnis formulis ratio argumentandi delineatur, et exprimitur ac ad controversias dialecticas disponitur. (Solnae=Zsolna, 1671); Versus Memoriales &#038; Differentiale diversorum Autorum, … Névtelenül. ( Lőcse, 1672); Lilietum Montis Georgii, Funere Acerbo, Virginis Pietate&#8230; (Lőcse, 1673); Thus ad aram Deo Homini Jesu Christo Redemptori Orbis, Assertori Salutis. In rubo, aeterno, igni, in morte, pesti inferni&#8230; (Cibini, 1678); Symperasma Philosophiae Rationalis, ex prima mentis operatione deducta &#038; elicita. Praeside&#8230; Respondente Petro Cramero&#8230; (Cibini =Szeben, 1679); Controversiarum Metaphysicarum Disp. I. De natura Ontologiae et Ente ut sic. indeque manente usu Theologico, Ethico Physico et Logico&#8230; Defendente Daniele Schobelio&#8230; Mense Martii, 1679. (Cibini, 1679); Controversiarum Metaphysicarum Dispuatio Altera De Analogia Entis &#038; Affectionibus Ut Sic, Entis Quatenus Entis, indeq. manante Usu Theologico, Ethico, Physico &#038; Logico. Eam sub Dei Opt. Max. Auspiciis Praeside&#8230; ad ventilandum &#038; discutiendum Martinus Kelpius&#8230; Scholae ejusdem Studiosus proponit&#8230; (Cibini, 1679). Controversiarum Metaphysicarum Dispuatio Tertia. De Affectionibus Entis in specie nempe Uno &#038; Vero indeq. manante Usu Theologico, Ethico, Physico &#038; Logico. Hanc sub&#8230; Praeside&#8230; publicae ventilationi Martinus Textoris&#8230; sistit. (Cibini, 1680); Theses Evangelicae Dominicae XVI. Trinitatis,… (Cibini, 1683); Torcular Engaddii, Illustris Collegii Evangel. Stal. Eperiensis, in dicto Examine Anno M.DC.LXXXIII. à4. ad 10. Octobris.(Lőcse, 1683.); Summa Metaphysicae Aristotelicae (Cassoviae, 1685); Üdvözlő verse van a Neckel Dániel és Hämmer Krisztina lakodalmára kiadott: Freudenkrantzlein&#8230; Wittenberg, 1652. című munkában; Trausch még a következő kéziratát említi: Praelectiones Theol. in Pericopas Evangeliorum Dominicalium et Festivalium. <br /><strong>Irod.:</strong> Fülöp–Ferencz; Horányi; Kiss-Kálmán-Bierbrunner; Szinnyei; Sighişoara; ÚMÉL</br></p>

<p>Zsolna, 1633. körül, † Eperjes, 1686. ápr. 2. : ev. lelkész, tanár, egyházi író. – id. L Elias lelkész és Pataky Anna fia.- Tanult Lőcsén (1646), Pozsonyban (1646–50), a sárospataki Ref. Koll.-ban tanult (1650–51), majd a wittenbergi és az erfurti egy.-en (1651–). Lelkész vagy tanár Zsolnán (1655–), Bártfán (1661–67), Eperjesen (1667–72), Tiszolcon (1673–74), majd a protestánsok [&hellip;]</p>
