{"id":13559,"date":"2025-07-15T12:32:41","date_gmt":"2025-07-15T10:32:41","guid":{"rendered":"https:\/\/uj.adatbank.ro\/lexikon\/termek\/lado-balint-siketfalvi\/"},"modified":"2025-07-15T12:32:41","modified_gmt":"2025-07-15T10:32:41","slug":"lado-balint-siketfalvi","status":"publish","type":"product","link":"https:\/\/uj.adatbank.ro\/lexikon\/termek\/lado-balint-siketfalvi\/","title":{"rendered":"LAD\u00d3 B\u00e1lint, siketfalvi"},"content":{"rendered":"<p>Siketfalva, (Maros) 1546 k., \u2020.Homonna, (Zempl\u00e9n ), 1615. aug. 29.: misszion\u00e1rius. \u2013 Bel\u00e9pett a jezsuita rendbe (1580 k.), a tartf\u0151n. r\u00e1b\u00edzta Sz\u00e9kelyf\u00f6ld misszi\u00f3j\u00e1t (1584), \u00d6 volt az egyik els\u0151 szerzetes, aki a sz\u00e9kelyek k\u00f6z\u00f6tti misszi\u00f3t elkezdte.A tev\u00e9kenys\u00e9ge sikeres lehetett, mert p\u00e1r \u00e9v m\u00falva m\u00e1r a jezsuit\u00e1k \u00e1ltal elk\u00f6vetett er\u0151szakoss\u00e1gok, a reform\u00e1tusokra nehezed\u0151 nyom\u00e1s miatt kellett rendelkeznie az orsz\u00e1ggy\u0171l\u00e9snek.Az 1591-es orsz\u00e1ggy\u0171l\u00e9sen a rendek minden katolikus t\u00e9r\u00edt\u00e9st megtiltottak. Istv\u00e1n t\u00e1rsa Nagyv\u00e1radon (1585), r\u00f6vid id\u0151 alatt 80 falut t\u00e9r\u00edtett meg. Az \u00e9v nyar\u00e1n a pestisj\u00e1rv\u00e1ny alatt betegeket \u00e1polt; a rend el\u0171z\u00e9sekor 4 t\u00e1rs\u00e1val Moldov\u00e1ba, majd Havasalf\u00f6ldre menek\u00fclt.(1580); visszat\u00e9rt Erd\u00e9lybe (1590). Fogaras v\u00e1r\u00e1ban \u00e9s k\u00f6rny\u00e9k\u00e9n, majd Nagyv\u00e1radon (1603) misszion\u00e1lt. Itt h\u00e1zf\u0151n. is volt. Ism\u00e9t el\u0171zt\u00e9k (1609), Zbor\u00f3n (S\u00e1ros vm.) dolgozott tov\u00e1bb. Majd Homonn\u00e1ra ment. (1612). \u2013 Irod : MKL<\/br><\/p>\n","protected":false},"excerpt":{"rendered":"<p>Siketfalva, (Maros) 1546 k., \u2020.Homonna, (Zempl\u00e9n ), 1615. aug. 29.: misszion\u00e1rius. \u2013 Bel\u00e9pett a jezsuita rendbe (1580 k.), a tartf\u0151n. r\u00e1b\u00edzta Sz\u00e9kelyf\u00f6ld misszi\u00f3j\u00e1t (1584), \u00d6 volt az egyik els\u0151 szerzetes, aki a sz\u00e9kelyek k\u00f6z\u00f6tti misszi\u00f3t elkezdte.A tev\u00e9kenys\u00e9ge sikeres lehetett, mert p\u00e1r \u00e9v m\u00falva m\u00e1r a jezsuit\u00e1k \u00e1ltal elk\u00f6vetett er\u0151szakoss\u00e1gok, a reform\u00e1tusokra nehezed\u0151 nyom\u00e1s miatt kellett [&hellip;]<\/p>\n","protected":false},"featured_media":0,"comment_status":"open","ping_status":"closed","template":"","meta":[],"product_brand":[],"product_cat":[137],"product_tag":[],"class_list":{"0":"post-13559","1":"product","2":"type-product","3":"status-publish","5":"product_cat-maros-megyei-eletrajzi-lexikon","7":"first","8":"instock","9":"shipping-taxable","10":"product-type-simple"},"_links":{"self":[{"href":"https:\/\/uj.adatbank.ro\/lexikon\/wp-json\/wp\/v2\/product\/13559","targetHints":{"allow":["GET"]}}],"collection":[{"href":"https:\/\/uj.adatbank.ro\/lexikon\/wp-json\/wp\/v2\/product"}],"about":[{"href":"https:\/\/uj.adatbank.ro\/lexikon\/wp-json\/wp\/v2\/types\/product"}],"replies":[{"embeddable":true,"href":"https:\/\/uj.adatbank.ro\/lexikon\/wp-json\/wp\/v2\/comments?post=13559"}],"wp:attachment":[{"href":"https:\/\/uj.adatbank.ro\/lexikon\/wp-json\/wp\/v2\/media?parent=13559"}],"wp:term":[{"taxonomy":"product_brand","embeddable":true,"href":"https:\/\/uj.adatbank.ro\/lexikon\/wp-json\/wp\/v2\/product_brand?post=13559"},{"taxonomy":"product_cat","embeddable":true,"href":"https:\/\/uj.adatbank.ro\/lexikon\/wp-json\/wp\/v2\/product_cat?post=13559"},{"taxonomy":"product_tag","embeddable":true,"href":"https:\/\/uj.adatbank.ro\/lexikon\/wp-json\/wp\/v2\/product_tag?post=13559"}],"curies":[{"name":"wp","href":"https:\/\/api.w.org\/{rel}","templated":true}]}}

LADÓ Bálint, siketfalvi

<p>Siketfalva, (Maros) 1546 k., †.Homonna, (Zemplén ), 1615. aug. 29.: misszionárius. – Belépett a jezsuita rendbe (1580 k.), a tartfőn. rábízta Székelyföld misszióját (1584), Ö volt az egyik első szerzetes, aki a székelyek közötti missziót elkezdte.A tevékenysége sikeres lehetett, mert pár év múlva már a jezsuiták által elkövetett erőszakosságok, a reformátusokra nehezedő nyomás miatt kellett rendelkeznie az országgyűlésnek.Az 1591-es országgyűlésen a rendek minden katolikus térítést megtiltottak. István társa Nagyváradon (1585), rövid idő alatt 80 falut térített meg. Az év nyarán a pestisjárvány alatt betegeket ápolt; a rend elűzésekor 4 társával Moldovába, majd Havasalföldre menekült.(1580); visszatért Erdélybe (1590). Fogaras várában és környékén, majd Nagyváradon (1603) misszionált. Itt házfőn. is volt. Ismét elűzték (1609), Zborón (Sáros vm.) dolgozott tovább. Majd Homonnára ment. (1612). – Irod : MKL</br></p>

<p>Siketfalva, (Maros) 1546 k., †.Homonna, (Zemplén ), 1615. aug. 29.: misszionárius. – Belépett a jezsuita rendbe (1580 k.), a tartfőn. rábízta Székelyföld misszióját (1584), Ö volt az egyik első szerzetes, aki a székelyek közötti missziót elkezdte.A tevékenysége sikeres lehetett, mert pár év múlva már a jezsuiták által elkövetett erőszakosságok, a reformátusokra nehezedő nyomás miatt kellett [&hellip;]</p>
