{"id":13560,"date":"2025-07-15T12:32:43","date_gmt":"2025-07-15T10:32:43","guid":{"rendered":"https:\/\/uj.adatbank.ro\/lexikon\/termek\/lado-janos-erdoszakali\/"},"modified":"2025-07-15T12:32:43","modified_gmt":"2025-07-15T10:32:43","slug":"lado-janos-erdoszakali","status":"publish","type":"product","link":"https:\/\/uj.adatbank.ro\/lexikon\/termek\/lado-janos-erdoszakali\/","title":{"rendered":"L\u00c1D\u00d3 J\u00e1nos, erd\u0151szak\u00e1li"},"content":{"rendered":"<p>1831.? \u2020 Ratosnya, 1917. jan. 17. A csal\u00e1di s\u00edrboltban nyugszik: f\u00f6ldbirtokos. <br \/><strong>Irod.:<\/strong> Gy\u00e1szjelent\u0151<\/br><\/p>\n","protected":false},"excerpt":{"rendered":"<p>1831.? \u2020 Ratosnya, 1917. jan. 17. A csal\u00e1di s\u00edrboltban nyugszik: f\u00f6ldbirtokos. Irod.: Gy\u00e1szjelent\u0151<\/p>\n","protected":false},"featured_media":0,"comment_status":"open","ping_status":"closed","template":"","meta":[],"product_brand":[],"product_cat":[137],"product_tag":[],"class_list":{"0":"post-13560","1":"product","2":"type-product","3":"status-publish","5":"product_cat-maros-megyei-eletrajzi-lexikon","7":"first","8":"instock","9":"shipping-taxable","10":"product-type-simple"},"_links":{"self":[{"href":"https:\/\/uj.adatbank.ro\/lexikon\/wp-json\/wp\/v2\/product\/13560","targetHints":{"allow":["GET"]}}],"collection":[{"href":"https:\/\/uj.adatbank.ro\/lexikon\/wp-json\/wp\/v2\/product"}],"about":[{"href":"https:\/\/uj.adatbank.ro\/lexikon\/wp-json\/wp\/v2\/types\/product"}],"replies":[{"embeddable":true,"href":"https:\/\/uj.adatbank.ro\/lexikon\/wp-json\/wp\/v2\/comments?post=13560"}],"wp:attachment":[{"href":"https:\/\/uj.adatbank.ro\/lexikon\/wp-json\/wp\/v2\/media?parent=13560"}],"wp:term":[{"taxonomy":"product_brand","embeddable":true,"href":"https:\/\/uj.adatbank.ro\/lexikon\/wp-json\/wp\/v2\/product_brand?post=13560"},{"taxonomy":"product_cat","embeddable":true,"href":"https:\/\/uj.adatbank.ro\/lexikon\/wp-json\/wp\/v2\/product_cat?post=13560"},{"taxonomy":"product_tag","embeddable":true,"href":"https:\/\/uj.adatbank.ro\/lexikon\/wp-json\/wp\/v2\/product_tag?post=13560"}],"curies":[{"name":"wp","href":"https:\/\/api.w.org\/{rel}","templated":true}]}}