{"id":13568,"date":"2025-07-15T12:32:59","date_gmt":"2025-07-15T10:32:59","guid":{"rendered":"https:\/\/uj.adatbank.ro\/lexikon\/termek\/lajos-denes\/"},"modified":"2025-07-15T12:32:59","modified_gmt":"2025-07-15T10:32:59","slug":"lajos-denes","status":"publish","type":"product","link":"https:\/\/uj.adatbank.ro\/lexikon\/termek\/lajos-denes\/","title":{"rendered":"LAJOS D\u00e9nes"},"content":{"rendered":"<p>? \u2020\u00a0?: lapszerkeszt\u0151. \u2013 A mv.-i Sz\u00e9kely T\u00e1rsas\u00e1g titk\u00e1ra (1908. febr.\u2013). A mv.-i Szabads\u00e1g felel\u0151s szerk.-je (1907\u201308), \u00e9s \u00fagyszint\u00e9n szerkesztette a Sz\u00e9kely Sz\u00f6vets\u00e9g Napt\u00e1ra az 1908 sz\u00f6k\u0151\u00e9vre c. \u00e9vk\u00f6nyvet, kiadta a mv.-i Kossuth nyomda. Cikke jelentek meg a Pesti H\u00edrlapban A cs\u00e1ng\u00f3k\u00e9rd\u00e9s c. (1911. 185 sz)<br \/><strong>Irod.:<\/strong> Balaton Petra:A sz\u00e9kely t\u00e1rsadalom \u00f6nszervez\u0151d\u00e9se: A Sz\u00e9kely T\u00e1rsas\u00e1gok (I.-II): T\u00f6rekv\u00e9sek Sz\u00e9kelyf\u00f6ld felz\u00e1rk\u00f3ztat\u00e1s\u00e1ra a 20. sz\u00e1zad elej\u00e9n (Korunk, 1. sz., 2010. jan.; 2.sz., 2010. febr.); Popt\u0103ma\u015f\u2013M\u00f3zes<\/br><\/p>\n","protected":false},"excerpt":{"rendered":"<p>? \u2020\u00a0?: lapszerkeszt\u0151. \u2013 A mv.-i Sz\u00e9kely T\u00e1rsas\u00e1g titk\u00e1ra (1908. febr.\u2013). A mv.-i Szabads\u00e1g felel\u0151s szerk.-je (1907\u201308), \u00e9s \u00fagyszint\u00e9n szerkesztette a Sz\u00e9kely Sz\u00f6vets\u00e9g Napt\u00e1ra az 1908 sz\u00f6k\u0151\u00e9vre c. \u00e9vk\u00f6nyvet, kiadta a mv.-i Kossuth nyomda. Cikke jelentek meg a Pesti H\u00edrlapban A cs\u00e1ng\u00f3k\u00e9rd\u00e9s c. (1911. 185 sz)Irod.: Balaton Petra:A sz\u00e9kely t\u00e1rsadalom \u00f6nszervez\u0151d\u00e9se: A Sz\u00e9kely T\u00e1rsas\u00e1gok (I.-II): [&hellip;]<\/p>\n","protected":false},"featured_media":0,"comment_status":"open","ping_status":"closed","template":"","meta":[],"product_brand":[],"product_cat":[137],"product_tag":[],"class_list":{"0":"post-13568","1":"product","2":"type-product","3":"status-publish","5":"product_cat-maros-megyei-eletrajzi-lexikon","7":"first","8":"instock","9":"shipping-taxable","10":"product-type-simple"},"_links":{"self":[{"href":"https:\/\/uj.adatbank.ro\/lexikon\/wp-json\/wp\/v2\/product\/13568","targetHints":{"allow":["GET"]}}],"collection":[{"href":"https:\/\/uj.adatbank.ro\/lexikon\/wp-json\/wp\/v2\/product"}],"about":[{"href":"https:\/\/uj.adatbank.ro\/lexikon\/wp-json\/wp\/v2\/types\/product"}],"replies":[{"embeddable":true,"href":"https:\/\/uj.adatbank.ro\/lexikon\/wp-json\/wp\/v2\/comments?post=13568"}],"wp:attachment":[{"href":"https:\/\/uj.adatbank.ro\/lexikon\/wp-json\/wp\/v2\/media?parent=13568"}],"wp:term":[{"taxonomy":"product_brand","embeddable":true,"href":"https:\/\/uj.adatbank.ro\/lexikon\/wp-json\/wp\/v2\/product_brand?post=13568"},{"taxonomy":"product_cat","embeddable":true,"href":"https:\/\/uj.adatbank.ro\/lexikon\/wp-json\/wp\/v2\/product_cat?post=13568"},{"taxonomy":"product_tag","embeddable":true,"href":"https:\/\/uj.adatbank.ro\/lexikon\/wp-json\/wp\/v2\/product_tag?post=13568"}],"curies":[{"name":"wp","href":"https:\/\/api.w.org\/{rel}","templated":true}]}}

LAJOS Dénes

<p>? † ?: lapszerkesztő. – A mv.-i Székely Társaság titkára (1908. febr.–). A mv.-i Szabadság felelős szerk.-je (1907–08), és úgyszintén szerkesztette a Székely Szövetség Naptára az 1908 szökőévre c. évkönyvet, kiadta a mv.-i Kossuth nyomda. Cikke jelentek meg a Pesti Hírlapban A csángókérdés c. (1911. 185 sz)<br /><strong>Irod.:</strong> Balaton Petra:A székely társadalom önszerveződése: A Székely Társaságok (I.-II): Törekvések Székelyföld felzárkóztatására a 20. század elején (Korunk, 1. sz., 2010. jan.; 2.sz., 2010. febr.); Poptămaş–Mózes</br></p>

<p>? † ?: lapszerkesztő. – A mv.-i Székely Társaság titkára (1908. febr.–). A mv.-i Szabadság felelős szerk.-je (1907–08), és úgyszintén szerkesztette a Székely Szövetség Naptára az 1908 szökőévre c. évkönyvet, kiadta a mv.-i Kossuth nyomda. Cikke jelentek meg a Pesti Hírlapban A csángókérdés c. (1911. 185 sz)Irod.: Balaton Petra:A székely társadalom önszerveződése: A Székely Társaságok (I.-II): [&hellip;]</p>
