{"id":13569,"date":"2025-07-15T12:33:02","date_gmt":"2025-07-15T10:33:02","guid":{"rendered":"https:\/\/uj.adatbank.ro\/lexikon\/termek\/lajos-iii-von-wittelsbach\/"},"modified":"2025-07-15T12:33:02","modified_gmt":"2025-07-15T10:33:02","slug":"lajos-iii-von-wittelsbach","status":"publish","type":"product","link":"https:\/\/uj.adatbank.ro\/lexikon\/termek\/lajos-iii-von-wittelsbach\/","title":{"rendered":"LAJOS III., von Wittelsbach"},"content":{"rendered":"<p>M\u00fcnchen, 1845. jan 7 \u2020 S\u00e1rv\u00e1r, 1921. okt. 18.: bajor kir\u00e1ly. \u2013 Bajos kir\u00e1lyi herceg, r\u00e9gens (1912\u201313), a bajos kir\u00e1lys\u00e1g utols\u00f3 uralkod\u00f3ja (1913\u201318). A m\u00fcncheni forradalom nyom\u00e1n lemond\u00e1sra k\u00e9nyszer\u00fclt (1918. november 7), ezzel lez\u00e1rult a Wittelsbach-dinasztia 738 \u00e9ve tart\u00f3 bajororsz\u00e1gi uralma. Mv.-en j\u00e1rt (1889) mint kir. herceg. Mint frissen megkoron\u00e1zott bajor kir\u00e1ly megk\u00f6sz\u00f6nte a 62. gy. ezrednek a j\u00f3k\u00edv\u00e1ns\u00e1gokat (1913). Az alakulat a kir\u00e1ly tulajdona volt, \u00e1llom\u00e1shelye Mv. \u00e9s Kv. <br \/><strong>Irod.:<\/strong> Id\u0151t\u00e1r 2; \u00d6kr\u00f6s<\/br><\/p>\n","protected":false},"excerpt":{"rendered":"<p>M\u00fcnchen, 1845. jan 7 \u2020 S\u00e1rv\u00e1r, 1921. okt. 18.: bajor kir\u00e1ly. \u2013 Bajos kir\u00e1lyi herceg, r\u00e9gens (1912\u201313), a bajos kir\u00e1lys\u00e1g utols\u00f3 uralkod\u00f3ja (1913\u201318). A m\u00fcncheni forradalom nyom\u00e1n lemond\u00e1sra k\u00e9nyszer\u00fclt (1918. november 7), ezzel lez\u00e1rult a Wittelsbach-dinasztia 738 \u00e9ve tart\u00f3 bajororsz\u00e1gi uralma. Mv.-en j\u00e1rt (1889) mint kir. herceg. Mint frissen megkoron\u00e1zott bajor kir\u00e1ly megk\u00f6sz\u00f6nte a 62. [&hellip;]<\/p>\n","protected":false},"featured_media":0,"comment_status":"open","ping_status":"closed","template":"","meta":[],"product_brand":[],"product_cat":[137],"product_tag":[],"class_list":{"0":"post-13569","1":"product","2":"type-product","3":"status-publish","5":"product_cat-maros-megyei-eletrajzi-lexikon","7":"first","8":"instock","9":"shipping-taxable","10":"product-type-simple"},"_links":{"self":[{"href":"https:\/\/uj.adatbank.ro\/lexikon\/wp-json\/wp\/v2\/product\/13569","targetHints":{"allow":["GET"]}}],"collection":[{"href":"https:\/\/uj.adatbank.ro\/lexikon\/wp-json\/wp\/v2\/product"}],"about":[{"href":"https:\/\/uj.adatbank.ro\/lexikon\/wp-json\/wp\/v2\/types\/product"}],"replies":[{"embeddable":true,"href":"https:\/\/uj.adatbank.ro\/lexikon\/wp-json\/wp\/v2\/comments?post=13569"}],"wp:attachment":[{"href":"https:\/\/uj.adatbank.ro\/lexikon\/wp-json\/wp\/v2\/media?parent=13569"}],"wp:term":[{"taxonomy":"product_brand","embeddable":true,"href":"https:\/\/uj.adatbank.ro\/lexikon\/wp-json\/wp\/v2\/product_brand?post=13569"},{"taxonomy":"product_cat","embeddable":true,"href":"https:\/\/uj.adatbank.ro\/lexikon\/wp-json\/wp\/v2\/product_cat?post=13569"},{"taxonomy":"product_tag","embeddable":true,"href":"https:\/\/uj.adatbank.ro\/lexikon\/wp-json\/wp\/v2\/product_tag?post=13569"}],"curies":[{"name":"wp","href":"https:\/\/api.w.org\/{rel}","templated":true}]}}