{"id":13571,"date":"2025-07-15T12:33:05","date_gmt":"2025-07-15T10:33:05","guid":{"rendered":"https:\/\/uj.adatbank.ro\/lexikon\/termek\/lajos-samuel\/"},"modified":"2025-07-15T12:33:05","modified_gmt":"2025-07-15T10:33:05","slug":"lajos-samuel","status":"publish","type":"product","link":"https:\/\/uj.adatbank.ro\/lexikon\/termek\/lajos-samuel\/","title":{"rendered":"LAJOS S\u00e1muel"},"content":{"rendered":"<p>? \u2020 Sz\u00e9kelyvaja, 1840.: str\u00e1zsamester. \u2013 Sz\u00e9kely lovasezredbeli f\u0151str\u00e1zsamester. <br \/><strong>Irod.:<\/strong> Muzsnai K\u00e1roly : A k\u00f6ztiszteletet \u00e9rdeml\u0151 bajnok jellemvon\u00e1sai (Mv., 1840)<\/br><\/p>\n","protected":false},"excerpt":{"rendered":"<p>? \u2020 Sz\u00e9kelyvaja, 1840.: str\u00e1zsamester. \u2013 Sz\u00e9kely lovasezredbeli f\u0151str\u00e1zsamester. Irod.: Muzsnai K\u00e1roly : A k\u00f6ztiszteletet \u00e9rdeml\u0151 bajnok jellemvon\u00e1sai (Mv., 1840)<\/p>\n","protected":false},"featured_media":0,"comment_status":"open","ping_status":"closed","template":"","meta":[],"product_brand":[],"product_cat":[137],"product_tag":[],"class_list":{"0":"post-13571","1":"product","2":"type-product","3":"status-publish","5":"product_cat-maros-megyei-eletrajzi-lexikon","7":"first","8":"instock","9":"shipping-taxable","10":"product-type-simple"},"_links":{"self":[{"href":"https:\/\/uj.adatbank.ro\/lexikon\/wp-json\/wp\/v2\/product\/13571","targetHints":{"allow":["GET"]}}],"collection":[{"href":"https:\/\/uj.adatbank.ro\/lexikon\/wp-json\/wp\/v2\/product"}],"about":[{"href":"https:\/\/uj.adatbank.ro\/lexikon\/wp-json\/wp\/v2\/types\/product"}],"replies":[{"embeddable":true,"href":"https:\/\/uj.adatbank.ro\/lexikon\/wp-json\/wp\/v2\/comments?post=13571"}],"wp:attachment":[{"href":"https:\/\/uj.adatbank.ro\/lexikon\/wp-json\/wp\/v2\/media?parent=13571"}],"wp:term":[{"taxonomy":"product_brand","embeddable":true,"href":"https:\/\/uj.adatbank.ro\/lexikon\/wp-json\/wp\/v2\/product_brand?post=13571"},{"taxonomy":"product_cat","embeddable":true,"href":"https:\/\/uj.adatbank.ro\/lexikon\/wp-json\/wp\/v2\/product_cat?post=13571"},{"taxonomy":"product_tag","embeddable":true,"href":"https:\/\/uj.adatbank.ro\/lexikon\/wp-json\/wp\/v2\/product_tag?post=13571"}],"curies":[{"name":"wp","href":"https:\/\/api.w.org\/{rel}","templated":true}]}}