{"id":13572,"date":"2025-07-15T12:33:07","date_gmt":"2025-07-15T10:33:07","guid":{"rendered":"https:\/\/uj.adatbank.ro\/lexikon\/termek\/lajos-sandor\/"},"modified":"2025-07-15T12:33:07","modified_gmt":"2025-07-15T10:33:07","slug":"lajos-sandor","status":"publish","type":"product","link":"https:\/\/uj.adatbank.ro\/lexikon\/termek\/lajos-sandor\/","title":{"rendered":"LAJOS S\u00e1ndor"},"content":{"rendered":"<p>1849.,\u00a0\u2020\u00a0?\u00a0: tan\u00edt\u00f3.- Sz\u00e9kelyudvarhelyen v\u00e9gezte tanulm\u00e1nyait.Tan\u00edt\u00f3 Radnoton 18 \u00e9vig, majd t\u00f6bb sz\u00e9kelyf\u00f6ldi k\u00f6zs\u00e9gben tan\u00edtott 40 \u00e9ves szolg\u00e1lati esztendej\u00e9ben nagy \u00fcnneps\u00e9gben r\u00e9szes\u00edtett\u00e9k. Elismert kiv\u00e1l\u00f3 pedagogus. Nyugd\u00edjba vonul\u00e1sa ut\u00e1n Mv.-en \u00e9lt, ahol a v\u00e1ros szoci\u00e1lis, kultur\u00e1lis egyes\u00fcleteinek t\u00e1mogat\u00f3ja volt. \u00c9rdemei elismer\u00e9s\u00e9\u00fcl I. Ferenc J\u00f3zseft\u0151l a Koron\u00e1s \u00c9rdemkeresztet kapta. <br \/><strong>Irod.:<\/strong> Sz\u00e9kelyf\u00f6ld \u00ed.k.<\/br><\/p>\n","protected":false},"excerpt":{"rendered":"<p>1849.,\u00a0\u2020\u00a0?\u00a0: tan\u00edt\u00f3.- Sz\u00e9kelyudvarhelyen v\u00e9gezte tanulm\u00e1nyait.Tan\u00edt\u00f3 Radnoton 18 \u00e9vig, majd t\u00f6bb sz\u00e9kelyf\u00f6ldi k\u00f6zs\u00e9gben tan\u00edtott 40 \u00e9ves szolg\u00e1lati esztendej\u00e9ben nagy \u00fcnneps\u00e9gben r\u00e9szes\u00edtett\u00e9k. Elismert kiv\u00e1l\u00f3 pedagogus. Nyugd\u00edjba vonul\u00e1sa ut\u00e1n Mv.-en \u00e9lt, ahol a v\u00e1ros szoci\u00e1lis, kultur\u00e1lis egyes\u00fcleteinek t\u00e1mogat\u00f3ja volt. \u00c9rdemei elismer\u00e9s\u00e9\u00fcl I. Ferenc J\u00f3zseft\u0151l a Koron\u00e1s \u00c9rdemkeresztet kapta. Irod.: Sz\u00e9kelyf\u00f6ld \u00ed.k.<\/p>\n","protected":false},"featured_media":0,"comment_status":"open","ping_status":"closed","template":"","meta":[],"product_brand":[],"product_cat":[137],"product_tag":[],"class_list":{"0":"post-13572","1":"product","2":"type-product","3":"status-publish","5":"product_cat-maros-megyei-eletrajzi-lexikon","7":"first","8":"instock","9":"shipping-taxable","10":"product-type-simple"},"_links":{"self":[{"href":"https:\/\/uj.adatbank.ro\/lexikon\/wp-json\/wp\/v2\/product\/13572","targetHints":{"allow":["GET"]}}],"collection":[{"href":"https:\/\/uj.adatbank.ro\/lexikon\/wp-json\/wp\/v2\/product"}],"about":[{"href":"https:\/\/uj.adatbank.ro\/lexikon\/wp-json\/wp\/v2\/types\/product"}],"replies":[{"embeddable":true,"href":"https:\/\/uj.adatbank.ro\/lexikon\/wp-json\/wp\/v2\/comments?post=13572"}],"wp:attachment":[{"href":"https:\/\/uj.adatbank.ro\/lexikon\/wp-json\/wp\/v2\/media?parent=13572"}],"wp:term":[{"taxonomy":"product_brand","embeddable":true,"href":"https:\/\/uj.adatbank.ro\/lexikon\/wp-json\/wp\/v2\/product_brand?post=13572"},{"taxonomy":"product_cat","embeddable":true,"href":"https:\/\/uj.adatbank.ro\/lexikon\/wp-json\/wp\/v2\/product_cat?post=13572"},{"taxonomy":"product_tag","embeddable":true,"href":"https:\/\/uj.adatbank.ro\/lexikon\/wp-json\/wp\/v2\/product_tag?post=13572"}],"curies":[{"name":"wp","href":"https:\/\/api.w.org\/{rel}","templated":true}]}}

LAJOS Sándor

<p>1849., † ? : tanító.- Székelyudvarhelyen végezte tanulmányait.Tanító Radnoton 18 évig, majd több székelyföldi községben tanított 40 éves szolgálati esztendejében nagy ünnepségben részesítették. Elismert kiváló pedagogus. Nyugdíjba vonulása után Mv.-en élt, ahol a város szociális, kulturális egyesületeinek támogatója volt. Érdemei elismeréséül I. Ferenc Józseftől a Koronás Érdemkeresztet kapta. <br /><strong>Irod.:</strong> Székelyföld í.k.</br></p>

<p>1849., † ? : tanító.- Székelyudvarhelyen végezte tanulmányait.Tanító Radnoton 18 évig, majd több székelyföldi községben tanított 40 éves szolgálati esztendejében nagy ünnepségben részesítették. Elismert kiváló pedagogus. Nyugdíjba vonulása után Mv.-en élt, ahol a város szociális, kulturális egyesületeinek támogatója volt. Érdemei elismeréséül I. Ferenc Józseftől a Koronás Érdemkeresztet kapta. Irod.: Székelyföld í.k.</p>
