{"id":13573,"date":"2025-07-15T12:33:09","date_gmt":"2025-07-15T10:33:09","guid":{"rendered":"https:\/\/uj.adatbank.ro\/lexikon\/termek\/lajthay-karoly-lajtai-le-derle\/"},"modified":"2025-07-15T12:33:09","modified_gmt":"2025-07-15T10:33:09","slug":"lajthay-karoly-lajtai-le-derle","status":"publish","type":"product","link":"https:\/\/uj.adatbank.ro\/lexikon\/termek\/lajthay-karoly-lajtai-le-derle\/","title":{"rendered":"LAJTHAY K\u00e1roly, Lajtai, Le Derl\u00e9"},"content":{"rendered":"<p>Mv., 1885. dec. 7., \u2020 Bp, 1945 : sz\u00edn\u00e9sz, filmrendez\u0151. \u2013 A k\u00f6z\u00e9piskol\u00e1t Mv.-en a sz\u00edniakad\u00e9mi\u00e1t Bp.-en v\u00e9gezte. Mv.-en v\u00e9gezte a k\u00f6z\u00e9piskol\u00e1t, majd Bp.-en elv\u00e9gezte a sz\u00edniakad\u00e9mi\u00e1t. Szatm\u00e1rn\u00e9metibe szerz\u0151d\u00f6tt (1907\u2013),ezut\u00e1n Pozsonyban, P\u00e9csett, Debrecenben, majd Farag\u00f3 \u00d6d\u00f6n kassai t\u00e1rsulat\u00e1ban j\u00e1tszott. Bp.-en az Apoll\u00f3 Kabar\u00e9ban \u00e9s a Belv\u00e1rosi Sz\u00ednh\u00e1zban szerepelt (1910-es \u00e9vek), filmezett (1916\u2013). F\u0151k\u00e9nt h\u0151sszerelmes szerepeket alak\u00edtott. REX n\u00e9ven saj\u00e1t filmgy\u00e1rt\u00f3 c\u00e9get alap\u00edtott (1918\u2013), filmjei t\u00f6bbs\u00e9g\u00e9t maga rendezte, de a Star filmgy\u00e1r sz\u00e1m\u00e1ra is forgatott Berlinben (1924\u2013), B\u00e9csben, majd P\u00e1rizsban volt sz\u00edn\u00e9sz (1924\u2013); hazat\u00e9rt (1938\u2013). \u2013 I. f.: A m. f\u00f6ld ereje (1916, sz\u00edn\u00e9sz); Karthausi (1916, sz\u00edn\u00e9sz); Raskoljnikov (1916, sz\u00edn\u00e9sz); Gazdag szeg\u00e9nyek (1917, sz\u00edn\u00e9sz); Harrison \u00e9s Barrison (1917, sz\u00edn\u00e9sz); A senki fia (1917, sz\u00edn\u00e9sz); A b\u00e1nya titka (1918, sz\u00edn\u00e9sz); Havasi szerelem (1917\u201318, sz\u00edn\u00e9sz), Lobog\u00f3 v\u00e9r (1918, \u00edr\u00f3, rendez\u0151); Sundal (1918, \u00edr\u00f3, rendez\u0151); Vorrei morir (1918, rendez\u0151); J\u00falia kisasszony (1919; ren\u00addez\u0151, Strindberg nyom\u00e1n \u00edr\u00f3); A korm\u00e1nybiztos (1919, rendez\u0151); Az \u0151sasszony (1919, ren\u00addez\u0151); A lev\u00e1gott k\u00e9z (1920, rendez\u0151); Olavi (1920, rendez\u0151); P\u00e1ter Sebastian. De\u00e9sy Alf\u00adr\u00e9ddal (1920, bem. 1926, rendez\u0151); Dracula (1921, rendez\u0151); A h\u00e1rom pofon (1923, rendez\u0151, \u00edr\u00f3); Le\u00e1nybecs\u00fclet (1923, rendez\u0151); Isten rabjai (1942, G\u00e1rdonyi G. nyom\u00e1n Barsi \u00d6d\u00f6nnel \u00e9s Pal\u00e1sti G\u00e9z\u00e1val \u00edr\u00f3); S\u00e1rga kaszin\u00f3 (1943, rendez\u0151, Nagyiv\u00e1nyi Zolt\u00e1nnal \u00edr\u00f3). <br \/><strong>Irod.:<\/strong> M\u00c9L; Sch\u00f6pflin; \u00daM\u00c9L<\/br><\/p>\n","protected":false},"excerpt":{"rendered":"<p>Mv., 1885. dec. 7., \u2020 Bp, 1945 : sz\u00edn\u00e9sz, filmrendez\u0151. \u2013 A k\u00f6z\u00e9piskol\u00e1t Mv.-en a sz\u00edniakad\u00e9mi\u00e1t Bp.-en v\u00e9gezte. Mv.-en v\u00e9gezte a k\u00f6z\u00e9piskol\u00e1t, majd Bp.-en elv\u00e9gezte a sz\u00edniakad\u00e9mi\u00e1t. Szatm\u00e1rn\u00e9metibe szerz\u0151d\u00f6tt (1907\u2013),ezut\u00e1n Pozsonyban, P\u00e9csett, Debrecenben, majd Farag\u00f3 \u00d6d\u00f6n kassai t\u00e1rsulat\u00e1ban j\u00e1tszott. Bp.-en az Apoll\u00f3 Kabar\u00e9ban \u00e9s a Belv\u00e1rosi Sz\u00ednh\u00e1zban szerepelt (1910-es \u00e9vek), filmezett (1916\u2013). F\u0151k\u00e9nt h\u0151sszerelmes szerepeket [&hellip;]<\/p>\n","protected":false},"featured_media":0,"comment_status":"open","ping_status":"closed","template":"","meta":[],"product_brand":[],"product_cat":[137],"product_tag":[],"class_list":{"0":"post-13573","1":"product","2":"type-product","3":"status-publish","5":"product_cat-maros-megyei-eletrajzi-lexikon","7":"first","8":"instock","9":"shipping-taxable","10":"product-type-simple"},"_links":{"self":[{"href":"https:\/\/uj.adatbank.ro\/lexikon\/wp-json\/wp\/v2\/product\/13573","targetHints":{"allow":["GET"]}}],"collection":[{"href":"https:\/\/uj.adatbank.ro\/lexikon\/wp-json\/wp\/v2\/product"}],"about":[{"href":"https:\/\/uj.adatbank.ro\/lexikon\/wp-json\/wp\/v2\/types\/product"}],"replies":[{"embeddable":true,"href":"https:\/\/uj.adatbank.ro\/lexikon\/wp-json\/wp\/v2\/comments?post=13573"}],"wp:attachment":[{"href":"https:\/\/uj.adatbank.ro\/lexikon\/wp-json\/wp\/v2\/media?parent=13573"}],"wp:term":[{"taxonomy":"product_brand","embeddable":true,"href":"https:\/\/uj.adatbank.ro\/lexikon\/wp-json\/wp\/v2\/product_brand?post=13573"},{"taxonomy":"product_cat","embeddable":true,"href":"https:\/\/uj.adatbank.ro\/lexikon\/wp-json\/wp\/v2\/product_cat?post=13573"},{"taxonomy":"product_tag","embeddable":true,"href":"https:\/\/uj.adatbank.ro\/lexikon\/wp-json\/wp\/v2\/product_tag?post=13573"}],"curies":[{"name":"wp","href":"https:\/\/api.w.org\/{rel}","templated":true}]}}