{"id":13578,"date":"2025-07-15T12:33:21","date_gmt":"2025-07-15T10:33:21","guid":{"rendered":"https:\/\/uj.adatbank.ro\/lexikon\/termek\/lakatos-aron\/"},"modified":"2025-07-15T12:33:21","modified_gmt":"2025-07-15T10:33:21","slug":"lakatos-aron","status":"publish","type":"product","link":"https:\/\/uj.adatbank.ro\/lexikon\/termek\/lakatos-aron\/","title":{"rendered":"LAKATOS \u00c1ron"},"content":{"rendered":"<p>Ny\u00e1r\u00e1dselye, 1867. okt. 25., \u2020 Gyulak\u00fata ,1931. dec. 31: lelk\u00e9sz. \u2013 Mv.-en a Ref. Koll.-ban \u00e9retts\u00e9gizett, a teol\u00f3gi\u00e1t Enyeden fejezte be. El\u0151sz\u00f6r szolg\u00e1lt Homor\u00f3dh\u00e9v\u00edzen n\u00e9gy \u00e9vet, H\u00e9derf\u00e1j\u00e1ra p\u00e1ly\u00e1zat elnyer\u00e9s\u00e9vel ker\u00fclt (1896. dec.7). Hamarosan kit\u0171nt j\u00f3 gazdaszellem\u00e9vel: meghonos\u00edtotta a szakszer\u0171 nemes sz\u0151l\u0151termeszt\u00e9st, \u00edgy felv\u00e1llalta az \u00farasztala borral \u00e9s keny\u00e9rrel val\u00f3 ell\u00e1t\u00e1s\u00e1t. A h\u00e1bor\u00fa idej\u00e9n \u0151 volt az egyed\u00fcli pap az egyh\u00e1zmegy\u00e9ben, aki megsz\u00fcntette a keperendszert szeg\u00e9nysors\u00fa h\u00edveinek kim\u00e9l\u00e9se c\u00e9lj\u00e1b\u00f3l. Szolg\u00e1lata ideje alatt renov\u00e1ltatta az egyh\u00e1zi \u00e9p\u00fcleteket, de a sz\u00e1mad\u00e1s is a r\u00e9ginek nyolcszoros\u00e1ra n\u00f6vekedett. \u00c9let\u00e9nek nagy trag\u00e9di\u00e1ja egyetlen fi\u00e1nak elveszt\u00e9se, aki a h\u00e1bor\u00fa v\u00e9g\u00e9n h\u0151si hal\u00e1lt halt (1919). Ez a szomor\u00fa esem\u00e9ny be\u00e1rny\u00e9kolta \u00e9let\u00e9nek h\u00e1tralev\u0151 \u00e9veit. Nyugd\u00edjaz\u00e1s\u00e1t k\u00e9rte (1931 j\u00fal. 1-t\u0151l), de csak az \u00e9v v\u00e9g\u00e9n kapta meg, \u00e9s azt m\u00e1r nem \u00e9rte meg.A K\u00fck\u00fcll\u0151i Egyh\u00e1zmegye tan\u00e1csb\u00edr\u00e1ja (1908)&#8211;<br \/><strong>Irod.:<\/strong> H\u00e9derf\u00e1ja \u00e9s egyh\u00e1za<\/br><\/p>\n","protected":false},"excerpt":{"rendered":"<p>Ny\u00e1r\u00e1dselye, 1867. okt. 25., \u2020 Gyulak\u00fata ,1931. dec. 31: lelk\u00e9sz. \u2013 Mv.-en a Ref. Koll.-ban \u00e9retts\u00e9gizett, a teol\u00f3gi\u00e1t Enyeden fejezte be. El\u0151sz\u00f6r szolg\u00e1lt Homor\u00f3dh\u00e9v\u00edzen n\u00e9gy \u00e9vet, H\u00e9derf\u00e1j\u00e1ra p\u00e1ly\u00e1zat elnyer\u00e9s\u00e9vel ker\u00fclt (1896. dec.7). Hamarosan kit\u0171nt j\u00f3 gazdaszellem\u00e9vel: meghonos\u00edtotta a szakszer\u0171 nemes sz\u0151l\u0151termeszt\u00e9st, \u00edgy felv\u00e1llalta az \u00farasztala borral \u00e9s keny\u00e9rrel val\u00f3 ell\u00e1t\u00e1s\u00e1t. A h\u00e1bor\u00fa idej\u00e9n \u0151 volt [&hellip;]<\/p>\n","protected":false},"featured_media":0,"comment_status":"open","ping_status":"closed","template":"","meta":[],"product_brand":[],"product_cat":[137],"product_tag":[],"class_list":{"0":"post-13578","1":"product","2":"type-product","3":"status-publish","5":"product_cat-maros-megyei-eletrajzi-lexikon","7":"first","8":"instock","9":"shipping-taxable","10":"product-type-simple"},"_links":{"self":[{"href":"https:\/\/uj.adatbank.ro\/lexikon\/wp-json\/wp\/v2\/product\/13578","targetHints":{"allow":["GET"]}}],"collection":[{"href":"https:\/\/uj.adatbank.ro\/lexikon\/wp-json\/wp\/v2\/product"}],"about":[{"href":"https:\/\/uj.adatbank.ro\/lexikon\/wp-json\/wp\/v2\/types\/product"}],"replies":[{"embeddable":true,"href":"https:\/\/uj.adatbank.ro\/lexikon\/wp-json\/wp\/v2\/comments?post=13578"}],"wp:attachment":[{"href":"https:\/\/uj.adatbank.ro\/lexikon\/wp-json\/wp\/v2\/media?parent=13578"}],"wp:term":[{"taxonomy":"product_brand","embeddable":true,"href":"https:\/\/uj.adatbank.ro\/lexikon\/wp-json\/wp\/v2\/product_brand?post=13578"},{"taxonomy":"product_cat","embeddable":true,"href":"https:\/\/uj.adatbank.ro\/lexikon\/wp-json\/wp\/v2\/product_cat?post=13578"},{"taxonomy":"product_tag","embeddable":true,"href":"https:\/\/uj.adatbank.ro\/lexikon\/wp-json\/wp\/v2\/product_tag?post=13578"}],"curies":[{"name":"wp","href":"https:\/\/api.w.org\/{rel}","templated":true}]}}

LAKATOS Áron

<p>Nyárádselye, 1867. okt. 25., † Gyulakúta ,1931. dec. 31: lelkész. – Mv.-en a Ref. Koll.-ban érettségizett, a teológiát Enyeden fejezte be. Először szolgált Homoródhévízen négy évet, Héderfájára pályázat elnyerésével került (1896. dec.7). Hamarosan kitűnt jó gazdaszellemével: meghonosította a szakszerű nemes szőlőtermesztést, így felvállalta az úrasztala borral és kenyérrel való ellátását. A háború idején ő volt az egyedüli pap az egyházmegyében, aki megszüntette a keperendszert szegénysorsú híveinek kimélése céljából. Szolgálata ideje alatt renováltatta az egyházi épületeket, de a számadás is a réginek nyolcszorosára növekedett. Életének nagy tragédiája egyetlen fiának elvesztése, aki a háború végén hősi halált halt (1919). Ez a szomorú esemény beárnyékolta életének hátralevő éveit. Nyugdíjazását kérte (1931 júl. 1-től), de csak az év végén kapta meg, és azt már nem érte meg.A Küküllői Egyházmegye tanácsbírája (1908)&#8211;<br /><strong>Irod.:</strong> Héderfája és egyháza</br></p>

<p>Nyárádselye, 1867. okt. 25., † Gyulakúta ,1931. dec. 31: lelkész. – Mv.-en a Ref. Koll.-ban érettségizett, a teológiát Enyeden fejezte be. Először szolgált Homoródhévízen négy évet, Héderfájára pályázat elnyerésével került (1896. dec.7). Hamarosan kitűnt jó gazdaszellemével: meghonosította a szakszerű nemes szőlőtermesztést, így felvállalta az úrasztala borral és kenyérrel való ellátását. A háború idején ő volt [&hellip;]</p>
