{"id":13581,"date":"2025-07-15T12:33:26","date_gmt":"2025-07-15T10:33:26","guid":{"rendered":"https:\/\/uj.adatbank.ro\/lexikon\/termek\/lakatos-imre-%c2%a7-lefkovics-1900\/"},"modified":"2025-07-15T12:33:26","modified_gmt":"2025-07-15T10:33:26","slug":"lakatos-imre-%c2%a7-lefkovics-1900","status":"publish","type":"product","link":"https:\/\/uj.adatbank.ro\/lexikon\/termek\/lakatos-imre-%c2%a7-lefkovics-1900\/","title":{"rendered":"LAKATOS Imre; \u00a7 Lefkovics (\u20131900)"},"content":{"rendered":"<p>Mv., 1882. \u00e1pr. 23., \u2020 Auschwitz, 1944 nyara: \u00fajs\u00e1g\u00edr\u00f3, szerk., \u00edr\u00f3, orvos. \u2013 Mv.-en v\u00e9gezte a k\u00f6z\u00e9piskol\u00e1it, a kv.-i Ferenc J\u00f3zsef TE-en szerzett orvosi diplom\u00e1t. Orvosk\u00e9nt soha nem dolgozott. A sz\u00e1zadel\u0151n m\u00e1r publicista Kv.-on, P\u00e1rizsban (1907), francia napilapok \u00e9s foly\u00f3iratok munkat\u00e1rsa. Megismerkedett \u00e9s bar\u00e1ts\u00e1got k\u00f6t\u00f6tt Kuncz Alad\u00e1rral \u00e9s kapcsolatba ker\u00fclt a francia szellemi \u00e9let t\u00f6bb kiemelked\u0151 szem\u00e9lyis\u00e9g\u00e9vel.Tud\u00f3s\u00edt\u00f3ja lett n\u00e9h\u00e1ny napilapnak \u00e9s foly\u00f3iratnak (Revue Politique Internationale). Kuncz Alad\u00e1rral, egy\u00fctt ker\u00fcltek francia intern\u00e1l\u00f3 t\u00e1borba (1914\u201318), majd Sv\u00e1jcba, a h\u00e1bor\u00fa befejez\u00e9se ut\u00e1n t\u00e9rt haza Mv.-re (1919\u201325). A Zord Id\u0151ben k\u00f6z\u00f6lt term\u00e9szettudom\u00e1nyi, filoz\u00f3fiai \u00e9s l\u00e9lektani cikkeket. A KZST tagja (1923\u2013), \u00e9s sz\u00e9kfoglal\u00f3j\u00e1t Bernard Shaw munk\u00e1ss\u00e1g\u00e1r\u00f3l tartotta (1928\u2013). Kv.-on az Ellenz\u00e9k k\u00fclpolitikai rovatvezet\u0151je m\u00e1sf\u00e9l \u00e9vtizeden \u00e1t (1926\u201341). Egy ideig szerk.-je volt az Erd\u00e9lyi Helikonnak is (1931. okt.-dec.), \u0151 szerkesztette a Kuncz-eml\u00e9ksz\u00e1mot. K\u00f6z\u00f6lt m\u00e9g a Kalauz-ban nagyobb tanulm\u00e1nyokat. R\u00e9szt vett t\u00f6bb marosv\u00e9csi Helikon tal\u00e1lkoz\u00f3n. A fajv\u00e9d\u0151 t\u00f6rv\u00e9ny alapj\u00e1n, zsid\u00f3 sz\u00e1rmaz\u00e1sa miatt, megfosztott\u00e1k \u00e1ll\u00e1s\u00e1t\u00f3l. Kv.-on a Gestapo letart\u00f3ztatta, majd az auschwitzi koncentr\u00e1ci\u00f3s t\u00e1borba deport\u00e1lt\u00e1k, ahol meg\u00f6lt\u00e9k \u2013 <strong>F. m.:<\/strong> A tragikus remekm\u0171 (Kv., 1931); antolog.: Bernard Shaw-r\u00f3l = \u00dcnnepi k\u00f6nyv; Nacionalizmus Franciaorsz\u00e1gban = Az Erd\u00e9lyi Helikon t\u00edz\u00e9ves fen\u00e1ll\u00e1s\u00e1ra kiadott antol\u00f3gi\u00e1ban (Kv., 1934), A k\u00e9t Bolyai = Erd\u00e9lyi csillagok (Kv., 1935). <br \/><strong>Irod.:<\/strong> 1924\u20131944 Helikon; Adamovits; Dsida; Az ECE eml\u00e9kk\u00f6nyve (Kv., 1934); Az Erd\u00e9lyi Helikon magyaro.-i bar\u00e1tainak aranyk\u00f6nyve (Kv., 1937); Guly\u00e1s; Jancs\u00f3 Elem\u00e9r: L. I., a humanista szellem, a demokrata Eur\u00f3pa hitvall\u00f3ja = Kort\u00e1rsaim. (Buk., 1976); Kusz\u00e1lik; Marosi-Helikon; Marosi-KZST; M\u00c9L; Molter 1.; Osv\u00e1th; Pomog\u00e1ts 1.; RMIL; R\u00daL; \u00daM\u00c9L; \u00dcnnepi k\u00f6nyv<\/br><\/p>\n","protected":false},"excerpt":{"rendered":"<p>Mv., 1882. \u00e1pr. 23., \u2020 Auschwitz, 1944 nyara: \u00fajs\u00e1g\u00edr\u00f3, szerk., \u00edr\u00f3, orvos. \u2013 Mv.-en v\u00e9gezte a k\u00f6z\u00e9piskol\u00e1it, a kv.-i Ferenc J\u00f3zsef TE-en szerzett orvosi diplom\u00e1t. Orvosk\u00e9nt soha nem dolgozott. A sz\u00e1zadel\u0151n m\u00e1r publicista Kv.-on, P\u00e1rizsban (1907), francia napilapok \u00e9s foly\u00f3iratok munkat\u00e1rsa. Megismerkedett \u00e9s bar\u00e1ts\u00e1got k\u00f6t\u00f6tt Kuncz Alad\u00e1rral \u00e9s kapcsolatba ker\u00fclt a francia szellemi \u00e9let t\u00f6bb [&hellip;]<\/p>\n","protected":false},"featured_media":0,"comment_status":"open","ping_status":"closed","template":"","meta":[],"product_brand":[],"product_cat":[137],"product_tag":[],"class_list":{"0":"post-13581","1":"product","2":"type-product","3":"status-publish","5":"product_cat-maros-megyei-eletrajzi-lexikon","7":"first","8":"instock","9":"shipping-taxable","10":"product-type-simple"},"_links":{"self":[{"href":"https:\/\/uj.adatbank.ro\/lexikon\/wp-json\/wp\/v2\/product\/13581","targetHints":{"allow":["GET"]}}],"collection":[{"href":"https:\/\/uj.adatbank.ro\/lexikon\/wp-json\/wp\/v2\/product"}],"about":[{"href":"https:\/\/uj.adatbank.ro\/lexikon\/wp-json\/wp\/v2\/types\/product"}],"replies":[{"embeddable":true,"href":"https:\/\/uj.adatbank.ro\/lexikon\/wp-json\/wp\/v2\/comments?post=13581"}],"wp:attachment":[{"href":"https:\/\/uj.adatbank.ro\/lexikon\/wp-json\/wp\/v2\/media?parent=13581"}],"wp:term":[{"taxonomy":"product_brand","embeddable":true,"href":"https:\/\/uj.adatbank.ro\/lexikon\/wp-json\/wp\/v2\/product_brand?post=13581"},{"taxonomy":"product_cat","embeddable":true,"href":"https:\/\/uj.adatbank.ro\/lexikon\/wp-json\/wp\/v2\/product_cat?post=13581"},{"taxonomy":"product_tag","embeddable":true,"href":"https:\/\/uj.adatbank.ro\/lexikon\/wp-json\/wp\/v2\/product_tag?post=13581"}],"curies":[{"name":"wp","href":"https:\/\/api.w.org\/{rel}","templated":true}]}}

<p>Mv., 1882. ápr. 23., † Auschwitz, 1944 nyara: újságíró, szerk., író, orvos. – Mv.-en végezte a középiskoláit, a kv.-i Ferenc József TE-en szerzett orvosi diplomát. Orvosként soha nem dolgozott. A századelőn már publicista Kv.-on, Párizsban (1907), francia napilapok és folyóiratok munkatársa. Megismerkedett és barátságot kötött Kuncz Aladárral és kapcsolatba került a francia szellemi élet több kiemelkedő személyiségével.Tudósítója lett néhány napilapnak és folyóiratnak (Revue Politique Internationale). Kuncz Aladárral, együtt kerültek francia internáló táborba (1914–18), majd Svájcba, a háború befejezése után tért haza Mv.-re (1919–25). A Zord Időben közölt természettudományi, filozófiai és lélektani cikkeket. A KZST tagja (1923–), és székfoglalóját Bernard Shaw munkásságáról tartotta (1928–). Kv.-on az Ellenzék külpolitikai rovatvezetője másfél évtizeden át (1926–41). Egy ideig szerk.-je volt az Erdélyi Helikonnak is (1931. okt.-dec.), ő szerkesztette a Kuncz-emlékszámot. Közölt még a Kalauz-ban nagyobb tanulmányokat. Részt vett több marosvécsi Helikon találkozón. A fajvédő törvény alapján, zsidó származása miatt, megfosztották állásától. Kv.-on a Gestapo letartóztatta, majd az auschwitzi koncentrációs táborba deportálták, ahol megölték – <strong>F. m.:</strong> A tragikus remekmű (Kv., 1931); antolog.: Bernard Shaw-ról = Ünnepi könyv; Nacionalizmus Franciaországban = Az Erdélyi Helikon tízéves fenállására kiadott antológiában (Kv., 1934), A két Bolyai = Erdélyi csillagok (Kv., 1935). <br /><strong>Irod.:</strong> 1924–1944 Helikon; Adamovits; Dsida; Az ECE emlékkönyve (Kv., 1934); Az Erdélyi Helikon magyaro.-i barátainak aranykönyve (Kv., 1937); Gulyás; Jancsó Elemér: L. I., a humanista szellem, a demokrata Európa hitvallója = Kortársaim. (Buk., 1976); Kuszálik; Marosi-Helikon; Marosi-KZST; MÉL; Molter 1.; Osváth; Pomogáts 1.; RMIL; RÚL; ÚMÉL; Ünnepi könyv</br></p>

<p>Mv., 1882. ápr. 23., † Auschwitz, 1944 nyara: újságíró, szerk., író, orvos. – Mv.-en végezte a középiskoláit, a kv.-i Ferenc József TE-en szerzett orvosi diplomát. Orvosként soha nem dolgozott. A századelőn már publicista Kv.-on, Párizsban (1907), francia napilapok és folyóiratok munkatársa. Megismerkedett és barátságot kötött Kuncz Aladárral és kapcsolatba került a francia szellemi élet több [&hellip;]</p>
