{"id":13582,"date":"2025-07-15T12:33:28","date_gmt":"2025-07-15T10:33:28","guid":{"rendered":"https:\/\/uj.adatbank.ro\/lexikon\/termek\/lakatos-istvan\/"},"modified":"2025-07-15T12:33:28","modified_gmt":"2025-07-15T10:33:28","slug":"lakatos-istvan","status":"publish","type":"product","link":"https:\/\/uj.adatbank.ro\/lexikon\/termek\/lakatos-istvan\/","title":{"rendered":"LAKATOS Istv\u00e1n"},"content":{"rendered":"<p>Kelementelke, 1896.,\u2020\u00a0?\u00a0: tan\u00edt\u00f3, igazgat\u00f3. \u2013 Tanulm\u00e1nyait Sz\u00e9kelyudvarhelyt \u00e9s Nagyenyeden v\u00e9gezte \u00e9s Gegesen kezdett el tan\u00edtani. Az els\u0151 vh.-ban a 22. honv. gy. ezr.-ben az orosz fronton harcolt, megsebes\u00fclt, mint z\u00e1szl\u00f3s szerelt le a II. o. ez\u00fcst \u00e9s a bronz v. \u00e9rem kit\u00fcntet\u00e9sekkel. Rigm\u00e1nyban tan\u00edtott (1940\u2013). A MP vezet\u0151s\u00e9gi tagja volt, megszervezte a dal\u00e1rd\u00e1t, kultur\u00e1lis el\u0151ad\u00e1sokat tartott, sz\u00edniel\u0151ad\u00e1sokat tan\u00edtott be \u00e9s minden hazafias \u00e9s kultur\u00e1lis egyes\u00fclet munk\u00e1j\u00e1t t\u00e1mogatta. <br \/><strong>Irod.:<\/strong> Ref. egyetemes n\u00e9vt\u00e1r; Sz\u00e9kelyf\u00f6ld \u00ed.k<\/br><\/p>\n","protected":false},"excerpt":{"rendered":"<p>Kelementelke, 1896.,\u2020\u00a0?\u00a0: tan\u00edt\u00f3, igazgat\u00f3. \u2013 Tanulm\u00e1nyait Sz\u00e9kelyudvarhelyt \u00e9s Nagyenyeden v\u00e9gezte \u00e9s Gegesen kezdett el tan\u00edtani. Az els\u0151 vh.-ban a 22. honv. gy. ezr.-ben az orosz fronton harcolt, megsebes\u00fclt, mint z\u00e1szl\u00f3s szerelt le a II. o. ez\u00fcst \u00e9s a bronz v. \u00e9rem kit\u00fcntet\u00e9sekkel. Rigm\u00e1nyban tan\u00edtott (1940\u2013). A MP vezet\u0151s\u00e9gi tagja volt, megszervezte a dal\u00e1rd\u00e1t, kultur\u00e1lis el\u0151ad\u00e1sokat [&hellip;]<\/p>\n","protected":false},"featured_media":0,"comment_status":"open","ping_status":"closed","template":"","meta":[],"product_brand":[],"product_cat":[137],"product_tag":[],"class_list":{"0":"post-13582","1":"product","2":"type-product","3":"status-publish","5":"product_cat-maros-megyei-eletrajzi-lexikon","7":"first","8":"instock","9":"shipping-taxable","10":"product-type-simple"},"_links":{"self":[{"href":"https:\/\/uj.adatbank.ro\/lexikon\/wp-json\/wp\/v2\/product\/13582","targetHints":{"allow":["GET"]}}],"collection":[{"href":"https:\/\/uj.adatbank.ro\/lexikon\/wp-json\/wp\/v2\/product"}],"about":[{"href":"https:\/\/uj.adatbank.ro\/lexikon\/wp-json\/wp\/v2\/types\/product"}],"replies":[{"embeddable":true,"href":"https:\/\/uj.adatbank.ro\/lexikon\/wp-json\/wp\/v2\/comments?post=13582"}],"wp:attachment":[{"href":"https:\/\/uj.adatbank.ro\/lexikon\/wp-json\/wp\/v2\/media?parent=13582"}],"wp:term":[{"taxonomy":"product_brand","embeddable":true,"href":"https:\/\/uj.adatbank.ro\/lexikon\/wp-json\/wp\/v2\/product_brand?post=13582"},{"taxonomy":"product_cat","embeddable":true,"href":"https:\/\/uj.adatbank.ro\/lexikon\/wp-json\/wp\/v2\/product_cat?post=13582"},{"taxonomy":"product_tag","embeddable":true,"href":"https:\/\/uj.adatbank.ro\/lexikon\/wp-json\/wp\/v2\/product_tag?post=13582"}],"curies":[{"name":"wp","href":"https:\/\/api.w.org\/{rel}","templated":true}]}}

LAKATOS István

<p>Kelementelke, 1896.,† ? : tanító, igazgató. – Tanulmányait Székelyudvarhelyt és Nagyenyeden végezte és Gegesen kezdett el tanítani. Az első vh.-ban a 22. honv. gy. ezr.-ben az orosz fronton harcolt, megsebesült, mint zászlós szerelt le a II. o. ezüst és a bronz v. érem kitüntetésekkel. Rigmányban tanított (1940–). A MP vezetőségi tagja volt, megszervezte a dalárdát, kulturális előadásokat tartott, színielőadásokat tanított be és minden hazafias és kulturális egyesület munkáját támogatta. <br /><strong>Irod.:</strong> Ref. egyetemes névtár; Székelyföld í.k</br></p>

<p>Kelementelke, 1896.,† ? : tanító, igazgató. – Tanulmányait Székelyudvarhelyt és Nagyenyeden végezte és Gegesen kezdett el tanítani. Az első vh.-ban a 22. honv. gy. ezr.-ben az orosz fronton harcolt, megsebesült, mint zászlós szerelt le a II. o. ezüst és a bronz v. érem kitüntetésekkel. Rigmányban tanított (1940–). A MP vezetőségi tagja volt, megszervezte a dalárdát, kulturális előadásokat [&hellip;]</p>
