{"id":13586,"date":"2025-07-15T12:33:37","date_gmt":"2025-07-15T10:33:37","guid":{"rendered":"https:\/\/uj.adatbank.ro\/lexikon\/termek\/lakatos-janos-kantai\/"},"modified":"2025-07-15T12:33:37","modified_gmt":"2025-07-15T10:33:37","slug":"lakatos-janos-kantai","status":"publish","type":"product","link":"https:\/\/uj.adatbank.ro\/lexikon\/termek\/lakatos-janos-kantai\/","title":{"rendered":"LAKATOS J\u00e1nos, kantai"},"content":{"rendered":"<p>Ny\u00e1r\u00e1dremete, 1817. jan. 21., \u2020\u00a0Ny\u00e1r\u00e1dremete, 1876. jun. 18.: r. k. pap. \u2013 Kv.-on tanult, papp\u00e1 szentelt\u00e9k (1840. j\u00fan. 28.). Tan\u00e1r Gyulafeh\u00e9rv\u00e1ron, k\u00e1pl\u00e1n Gyergy\u00f3szentmikl\u00f3son (1841), pl\u00e9b\u00e1nos Kiskapuson (1842), Ny\u00e1r\u00e1dk\u00f6szv\u00e9nyes-Ny\u00e1r\u00e1dremet\u00e9n (1848. szept.\u20131874). Szolg\u00e1lata ideje alatt \u00e9p\u00fclt a ny\u00e1r\u00e1dremetei pleb\u00e1nia \u00e9p\u00fclete. <br \/><strong>Irod.:<\/strong> Eremitu\u2013Ny\u00e1r\u00e1dremete; Ferenczi S\u00e1ndor 2009; Ny\u00e1r\u00e1dremete; Maros-k\u00fck\u00fcll\u0151i f\u0151esp; Maros megyei m. t\u00f6rt.5.<\/br><\/p>\n","protected":false},"excerpt":{"rendered":"<p>Ny\u00e1r\u00e1dremete, 1817. jan. 21., \u2020\u00a0Ny\u00e1r\u00e1dremete, 1876. jun. 18.: r. k. pap. \u2013 Kv.-on tanult, papp\u00e1 szentelt\u00e9k (1840. j\u00fan. 28.). Tan\u00e1r Gyulafeh\u00e9rv\u00e1ron, k\u00e1pl\u00e1n Gyergy\u00f3szentmikl\u00f3son (1841), pl\u00e9b\u00e1nos Kiskapuson (1842), Ny\u00e1r\u00e1dk\u00f6szv\u00e9nyes-Ny\u00e1r\u00e1dremet\u00e9n (1848. szept.\u20131874). Szolg\u00e1lata ideje alatt \u00e9p\u00fclt a ny\u00e1r\u00e1dremetei pleb\u00e1nia \u00e9p\u00fclete. Irod.: Eremitu\u2013Ny\u00e1r\u00e1dremete; Ferenczi S\u00e1ndor 2009; Ny\u00e1r\u00e1dremete; Maros-k\u00fck\u00fcll\u0151i f\u0151esp; Maros megyei m. t\u00f6rt.5.<\/p>\n","protected":false},"featured_media":0,"comment_status":"open","ping_status":"closed","template":"","meta":[],"product_brand":[],"product_cat":[137],"product_tag":[],"class_list":{"0":"post-13586","1":"product","2":"type-product","3":"status-publish","5":"product_cat-maros-megyei-eletrajzi-lexikon","7":"first","8":"instock","9":"shipping-taxable","10":"product-type-simple"},"_links":{"self":[{"href":"https:\/\/uj.adatbank.ro\/lexikon\/wp-json\/wp\/v2\/product\/13586","targetHints":{"allow":["GET"]}}],"collection":[{"href":"https:\/\/uj.adatbank.ro\/lexikon\/wp-json\/wp\/v2\/product"}],"about":[{"href":"https:\/\/uj.adatbank.ro\/lexikon\/wp-json\/wp\/v2\/types\/product"}],"replies":[{"embeddable":true,"href":"https:\/\/uj.adatbank.ro\/lexikon\/wp-json\/wp\/v2\/comments?post=13586"}],"wp:attachment":[{"href":"https:\/\/uj.adatbank.ro\/lexikon\/wp-json\/wp\/v2\/media?parent=13586"}],"wp:term":[{"taxonomy":"product_brand","embeddable":true,"href":"https:\/\/uj.adatbank.ro\/lexikon\/wp-json\/wp\/v2\/product_brand?post=13586"},{"taxonomy":"product_cat","embeddable":true,"href":"https:\/\/uj.adatbank.ro\/lexikon\/wp-json\/wp\/v2\/product_cat?post=13586"},{"taxonomy":"product_tag","embeddable":true,"href":"https:\/\/uj.adatbank.ro\/lexikon\/wp-json\/wp\/v2\/product_tag?post=13586"}],"curies":[{"name":"wp","href":"https:\/\/api.w.org\/{rel}","templated":true}]}}

LAKATOS János, kantai

<p>Nyárádremete, 1817. jan. 21., † Nyárádremete, 1876. jun. 18.: r. k. pap. – Kv.-on tanult, pappá szentelték (1840. jún. 28.). Tanár Gyulafehérváron, káplán Gyergyószentmiklóson (1841), plébános Kiskapuson (1842), Nyárádköszvényes-Nyárádremetén (1848. szept.–1874). Szolgálata ideje alatt épült a nyárádremetei plebánia épülete. <br /><strong>Irod.:</strong> Eremitu–Nyárádremete; Ferenczi Sándor 2009; Nyárádremete; Maros-küküllői főesp; Maros megyei m. tört.5.</br></p>

<p>Nyárádremete, 1817. jan. 21., † Nyárádremete, 1876. jun. 18.: r. k. pap. – Kv.-on tanult, pappá szentelték (1840. jún. 28.). Tanár Gyulafehérváron, káplán Gyergyószentmiklóson (1841), plébános Kiskapuson (1842), Nyárádköszvényes-Nyárádremetén (1848. szept.–1874). Szolgálata ideje alatt épült a nyárádremetei plebánia épülete. Irod.: Eremitu–Nyárádremete; Ferenczi Sándor 2009; Nyárádremete; Maros-küküllői főesp; Maros megyei m. tört.5.</p>
