{"id":13591,"date":"2025-07-15T12:33:47","date_gmt":"2025-07-15T10:33:47","guid":{"rendered":"https:\/\/uj.adatbank.ro\/lexikon\/termek\/lakatos-samuel-3\/"},"modified":"2025-07-15T12:33:47","modified_gmt":"2025-07-15T10:33:47","slug":"lakatos-samuel-3","status":"publish","type":"product","link":"https:\/\/uj.adatbank.ro\/lexikon\/termek\/lakatos-samuel-3\/","title":{"rendered":"LAKATOS S\u00e1muel"},"content":{"rendered":"<p>? \u2020\u00a0? : p\u00e9nzhamis\u00edt\u00f3. \u2013 P\u00e9nzhamis\u00edt\u00e1s k\u00f6zben elfogt\u00e1k Bodor P\u00e9terrel egy\u00fctt (1820). <br \/><strong>Irod.:<\/strong> Id\u0151t\u00e1r 1<\/br><\/p>\n","protected":false},"excerpt":{"rendered":"<p>? \u2020\u00a0? : p\u00e9nzhamis\u00edt\u00f3. \u2013 P\u00e9nzhamis\u00edt\u00e1s k\u00f6zben elfogt\u00e1k Bodor P\u00e9terrel egy\u00fctt (1820). Irod.: Id\u0151t\u00e1r 1<\/p>\n","protected":false},"featured_media":0,"comment_status":"open","ping_status":"closed","template":"","meta":[],"product_brand":[],"product_cat":[137],"product_tag":[],"class_list":{"0":"post-13591","1":"product","2":"type-product","3":"status-publish","5":"product_cat-maros-megyei-eletrajzi-lexikon","7":"first","8":"instock","9":"shipping-taxable","10":"product-type-simple"},"_links":{"self":[{"href":"https:\/\/uj.adatbank.ro\/lexikon\/wp-json\/wp\/v2\/product\/13591","targetHints":{"allow":["GET"]}}],"collection":[{"href":"https:\/\/uj.adatbank.ro\/lexikon\/wp-json\/wp\/v2\/product"}],"about":[{"href":"https:\/\/uj.adatbank.ro\/lexikon\/wp-json\/wp\/v2\/types\/product"}],"replies":[{"embeddable":true,"href":"https:\/\/uj.adatbank.ro\/lexikon\/wp-json\/wp\/v2\/comments?post=13591"}],"wp:attachment":[{"href":"https:\/\/uj.adatbank.ro\/lexikon\/wp-json\/wp\/v2\/media?parent=13591"}],"wp:term":[{"taxonomy":"product_brand","embeddable":true,"href":"https:\/\/uj.adatbank.ro\/lexikon\/wp-json\/wp\/v2\/product_brand?post=13591"},{"taxonomy":"product_cat","embeddable":true,"href":"https:\/\/uj.adatbank.ro\/lexikon\/wp-json\/wp\/v2\/product_cat?post=13591"},{"taxonomy":"product_tag","embeddable":true,"href":"https:\/\/uj.adatbank.ro\/lexikon\/wp-json\/wp\/v2\/product_tag?post=13591"}],"curies":[{"name":"wp","href":"https:\/\/api.w.org\/{rel}","templated":true}]}}