{"id":13594,"date":"2025-07-15T12:33:52","date_gmt":"2025-07-15T10:33:52","guid":{"rendered":"https:\/\/uj.adatbank.ro\/lexikon\/termek\/lako-janos\/"},"modified":"2025-07-15T12:33:52","modified_gmt":"2025-07-15T10:33:52","slug":"lako-janos","status":"publish","type":"product","link":"https:\/\/uj.adatbank.ro\/lexikon\/termek\/lako-janos\/","title":{"rendered":"LAK\u00d3 J\u00e1nos"},"content":{"rendered":"<p>Ny\u00e1r\u00e1dk\u00f6szv\u00e9nyes,1892. okt. 15., \u2020 Ny\u00e1r\u00e1dk\u00f6szv\u00e9nyes, 1978. j\u00fan. 12.: r. k. pap. \u2013 A gimn.-ot Mv.-en \u00e9s Gyulafeh\u00e9rv\u00e1ron, teol\u00f3gi\u00e1t Gyulafeh\u00e9rv\u00e1ron v\u00e9gezte \u00e9s papp\u00e1 szentelt\u00e9k (1916. m\u00e1j. 9.). K\u00e1pl\u00e1n Piskitelepen, Cs\u00edksomly\u00f3n, pl\u00e9b\u00e1nos Gyergy\u00f3b\u00e9k\u00e1son, Szentegyh\u00e1zasfaluban, Marosj\u00e1r\u00e1n (1938\u2013), Sz\u00e9kelyhodoson (1939\u2013), Eheden (1941\u201369). <br \/><strong>Irod.:<\/strong> Ferenczi S\u00e1ndor 2009; Maros-k\u00fck\u00fcll\u0151i f\u0151esp.<\/br><\/p>\n","protected":false},"excerpt":{"rendered":"<p>Ny\u00e1r\u00e1dk\u00f6szv\u00e9nyes,1892. okt. 15., \u2020 Ny\u00e1r\u00e1dk\u00f6szv\u00e9nyes, 1978. j\u00fan. 12.: r. k. pap. \u2013 A gimn.-ot Mv.-en \u00e9s Gyulafeh\u00e9rv\u00e1ron, teol\u00f3gi\u00e1t Gyulafeh\u00e9rv\u00e1ron v\u00e9gezte \u00e9s papp\u00e1 szentelt\u00e9k (1916. m\u00e1j. 9.). K\u00e1pl\u00e1n Piskitelepen, Cs\u00edksomly\u00f3n, pl\u00e9b\u00e1nos Gyergy\u00f3b\u00e9k\u00e1son, Szentegyh\u00e1zasfaluban, Marosj\u00e1r\u00e1n (1938\u2013), Sz\u00e9kelyhodoson (1939\u2013), Eheden (1941\u201369). Irod.: Ferenczi S\u00e1ndor 2009; Maros-k\u00fck\u00fcll\u0151i f\u0151esp.<\/p>\n","protected":false},"featured_media":0,"comment_status":"open","ping_status":"closed","template":"","meta":[],"product_brand":[],"product_cat":[137],"product_tag":[],"class_list":{"0":"post-13594","1":"product","2":"type-product","3":"status-publish","5":"product_cat-maros-megyei-eletrajzi-lexikon","7":"first","8":"instock","9":"shipping-taxable","10":"product-type-simple"},"_links":{"self":[{"href":"https:\/\/uj.adatbank.ro\/lexikon\/wp-json\/wp\/v2\/product\/13594","targetHints":{"allow":["GET"]}}],"collection":[{"href":"https:\/\/uj.adatbank.ro\/lexikon\/wp-json\/wp\/v2\/product"}],"about":[{"href":"https:\/\/uj.adatbank.ro\/lexikon\/wp-json\/wp\/v2\/types\/product"}],"replies":[{"embeddable":true,"href":"https:\/\/uj.adatbank.ro\/lexikon\/wp-json\/wp\/v2\/comments?post=13594"}],"wp:attachment":[{"href":"https:\/\/uj.adatbank.ro\/lexikon\/wp-json\/wp\/v2\/media?parent=13594"}],"wp:term":[{"taxonomy":"product_brand","embeddable":true,"href":"https:\/\/uj.adatbank.ro\/lexikon\/wp-json\/wp\/v2\/product_brand?post=13594"},{"taxonomy":"product_cat","embeddable":true,"href":"https:\/\/uj.adatbank.ro\/lexikon\/wp-json\/wp\/v2\/product_cat?post=13594"},{"taxonomy":"product_tag","embeddable":true,"href":"https:\/\/uj.adatbank.ro\/lexikon\/wp-json\/wp\/v2\/product_tag?post=13594"}],"curies":[{"name":"wp","href":"https:\/\/api.w.org\/{rel}","templated":true}]}}

LAKÓ János

<p>Nyárádköszvényes,1892. okt. 15., † Nyárádköszvényes, 1978. jún. 12.: r. k. pap. – A gimn.-ot Mv.-en és Gyulafehérváron, teológiát Gyulafehérváron végezte és pappá szentelték (1916. máj. 9.). Káplán Piskitelepen, Csíksomlyón, plébános Gyergyóbékáson, Szentegyházasfaluban, Marosjárán (1938–), Székelyhodoson (1939–), Eheden (1941–69). <br /><strong>Irod.:</strong> Ferenczi Sándor 2009; Maros-küküllői főesp.</br></p>

<p>Nyárádköszvényes,1892. okt. 15., † Nyárádköszvényes, 1978. jún. 12.: r. k. pap. – A gimn.-ot Mv.-en és Gyulafehérváron, teológiát Gyulafehérváron végezte és pappá szentelték (1916. máj. 9.). Káplán Piskitelepen, Csíksomlyón, plébános Gyergyóbékáson, Szentegyházasfaluban, Marosjárán (1938–), Székelyhodoson (1939–), Eheden (1941–69). Irod.: Ferenczi Sándor 2009; Maros-küküllői főesp.</p>
