{"id":13595,"date":"2025-07-15T12:33:54","date_gmt":"2025-07-15T10:33:54","guid":{"rendered":"https:\/\/uj.adatbank.ro\/lexikon\/termek\/lako-menyhert-lako-menyhard\/"},"modified":"2025-07-15T12:33:54","modified_gmt":"2025-07-15T10:33:54","slug":"lako-menyhert-lako-menyhard","status":"publish","type":"product","link":"https:\/\/uj.adatbank.ro\/lexikon\/termek\/lako-menyhert-lako-menyhard\/","title":{"rendered":"LAK\u00d3 Menyh\u00e9rt, Lak\u00f3 Menyh\u00e1rd"},"content":{"rendered":"<p>Ny\u00e1r\u00e1dk\u00f6szv\u00e9nyes, 1908. jan. 3., \u2020\u00a0Mv., 1990. dec. 3.: r. k. pl\u00e9b\u00e1nos. \u2013 Tanulm\u00e1nyait Mv.-en \u00e9s Gyulafeh\u00e9rv\u00e1ron v\u00e9gezte (1926), felszentelt pap (1932. j\u00fan. 12.\u2013). Cs\u00edksomly\u00f3n kezdte p\u00e1lyafut\u00e1s\u00e1t, K\u00e1pl\u00e1n Sz\u00e9kelyudvarhelyen (1934), Mv.-en (1935), pl\u00e9b\u00e1nos Sz\u00e9kelyb\u0151ben (1944), Ny\u00e1r\u00e1dszered\u00e1ban pl\u00e9b\u00e1nos (1935\u201358).A securitate megfigyeltette (1955 k.\u2013). A f\u0151t\u00e9ren v\u00e1s\u00e1rolt telket, ahol kis k\u00e1poln\u00e1t \u00e9p\u00edttetett. Dem\u00e9nyh\u00e1z\u00e1n lelkip\u00e1sztor (1959\u201386), majd Hodoson szolg\u00e1lt(1960), ebben az id\u0151ben a levelez\u00e9s\u00e9t is figyelte, ellen\u0151r\u00edzte a securitate (1968\u2013). <br \/><strong>Irod.:<\/strong> Bartos 2012; Cs\u00edkfalva; Ferenczi S\u00e1ndor 2009; Ferenczi S\u00e1ndor 2012; Maros-k\u00fck\u00fcll\u0151i f\u0151esp.; [Nekrol\u00f3g] (N\u00fa., 1990. dec. 5.); Ny\u00e1r\u00e1dszereda: Kiskalauz; Sz\u00e9kelyf\u00f6ld \u00ed.k<\/br><\/p>\n","protected":false},"excerpt":{"rendered":"<p>Ny\u00e1r\u00e1dk\u00f6szv\u00e9nyes, 1908. jan. 3., \u2020\u00a0Mv., 1990. dec. 3.: r. k. pl\u00e9b\u00e1nos. \u2013 Tanulm\u00e1nyait Mv.-en \u00e9s Gyulafeh\u00e9rv\u00e1ron v\u00e9gezte (1926), felszentelt pap (1932. j\u00fan. 12.\u2013). Cs\u00edksomly\u00f3n kezdte p\u00e1lyafut\u00e1s\u00e1t, K\u00e1pl\u00e1n Sz\u00e9kelyudvarhelyen (1934), Mv.-en (1935), pl\u00e9b\u00e1nos Sz\u00e9kelyb\u0151ben (1944), Ny\u00e1r\u00e1dszered\u00e1ban pl\u00e9b\u00e1nos (1935\u201358).A securitate megfigyeltette (1955 k.\u2013). A f\u0151t\u00e9ren v\u00e1s\u00e1rolt telket, ahol kis k\u00e1poln\u00e1t \u00e9p\u00edttetett. Dem\u00e9nyh\u00e1z\u00e1n lelkip\u00e1sztor (1959\u201386), majd Hodoson szolg\u00e1lt(1960), [&hellip;]<\/p>\n","protected":false},"featured_media":0,"comment_status":"open","ping_status":"closed","template":"","meta":[],"product_brand":[],"product_cat":[137],"product_tag":[],"class_list":{"0":"post-13595","1":"product","2":"type-product","3":"status-publish","5":"product_cat-maros-megyei-eletrajzi-lexikon","7":"first","8":"instock","9":"shipping-taxable","10":"product-type-simple"},"_links":{"self":[{"href":"https:\/\/uj.adatbank.ro\/lexikon\/wp-json\/wp\/v2\/product\/13595","targetHints":{"allow":["GET"]}}],"collection":[{"href":"https:\/\/uj.adatbank.ro\/lexikon\/wp-json\/wp\/v2\/product"}],"about":[{"href":"https:\/\/uj.adatbank.ro\/lexikon\/wp-json\/wp\/v2\/types\/product"}],"replies":[{"embeddable":true,"href":"https:\/\/uj.adatbank.ro\/lexikon\/wp-json\/wp\/v2\/comments?post=13595"}],"wp:attachment":[{"href":"https:\/\/uj.adatbank.ro\/lexikon\/wp-json\/wp\/v2\/media?parent=13595"}],"wp:term":[{"taxonomy":"product_brand","embeddable":true,"href":"https:\/\/uj.adatbank.ro\/lexikon\/wp-json\/wp\/v2\/product_brand?post=13595"},{"taxonomy":"product_cat","embeddable":true,"href":"https:\/\/uj.adatbank.ro\/lexikon\/wp-json\/wp\/v2\/product_cat?post=13595"},{"taxonomy":"product_tag","embeddable":true,"href":"https:\/\/uj.adatbank.ro\/lexikon\/wp-json\/wp\/v2\/product_tag?post=13595"}],"curies":[{"name":"wp","href":"https:\/\/api.w.org\/{rel}","templated":true}]}}

LAKÓ Menyhért, Lakó Menyhárd

<p>Nyárádköszvényes, 1908. jan. 3., † Mv., 1990. dec. 3.: r. k. plébános. – Tanulmányait Mv.-en és Gyulafehérváron végezte (1926), felszentelt pap (1932. jún. 12.–). Csíksomlyón kezdte pályafutását, Káplán Székelyudvarhelyen (1934), Mv.-en (1935), plébános Székelybőben (1944), Nyárádszeredában plébános (1935–58).A securitate megfigyeltette (1955 k.–). A főtéren vásárolt telket, ahol kis kápolnát építtetett. Deményházán lelkipásztor (1959–86), majd Hodoson szolgált(1960), ebben az időben a levelezését is figyelte, ellenőrízte a securitate (1968–). <br /><strong>Irod.:</strong> Bartos 2012; Csíkfalva; Ferenczi Sándor 2009; Ferenczi Sándor 2012; Maros-küküllői főesp.; [Nekrológ] (Nú., 1990. dec. 5.); Nyárádszereda: Kiskalauz; Székelyföld í.k</br></p>

<p>Nyárádköszvényes, 1908. jan. 3., † Mv., 1990. dec. 3.: r. k. plébános. – Tanulmányait Mv.-en és Gyulafehérváron végezte (1926), felszentelt pap (1932. jún. 12.–). Csíksomlyón kezdte pályafutását, Káplán Székelyudvarhelyen (1934), Mv.-en (1935), plébános Székelybőben (1944), Nyárádszeredában plébános (1935–58).A securitate megfigyeltette (1955 k.–). A főtéren vásárolt telket, ahol kis kápolnát építtetett. Deményházán lelkipásztor (1959–86), majd Hodoson szolgált(1960), [&hellip;]</p>
