{"id":13596,"date":"2025-07-15T12:33:55","date_gmt":"2025-07-15T10:33:55","guid":{"rendered":"https:\/\/uj.adatbank.ro\/lexikon\/termek\/lalut-remus\/"},"modified":"2025-07-15T12:33:55","modified_gmt":"2025-07-15T10:33:55","slug":"lalut-remus","status":"publish","type":"product","link":"https:\/\/uj.adatbank.ro\/lexikon\/termek\/lalut-remus\/","title":{"rendered":"L\u0102LU\u0162, Remus"},"content":{"rendered":"<p>Marosbog\u00e1t, 1908. m\u00e1rc. 4., \u2020\u00a0Marosoroszi, 1950. aug. 3.: f\u00f6ldbirtokos. \u2013 Marosorosziban gazd\u00e1lkodott. \u00d6nk\u00e9nt nem akart beiratkozni a kollektiv gazdas\u00e1gba \u00e9s ez\u00e9rt letart\u00f3ztatt\u00e1k (1950. aug. 1.) \u00e9s a tordai szekuritatera hurcolt\u00e1k, majd a vallat\u00f3i visszahozt\u00e1k. Bujk\u00e1lt a faluban, \u00e9s a N\u00e9ptan\u00e1cs felsz\u00f3l\u00edt\u00e1s\u00e1ra sem jelent meg. Egy helybeli feljelent\u00e9se nyom\u00e1n megtal\u00e1lt\u00e1k, \u00e9s bel\u00fcgyminiszt\u00e9riumi szervek \u0151rizetbe vett\u00e9k, \u00e9s kifele k\u00eds\u00e9rt\u00e9k a falub\u00f3l, majd a falu temet\u0151j\u00e9t\u0151l nem messze, a saj\u00e1t f\u00f6ldj\u00e9nek hat\u00e1r\u00e1ban lel\u0151tt\u00e9k, \u00e9s ott is hantoltatt\u00e1k el. Az \u00f6zvegy k\u00e9r\u00e9s\u00e9re, m\u00e9g a kommunizmus id\u0151szak\u00e1ban, t\u00f6bb \u00e9vtizeddel k\u00e9s\u0151bb kihantolt\u00e1k \u00e9s \u00fajratemett\u00e9k a falu temet\u0151j\u00e9ben. \u00e9s a falu hat\u00e1r\u00e1ban fejbe l\u0151tt\u00e9k \u00e9s m\u00e9g t\u00f6bb tal\u00e1lt is \u00e9rte (1950. aug. 2-r\u0151l aug. 3.-ra virrad\u00f3 \u00e9jszaka). Nem engedt\u00e9k eltemetni a falu temet\u0151j\u00e9ben, hanem azon a helyen kellett temetni, ahol r\u00e1tal\u00e1ltak. Egyike a kollektiviz\u00e1l\u00e1s \u00e1ldozatainak Maros megy\u00e9ben. <br \/><strong>Irod.:<\/strong> Bak\u00f3 Zolt\u00e1n: Hatvan \u00e9ve k\u00eds\u00e9rt egy gyilkoss\u00e1g eml\u00e9ke Vadadban (V\u00e1s\u00e1rhelyi H\u00edrlap, 2010. aug. 16.\u00a0; 2010. aug.17.); Balint; L\u00e1szl\u00f3 M\u00e1rton k\u00f6zl\u00e9se; Suciu, Vasile T.: Martiri ale colectiviz\u0103rii jude\u0163ului Mure\u015f (C. l., 28. iun. 2007.)<\/br><\/p>\n","protected":false},"excerpt":{"rendered":"<p>Marosbog\u00e1t, 1908. m\u00e1rc. 4., \u2020\u00a0Marosoroszi, 1950. aug. 3.: f\u00f6ldbirtokos. \u2013 Marosorosziban gazd\u00e1lkodott. \u00d6nk\u00e9nt nem akart beiratkozni a kollektiv gazdas\u00e1gba \u00e9s ez\u00e9rt letart\u00f3ztatt\u00e1k (1950. aug. 1.) \u00e9s a tordai szekuritatera hurcolt\u00e1k, majd a vallat\u00f3i visszahozt\u00e1k. Bujk\u00e1lt a faluban, \u00e9s a N\u00e9ptan\u00e1cs felsz\u00f3l\u00edt\u00e1s\u00e1ra sem jelent meg. Egy helybeli feljelent\u00e9se nyom\u00e1n megtal\u00e1lt\u00e1k, \u00e9s bel\u00fcgyminiszt\u00e9riumi szervek \u0151rizetbe vett\u00e9k, \u00e9s [&hellip;]<\/p>\n","protected":false},"featured_media":0,"comment_status":"open","ping_status":"closed","template":"","meta":[],"product_brand":[],"product_cat":[137],"product_tag":[],"class_list":{"0":"post-13596","1":"product","2":"type-product","3":"status-publish","5":"product_cat-maros-megyei-eletrajzi-lexikon","7":"first","8":"instock","9":"shipping-taxable","10":"product-type-simple"},"_links":{"self":[{"href":"https:\/\/uj.adatbank.ro\/lexikon\/wp-json\/wp\/v2\/product\/13596","targetHints":{"allow":["GET"]}}],"collection":[{"href":"https:\/\/uj.adatbank.ro\/lexikon\/wp-json\/wp\/v2\/product"}],"about":[{"href":"https:\/\/uj.adatbank.ro\/lexikon\/wp-json\/wp\/v2\/types\/product"}],"replies":[{"embeddable":true,"href":"https:\/\/uj.adatbank.ro\/lexikon\/wp-json\/wp\/v2\/comments?post=13596"}],"wp:attachment":[{"href":"https:\/\/uj.adatbank.ro\/lexikon\/wp-json\/wp\/v2\/media?parent=13596"}],"wp:term":[{"taxonomy":"product_brand","embeddable":true,"href":"https:\/\/uj.adatbank.ro\/lexikon\/wp-json\/wp\/v2\/product_brand?post=13596"},{"taxonomy":"product_cat","embeddable":true,"href":"https:\/\/uj.adatbank.ro\/lexikon\/wp-json\/wp\/v2\/product_cat?post=13596"},{"taxonomy":"product_tag","embeddable":true,"href":"https:\/\/uj.adatbank.ro\/lexikon\/wp-json\/wp\/v2\/product_tag?post=13596"}],"curies":[{"name":"wp","href":"https:\/\/api.w.org\/{rel}","templated":true}]}}

LĂLUŢ, Remus

<p>Marosbogát, 1908. márc. 4., † Marosoroszi, 1950. aug. 3.: földbirtokos. – Marosorosziban gazdálkodott. Önként nem akart beiratkozni a kollektiv gazdaságba és ezért letartóztatták (1950. aug. 1.) és a tordai szekuritatera hurcolták, majd a vallatói visszahozták. Bujkált a faluban, és a Néptanács felszólítására sem jelent meg. Egy helybeli feljelentése nyomán megtalálták, és belügyminisztériumi szervek őrizetbe vették, és kifele kísérték a faluból, majd a falu temetőjétől nem messze, a saját földjének határában lelőtték, és ott is hantoltatták el. Az özvegy kérésére, még a kommunizmus időszakában, több évtizeddel később kihantolták és újratemették a falu temetőjében. és a falu határában fejbe lőtték és még több talált is érte (1950. aug. 2-ről aug. 3.-ra virradó éjszaka). Nem engedték eltemetni a falu temetőjében, hanem azon a helyen kellett temetni, ahol rátaláltak. Egyike a kollektivizálás áldozatainak Maros megyében. <br /><strong>Irod.:</strong> Bakó Zoltán: Hatvan éve kísért egy gyilkosság emléke Vadadban (Vásárhelyi Hírlap, 2010. aug. 16. ; 2010. aug.17.); Balint; László Márton közlése; Suciu, Vasile T.: Martiri ale colectivizării judeţului Mureş (C. l., 28. iun. 2007.)</br></p>

<p>Marosbogát, 1908. márc. 4., † Marosoroszi, 1950. aug. 3.: földbirtokos. – Marosorosziban gazdálkodott. Önként nem akart beiratkozni a kollektiv gazdaságba és ezért letartóztatták (1950. aug. 1.) és a tordai szekuritatera hurcolták, majd a vallatói visszahozták. Bujkált a faluban, és a Néptanács felszólítására sem jelent meg. Egy helybeli feljelentése nyomán megtalálták, és belügyminisztériumi szervek őrizetbe vették, és [&hellip;]</p>
