{"id":13598,"date":"2025-07-15T12:33:57","date_gmt":"2025-07-15T10:33:57","guid":{"rendered":"https:\/\/uj.adatbank.ro\/lexikon\/termek\/lamprik-imre-janos-arp\/"},"modified":"2025-07-15T12:33:57","modified_gmt":"2025-07-15T10:33:57","slug":"lamprik-imre-janos-arp","status":"publish","type":"product","link":"https:\/\/uj.adatbank.ro\/lexikon\/termek\/lamprik-imre-janos-arp\/","title":{"rendered":"LAMPRIK Imre J\u00e1nos, ARP."},"content":{"rendered":"<p>Kv., 1660., \u2020\u00a0Mikh\u00e1za, 1738. okt. 12.: ferences szerzetes. \u2013 Sz\u00e1sz sz\u00e1rmaz\u00e1s\u00fa. Be\u00f6lt\u00f6z\u00f6tt Cs\u00edksomly\u00f3n szerzetesnek (1684. nov. 5.), papp\u00e1 szentelt\u00e9k (1687. m\u00e1j. 13.), Definitor (1696\u201399, 1702\u201306, 1718\u201320, 1724\u201327), custos provinci\u00e1lis (1706\u201309).A Mikh\u00e1z\u00e1n tartott k\u00f6zgy\u0171l\u00e9sen megv\u00e1lasztott\u00e1k a rend kotm\u00e1nyseg\u00e9d\u00e9nek (1696) Mnt a stefanita-ferenczrend\u00fcek \u0151re \u00e9s k\u00e9pvisel\u0151je, megjelent Maros-V\u00e1s\u00e1rhelyt R\u00e1k\u00f3czi Ferencnek erd\u00e9lyi fejedelemm\u00e9 val\u00f3 beikta-t\u00e1s\u00e1n (1707). A fegyelem \u00fcnnepelt mestere, enged\u00e9llyel hal\u00e1l\u00e1ig szak\u00e1lt viselt. A Custodia fenn\u00e1ll\u00e1sa \u00f3ta els\u0151, mint sacerdos jub, secunditi\u00e1j\u00e1t megtartotta (1737. m\u00e1j. 13.). <br \/><strong>Irod.:<\/strong> Gy\u00f6rgy: A ferencrendiek; Kar\u00e1csonyi J\u00e1nos: Szt. Ferenc rendj\u00e9nek t\u00f6rt\u00e9nete Magyarorsz\u00e1gon 1711 ig (Bp, 1924)<\/br><\/p>\n","protected":false},"excerpt":{"rendered":"<p>Kv., 1660., \u2020\u00a0Mikh\u00e1za, 1738. okt. 12.: ferences szerzetes. \u2013 Sz\u00e1sz sz\u00e1rmaz\u00e1s\u00fa. Be\u00f6lt\u00f6z\u00f6tt Cs\u00edksomly\u00f3n szerzetesnek (1684. nov. 5.), papp\u00e1 szentelt\u00e9k (1687. m\u00e1j. 13.), Definitor (1696\u201399, 1702\u201306, 1718\u201320, 1724\u201327), custos provinci\u00e1lis (1706\u201309).A Mikh\u00e1z\u00e1n tartott k\u00f6zgy\u0171l\u00e9sen megv\u00e1lasztott\u00e1k a rend kotm\u00e1nyseg\u00e9d\u00e9nek (1696) Mnt a stefanita-ferenczrend\u00fcek \u0151re \u00e9s k\u00e9pvisel\u0151je, megjelent Maros-V\u00e1s\u00e1rhelyt R\u00e1k\u00f3czi Ferencnek erd\u00e9lyi fejedelemm\u00e9 val\u00f3 beikta-t\u00e1s\u00e1n (1707). A fegyelem [&hellip;]<\/p>\n","protected":false},"featured_media":0,"comment_status":"open","ping_status":"closed","template":"","meta":[],"product_brand":[],"product_cat":[137],"product_tag":[],"class_list":{"0":"post-13598","1":"product","2":"type-product","3":"status-publish","5":"product_cat-maros-megyei-eletrajzi-lexikon","7":"first","8":"instock","9":"shipping-taxable","10":"product-type-simple"},"_links":{"self":[{"href":"https:\/\/uj.adatbank.ro\/lexikon\/wp-json\/wp\/v2\/product\/13598","targetHints":{"allow":["GET"]}}],"collection":[{"href":"https:\/\/uj.adatbank.ro\/lexikon\/wp-json\/wp\/v2\/product"}],"about":[{"href":"https:\/\/uj.adatbank.ro\/lexikon\/wp-json\/wp\/v2\/types\/product"}],"replies":[{"embeddable":true,"href":"https:\/\/uj.adatbank.ro\/lexikon\/wp-json\/wp\/v2\/comments?post=13598"}],"wp:attachment":[{"href":"https:\/\/uj.adatbank.ro\/lexikon\/wp-json\/wp\/v2\/media?parent=13598"}],"wp:term":[{"taxonomy":"product_brand","embeddable":true,"href":"https:\/\/uj.adatbank.ro\/lexikon\/wp-json\/wp\/v2\/product_brand?post=13598"},{"taxonomy":"product_cat","embeddable":true,"href":"https:\/\/uj.adatbank.ro\/lexikon\/wp-json\/wp\/v2\/product_cat?post=13598"},{"taxonomy":"product_tag","embeddable":true,"href":"https:\/\/uj.adatbank.ro\/lexikon\/wp-json\/wp\/v2\/product_tag?post=13598"}],"curies":[{"name":"wp","href":"https:\/\/api.w.org\/{rel}","templated":true}]}}

LAMPRIK Imre János, ARP.

<p>Kv., 1660., † Mikháza, 1738. okt. 12.: ferences szerzetes. – Szász származású. Beöltözött Csíksomlyón szerzetesnek (1684. nov. 5.), pappá szentelték (1687. máj. 13.), Definitor (1696–99, 1702–06, 1718–20, 1724–27), custos provinciális (1706–09).A Mikházán tartott közgyűlésen megválasztották a rend kotmánysegédének (1696) Mnt a stefanita-ferenczrendüek őre és képviselője, megjelent Maros-Vásárhelyt Rákóczi Ferencnek erdélyi fejedelemmé való beikta-tásán (1707). A fegyelem ünnepelt mestere, engedéllyel haláláig szakált viselt. A Custodia fennállása óta első, mint sacerdos jub, secunditiáját megtartotta (1737. máj. 13.). <br /><strong>Irod.:</strong> György: A ferencrendiek; Karácsonyi János: Szt. Ferenc rendjének története Magyarországon 1711 ig (Bp, 1924)</br></p>

<p>Kv., 1660., † Mikháza, 1738. okt. 12.: ferences szerzetes. – Szász származású. Beöltözött Csíksomlyón szerzetesnek (1684. nov. 5.), pappá szentelték (1687. máj. 13.), Definitor (1696–99, 1702–06, 1718–20, 1724–27), custos provinciális (1706–09).A Mikházán tartott közgyűlésen megválasztották a rend kotmánysegédének (1696) Mnt a stefanita-ferenczrendüek őre és képviselője, megjelent Maros-Vásárhelyt Rákóczi Ferencnek erdélyi fejedelemmé való beikta-tásán (1707). A fegyelem [&hellip;]</p>
