{"id":13601,"date":"2025-07-15T12:34:03","date_gmt":"2025-07-15T10:34:03","guid":{"rendered":"https:\/\/uj.adatbank.ro\/lexikon\/termek\/landes-moric\/"},"modified":"2025-07-15T12:34:03","modified_gmt":"2025-07-15T10:34:03","slug":"landes-moric","status":"publish","type":"product","link":"https:\/\/uj.adatbank.ro\/lexikon\/termek\/landes-moric\/","title":{"rendered":"LANDES M\u00f3ric"},"content":{"rendered":"<p>Soroph\u00e1za,1903. \u00e1pr. 4. \u2020 ?: munk\u00e1sigazgat\u00f3. \u2013 Hat oszt\u00e1llyt v\u00e9gzett, \u00e9s R\u00e9genben a Foresta Transilv\u0103nean\u0103 F\u0171r\u00e9sz- \u00e9s l\u00e1da\u00fczemben rakt\u00e1rf\u0151n\u00f6kk\u00e9nt dolgozott (1928\u2013). Az \u00fczem r\u00e9szv\u00e9nyt\u00e1rsas\u00e1gk\u00e9nt j\u00f6tt l\u00e9tre (1919.\u00e1pr.15), \u00e9s egy t\u00edztag\u00fa igazgat\u00f3i tan\u00e1cs vezette; alkalmazottainak sz\u00e1ma 278 volt, de a C.A.S.B.I.ellen\u0151rz\u00e9se alatt \u00e1llott, mert olasz t\u0151k\u00e9je is volt. Tagja lett a RMP-nak (1945.dec.21\u2013), de a r\u00e9geni Sziguranca kispolg\u00e1ri modor\u00fanak m\u00edn\u0151s\u00edtette. A f\u0171r\u00e9sz\u00fczem \u00e1llamos\u00edt\u00e1si bizotts\u00e1g\u00e1t vezette, \u00e9s vez\u00e9rigazgat\u00f3nak nevezt\u00e9k ki.(1948. j\u00fan.11.). A k\u00f6vetkez\u0151 esztend\u0151ben egyes\u00edtett\u00e9k R\u00e9gen n\u00e9gy fafeldolgoz\u00f3 \u00fczem\u00e9t: a Forestat, Transsylvaniat, a Reghinult \u00e9s a R.E.I.L.-t. Az \u00faj \u00fczem neve: I.P.E.I.L. Reghin. A vezet\u0151tan\u00e1cs tagja volt mint \u00fczemf\u0151n\u0151k: Landes M\u00f3ric, \u00fczemf\u0151n\u00f6k, Diamantstein Maximilian, m\u0171szaki f\u0151n\u00f6k, Kreisz S\u00e1ndor,az ipari vas\u00fatak \u00e9s m\u0171helyek f\u0151n\u00f6ke, Vaida \u00c1kos a f\u0171r\u00e9sz\u00fczem f\u0151n\u00f6ke, Varga L\u00e1szl\u00f3, a cs\u00f3nak r\u00e9szleg \u00fczemvezet\u0151je (1949. okt. 25). <br \/><strong>Irod.:<\/strong> Bartos Zolt\u00e1n<\/br><\/p>\n","protected":false},"excerpt":{"rendered":"<p>Soroph\u00e1za,1903. \u00e1pr. 4. \u2020 ?: munk\u00e1sigazgat\u00f3. \u2013 Hat oszt\u00e1llyt v\u00e9gzett, \u00e9s R\u00e9genben a Foresta Transilv\u0103nean\u0103 F\u0171r\u00e9sz- \u00e9s l\u00e1da\u00fczemben rakt\u00e1rf\u0151n\u00f6kk\u00e9nt dolgozott (1928\u2013). Az \u00fczem r\u00e9szv\u00e9nyt\u00e1rsas\u00e1gk\u00e9nt j\u00f6tt l\u00e9tre (1919.\u00e1pr.15), \u00e9s egy t\u00edztag\u00fa igazgat\u00f3i tan\u00e1cs vezette; alkalmazottainak sz\u00e1ma 278 volt, de a C.A.S.B.I.ellen\u0151rz\u00e9se alatt \u00e1llott, mert olasz t\u0151k\u00e9je is volt. Tagja lett a RMP-nak (1945.dec.21\u2013), de a r\u00e9geni [&hellip;]<\/p>\n","protected":false},"featured_media":0,"comment_status":"open","ping_status":"closed","template":"","meta":[],"product_brand":[],"product_cat":[137],"product_tag":[],"class_list":{"0":"post-13601","1":"product","2":"type-product","3":"status-publish","5":"product_cat-maros-megyei-eletrajzi-lexikon","7":"first","8":"instock","9":"shipping-taxable","10":"product-type-simple"},"_links":{"self":[{"href":"https:\/\/uj.adatbank.ro\/lexikon\/wp-json\/wp\/v2\/product\/13601","targetHints":{"allow":["GET"]}}],"collection":[{"href":"https:\/\/uj.adatbank.ro\/lexikon\/wp-json\/wp\/v2\/product"}],"about":[{"href":"https:\/\/uj.adatbank.ro\/lexikon\/wp-json\/wp\/v2\/types\/product"}],"replies":[{"embeddable":true,"href":"https:\/\/uj.adatbank.ro\/lexikon\/wp-json\/wp\/v2\/comments?post=13601"}],"wp:attachment":[{"href":"https:\/\/uj.adatbank.ro\/lexikon\/wp-json\/wp\/v2\/media?parent=13601"}],"wp:term":[{"taxonomy":"product_brand","embeddable":true,"href":"https:\/\/uj.adatbank.ro\/lexikon\/wp-json\/wp\/v2\/product_brand?post=13601"},{"taxonomy":"product_cat","embeddable":true,"href":"https:\/\/uj.adatbank.ro\/lexikon\/wp-json\/wp\/v2\/product_cat?post=13601"},{"taxonomy":"product_tag","embeddable":true,"href":"https:\/\/uj.adatbank.ro\/lexikon\/wp-json\/wp\/v2\/product_tag?post=13601"}],"curies":[{"name":"wp","href":"https:\/\/api.w.org\/{rel}","templated":true}]}}

LANDES Móric

<p>Soropháza,1903. ápr. 4. † ?: munkásigazgató. – Hat osztállyt végzett, és Régenben a Foresta Transilvăneană Fűrész- és ládaüzemben raktárfőnökként dolgozott (1928–). Az üzem részvénytársaságként jött létre (1919.ápr.15), és egy tíztagú igazgatói tanács vezette; alkalmazottainak száma 278 volt, de a C.A.S.B.I.ellenőrzése alatt állott, mert olasz tőkéje is volt. Tagja lett a RMP-nak (1945.dec.21–), de a régeni Sziguranca kispolgári modorúnak mínősítette. A fűrészüzem államosítási bizottságát vezette, és vezérigazgatónak nevezték ki.(1948. jún.11.). A következő esztendőben egyesítették Régen négy fafeldolgozó üzemét: a Forestat, Transsylvaniat, a Reghinult és a R.E.I.L.-t. Az új üzem neve: I.P.E.I.L. Reghin. A vezetőtanács tagja volt mint üzemfőnők: Landes Móric, üzemfőnök, Diamantstein Maximilian, műszaki főnök, Kreisz Sándor,az ipari vasútak és műhelyek főnöke, Vaida Ákos a fűrészüzem főnöke, Varga László, a csónak részleg üzemvezetője (1949. okt. 25). <br /><strong>Irod.:</strong> Bartos Zoltán</br></p>

<p>Soropháza,1903. ápr. 4. † ?: munkásigazgató. – Hat osztállyt végzett, és Régenben a Foresta Transilvăneană Fűrész- és ládaüzemben raktárfőnökként dolgozott (1928–). Az üzem részvénytársaságként jött létre (1919.ápr.15), és egy tíztagú igazgatói tanács vezette; alkalmazottainak száma 278 volt, de a C.A.S.B.I.ellenőrzése alatt állott, mert olasz tőkéje is volt. Tagja lett a RMP-nak (1945.dec.21–), de a régeni [&hellip;]</p>
