{"id":13602,"date":"2025-07-15T12:34:05","date_gmt":"2025-07-15T10:34:05","guid":{"rendered":"https:\/\/uj.adatbank.ro\/lexikon\/termek\/landor-bela-lowinger-bela\/"},"modified":"2025-07-15T12:34:05","modified_gmt":"2025-07-15T10:34:05","slug":"landor-bela-lowinger-bela","status":"publish","type":"product","link":"https:\/\/uj.adatbank.ro\/lexikon\/termek\/landor-bela-lowinger-bela\/","title":{"rendered":"L\u00c1NDOR B\u00e9la, L\u00f6winger B\u00e9la"},"content":{"rendered":"<p>Marosludas, 1899. okt. 4., \u2020 Bp., 1973. m\u00e1j. 8.: \u00fajs\u00e1g\u00edr\u00f3, t\u00f6rt\u00e9n\u00e9sz. \u2013 A KMP tagja, az i\u00edj. mozgalom egyik szervez\u0151je (1919\u2013). A Tan\u00e1csk\u00f6zt\u00e1rsas\u00e1g idej\u00e9n (1919) a magyar. v\u00f6r\u00f6s hadseregben harcolt, a prolet\u00e1rdiktat\u00fara buk\u00e1sa ut\u00e1n (1919 \u0151sz\u00e9n) r\u00e9szt vett a KMP illeg\u00e1lis szervez\u0151 munk\u00e1j\u00e1ban. B\u00e9csbe menek\u00fclt (1920\u2013), a b\u00e9csi egy.-en tanult, emellett magyar nyelv\u0171. Kommunista emigr\u00e1ns lapok munkat\u00e1rsa. A Szovjetuni\u00f3ba ment (1923\u2013), tud. Int\u00e9zm\u00e9nyekben tev\u00e9kenykedett, beker\u00fclt a KMP KB-be (1926\u2013), r\u00f6vid b\u00e9csi tart\u00f3zkod\u00e1s ut\u00e1n visszat\u00e9rt Magyaro.-ra. Kommunista tev\u00e9kenys\u00e9g miatt letart\u00f3ztatt\u00e1k (1928\u2013), b\u00f6rt\u00f6nb\u00fcntet\u00e9sre \u00edt\u00e9lt\u00e9k (1929 \u0151sz\u00e9n\u20131934), kiszabadul\u00e1sa ut\u00e1n a Szovjetuni\u00f3ba t\u00e1vozott. Moszkv\u00e1ban a Kommunista Internacion\u00e1l\u00e9 appar\u00e1tus\u00e1nak alkalmazottja vol. T\u00f6r\u00e9nelmi. tanulm\u00e1nyokat \u00edrt. A h\u00e1bor\u00fa ut\u00e1n visszat\u00e9rt Magyaro.-ra,(1945) nyugd\u00edjaz\u00e1s\u00e1ig a bp.-i Szikra K\u00f6nyvkiad\u00f3 munkat\u00e1rsa volt. K\u00f6zolt a Sarl\u00f3 \u00e9s Kalap\u00e1cs c. lapban- <strong>F. m.:<\/strong> K\u00f6telez\u0151 olvasm\u00e1nyok a \u201eM. gazdas\u00e1g-t\u00f6rt\u00e9nef&#8217;-hez. \u00d6ssze\u00e1ll. (Bp., 1951); Marx jegyzetei a m. t\u00f6rt\u00e9nelemr\u0151l (Bp., 1952). <br \/><strong>Irod.:<\/strong> M\u00c9L; Nagy Csaba; \u00daM\u00c9L<\/br><\/p>\n","protected":false},"excerpt":{"rendered":"<p>Marosludas, 1899. okt. 4., \u2020 Bp., 1973. m\u00e1j. 8.: \u00fajs\u00e1g\u00edr\u00f3, t\u00f6rt\u00e9n\u00e9sz. \u2013 A KMP tagja, az i\u00edj. mozgalom egyik szervez\u0151je (1919\u2013). A Tan\u00e1csk\u00f6zt\u00e1rsas\u00e1g idej\u00e9n (1919) a magyar. v\u00f6r\u00f6s hadseregben harcolt, a prolet\u00e1rdiktat\u00fara buk\u00e1sa ut\u00e1n (1919 \u0151sz\u00e9n) r\u00e9szt vett a KMP illeg\u00e1lis szervez\u0151 munk\u00e1j\u00e1ban. B\u00e9csbe menek\u00fclt (1920\u2013), a b\u00e9csi egy.-en tanult, emellett magyar nyelv\u0171. Kommunista emigr\u00e1ns [&hellip;]<\/p>\n","protected":false},"featured_media":0,"comment_status":"open","ping_status":"closed","template":"","meta":[],"product_brand":[],"product_cat":[137],"product_tag":[],"class_list":{"0":"post-13602","1":"product","2":"type-product","3":"status-publish","5":"product_cat-maros-megyei-eletrajzi-lexikon","7":"first","8":"instock","9":"shipping-taxable","10":"product-type-simple"},"_links":{"self":[{"href":"https:\/\/uj.adatbank.ro\/lexikon\/wp-json\/wp\/v2\/product\/13602","targetHints":{"allow":["GET"]}}],"collection":[{"href":"https:\/\/uj.adatbank.ro\/lexikon\/wp-json\/wp\/v2\/product"}],"about":[{"href":"https:\/\/uj.adatbank.ro\/lexikon\/wp-json\/wp\/v2\/types\/product"}],"replies":[{"embeddable":true,"href":"https:\/\/uj.adatbank.ro\/lexikon\/wp-json\/wp\/v2\/comments?post=13602"}],"wp:attachment":[{"href":"https:\/\/uj.adatbank.ro\/lexikon\/wp-json\/wp\/v2\/media?parent=13602"}],"wp:term":[{"taxonomy":"product_brand","embeddable":true,"href":"https:\/\/uj.adatbank.ro\/lexikon\/wp-json\/wp\/v2\/product_brand?post=13602"},{"taxonomy":"product_cat","embeddable":true,"href":"https:\/\/uj.adatbank.ro\/lexikon\/wp-json\/wp\/v2\/product_cat?post=13602"},{"taxonomy":"product_tag","embeddable":true,"href":"https:\/\/uj.adatbank.ro\/lexikon\/wp-json\/wp\/v2\/product_tag?post=13602"}],"curies":[{"name":"wp","href":"https:\/\/api.w.org\/{rel}","templated":true}]}}

LÁNDOR Béla, Löwinger Béla

<p>Marosludas, 1899. okt. 4., † Bp., 1973. máj. 8.: újságíró, történész. – A KMP tagja, az iíj. mozgalom egyik szervezője (1919–). A Tanácsköztársaság idején (1919) a magyar. vörös hadseregben harcolt, a proletárdiktatúra bukása után (1919 őszén) részt vett a KMP illegális szervező munkájában. Bécsbe menekült (1920–), a bécsi egy.-en tanult, emellett magyar nyelvű. Kommunista emigráns lapok munkatársa. A Szovjetunióba ment (1923–), tud. Intézményekben tevékenykedett, bekerült a KMP KB-be (1926–), rövid bécsi tartózkodás után visszatért Magyaro.-ra. Kommunista tevékenység miatt letartóztatták (1928–), börtönbüntetésre ítélték (1929 őszén–1934), kiszabadulása után a Szovjetunióba távozott. Moszkvában a Kommunista Internacionálé apparátusának alkalmazottja vol. Törénelmi. tanulmányokat írt. A háború után visszatért Magyaro.-ra,(1945) nyugdíjazásáig a bp.-i Szikra Könyvkiadó munkatársa volt. Közolt a Sarló és Kalapács c. lapban- <strong>F. m.:</strong> Kötelező olvasmányok a „M. gazdaság-történef&#8217;-hez. Összeáll. (Bp., 1951); Marx jegyzetei a m. történelemről (Bp., 1952). <br /><strong>Irod.:</strong> MÉL; Nagy Csaba; ÚMÉL</br></p>

<p>Marosludas, 1899. okt. 4., † Bp., 1973. máj. 8.: újságíró, történész. – A KMP tagja, az iíj. mozgalom egyik szervezője (1919–). A Tanácsköztársaság idején (1919) a magyar. vörös hadseregben harcolt, a proletárdiktatúra bukása után (1919 őszén) részt vett a KMP illegális szervező munkájában. Bécsbe menekült (1920–), a bécsi egy.-en tanult, emellett magyar nyelvű. Kommunista emigráns [&hellip;]</p>
