{"id":13603,"date":"2025-07-15T12:34:06","date_gmt":"2025-07-15T10:34:06","guid":{"rendered":"https:\/\/uj.adatbank.ro\/lexikon\/termek\/landovics-anna-%c2%a7\/"},"modified":"2025-07-15T12:34:06","modified_gmt":"2025-07-15T10:34:06","slug":"landovics-anna-%c2%a7","status":"publish","type":"product","link":"https:\/\/uj.adatbank.ro\/lexikon\/termek\/landovics-anna-%c2%a7\/","title":{"rendered":"LANDOVICS Anna, \u00a7"},"content":{"rendered":"<p>Mv.,? \u2020\u00a0Mv., 2000. \u00f3v\u00f3n\u0151. \u2013 Zenep\u00e1rtol\u00f3, a KZST alap\u00edt\u00f3 tagja. Lelkesen gy\u0171jt\u00f6tte az adom\u00e1nyokat. <br \/><strong>Irod.:<\/strong> F\u00fcl\u00f6p G\u00e9za: Vir\u00e1g helyett (N\u00fa, 2000. aug. 2.)<\/br><\/p>\n","protected":false},"excerpt":{"rendered":"<p>Mv.,? \u2020\u00a0Mv., 2000. \u00f3v\u00f3n\u0151. \u2013 Zenep\u00e1rtol\u00f3, a KZST alap\u00edt\u00f3 tagja. Lelkesen gy\u0171jt\u00f6tte az adom\u00e1nyokat. Irod.: F\u00fcl\u00f6p G\u00e9za: Vir\u00e1g helyett (N\u00fa, 2000. aug. 2.)<\/p>\n","protected":false},"featured_media":0,"comment_status":"open","ping_status":"closed","template":"","meta":[],"product_brand":[],"product_cat":[137],"product_tag":[],"class_list":{"0":"post-13603","1":"product","2":"type-product","3":"status-publish","5":"product_cat-maros-megyei-eletrajzi-lexikon","7":"first","8":"instock","9":"shipping-taxable","10":"product-type-simple"},"_links":{"self":[{"href":"https:\/\/uj.adatbank.ro\/lexikon\/wp-json\/wp\/v2\/product\/13603","targetHints":{"allow":["GET"]}}],"collection":[{"href":"https:\/\/uj.adatbank.ro\/lexikon\/wp-json\/wp\/v2\/product"}],"about":[{"href":"https:\/\/uj.adatbank.ro\/lexikon\/wp-json\/wp\/v2\/types\/product"}],"replies":[{"embeddable":true,"href":"https:\/\/uj.adatbank.ro\/lexikon\/wp-json\/wp\/v2\/comments?post=13603"}],"wp:attachment":[{"href":"https:\/\/uj.adatbank.ro\/lexikon\/wp-json\/wp\/v2\/media?parent=13603"}],"wp:term":[{"taxonomy":"product_brand","embeddable":true,"href":"https:\/\/uj.adatbank.ro\/lexikon\/wp-json\/wp\/v2\/product_brand?post=13603"},{"taxonomy":"product_cat","embeddable":true,"href":"https:\/\/uj.adatbank.ro\/lexikon\/wp-json\/wp\/v2\/product_cat?post=13603"},{"taxonomy":"product_tag","embeddable":true,"href":"https:\/\/uj.adatbank.ro\/lexikon\/wp-json\/wp\/v2\/product_tag?post=13603"}],"curies":[{"name":"wp","href":"https:\/\/api.w.org\/{rel}","templated":true}]}}