{"id":13605,"date":"2025-07-15T12:34:11","date_gmt":"2025-07-15T10:34:11","guid":{"rendered":"https:\/\/uj.adatbank.ro\/lexikon\/termek\/lanescu-silviu\/"},"modified":"2025-07-15T12:34:11","modified_gmt":"2025-07-15T10:34:11","slug":"lanescu-silviu","status":"publish","type":"product","link":"https:\/\/uj.adatbank.ro\/lexikon\/termek\/lanescu-silviu\/","title":{"rendered":"L\u0102NESCU, SILVIU"},"content":{"rendered":"<p>B\u0103e\u015fti, 1917. szept. 8, \u2020 ?: tartal\u00e9kos katonatiszt, kapit\u00e1ny. \u2013 Mv.-en lakott. A Faliboga \u2013f\u00e9le \u00f6sszeesk\u00fcv\u00e9s II. csoportj\u00e1nak tagja. Letart\u00f3ztatt\u00e1k (1956. nov. 14.) El\u00edt\u00e9lt\u00e9k. <br \/><strong>Irod.:<\/strong> \u00c1ldozatok<\/br><\/p>\n","protected":false},"excerpt":{"rendered":"<p>B\u0103e\u015fti, 1917. szept. 8, \u2020 ?: tartal\u00e9kos katonatiszt, kapit\u00e1ny. \u2013 Mv.-en lakott. A Faliboga \u2013f\u00e9le \u00f6sszeesk\u00fcv\u00e9s II. csoportj\u00e1nak tagja. Letart\u00f3ztatt\u00e1k (1956. nov. 14.) El\u00edt\u00e9lt\u00e9k. Irod.: \u00c1ldozatok<\/p>\n","protected":false},"featured_media":0,"comment_status":"open","ping_status":"closed","template":"","meta":[],"product_brand":[],"product_cat":[137],"product_tag":[],"class_list":{"0":"post-13605","1":"product","2":"type-product","3":"status-publish","5":"product_cat-maros-megyei-eletrajzi-lexikon","7":"first","8":"instock","9":"shipping-taxable","10":"product-type-simple"},"_links":{"self":[{"href":"https:\/\/uj.adatbank.ro\/lexikon\/wp-json\/wp\/v2\/product\/13605","targetHints":{"allow":["GET"]}}],"collection":[{"href":"https:\/\/uj.adatbank.ro\/lexikon\/wp-json\/wp\/v2\/product"}],"about":[{"href":"https:\/\/uj.adatbank.ro\/lexikon\/wp-json\/wp\/v2\/types\/product"}],"replies":[{"embeddable":true,"href":"https:\/\/uj.adatbank.ro\/lexikon\/wp-json\/wp\/v2\/comments?post=13605"}],"wp:attachment":[{"href":"https:\/\/uj.adatbank.ro\/lexikon\/wp-json\/wp\/v2\/media?parent=13605"}],"wp:term":[{"taxonomy":"product_brand","embeddable":true,"href":"https:\/\/uj.adatbank.ro\/lexikon\/wp-json\/wp\/v2\/product_brand?post=13605"},{"taxonomy":"product_cat","embeddable":true,"href":"https:\/\/uj.adatbank.ro\/lexikon\/wp-json\/wp\/v2\/product_cat?post=13605"},{"taxonomy":"product_tag","embeddable":true,"href":"https:\/\/uj.adatbank.ro\/lexikon\/wp-json\/wp\/v2\/product_tag?post=13605"}],"curies":[{"name":"wp","href":"https:\/\/api.w.org\/{rel}","templated":true}]}}