{"id":13606,"date":"2025-07-15T12:34:13","date_gmt":"2025-07-15T10:34:13","guid":{"rendered":"https:\/\/uj.adatbank.ro\/lexikon\/termek\/lang-adam-janos\/"},"modified":"2025-07-15T12:34:13","modified_gmt":"2025-07-15T10:34:13","slug":"lang-adam-janos","status":"publish","type":"product","link":"https:\/\/uj.adatbank.ro\/lexikon\/termek\/lang-adam-janos\/","title":{"rendered":"L\u00c1NG \u00c1d\u00e1m J\u00e1nos"},"content":{"rendered":"<p>J\u00e1sz\u00f3\u00fajfalu, 1772. j\u00fal. 28,\u2020 Pest,1847, m\u00e1rc., 22.: sz\u00edn\u00e9sz, m\u0171ford\u00edt\u00f3, rendez\u0151. \u2013 A m. sz\u00edn\u00e9szet els\u0151 korszak\u00e1nak kiemelked\u0151 egy\u00e9nis\u00e9ge.A Pesten csel\u00e9desked\u0151 \u00e9s magyarul alig besz\u00e9l\u0151 Engelhardt Anna a k\u00e9s\u0151bbi K\u00e1ntorn\u00e9 t\u0151le tanult magyarul.Kv.-ra szerz\u0151d\u00f6tt (1796). A t\u00e1rsulattal Kv.-on \u00e9s Mv.-en m\u0171k\u00f6d\u00f6tt Kotsi Pak\u00f3 J\u00e1nos, mint t\u00e1rsulati igazgat\u00f3 \u00e9s Wessel\u00e9nyi megb\u00edzottja, kirendelt k\u00e9t tan\u00e1csnokkal, megb\u00edzat\u00e1st kapott, arra hogy a sz\u00ednh\u00e1znak megfelel\u0151 helyet n\u00e9zzen ki Mv.-en. A v\u00e1r melletti t\u00e9ren kezd\u0151d\u00f6tt el az \u00e9p\u00edtkez\u00e9s,sz\u00ednpad \u00e9p\u00edt\u00e9s\u00e9t, Kotsi Pak\u00f3 J\u00e1nos ut\u00e1n, L\u00e1ng \u00c1d\u00e1m J\u00e1nos ir\u00e1ny\u00edtotta tov\u00e1bb \u00e9s fejezte be (19. sz. eleje).\u00a0\u00c9rdemeket szerzett a sz\u00edn\u00e9szek nevel\u00e9s\u00e9ben \u00e9s t\u00f6bb mint sz\u00e1z sz\u00ednm\u0171vet ford\u00edtott magyarra. <br \/><strong>Irod.:<\/strong> Enyedi S\u00e1ndor: D\u00e9ryn\u00e9 erd\u00e9lyi sz\u00ednpadokon (Buk., 1975); www.nemzetiszinhaz.ro<\/br><\/p>\n","protected":false},"excerpt":{"rendered":"<p>J\u00e1sz\u00f3\u00fajfalu, 1772. j\u00fal. 28,\u2020 Pest,1847, m\u00e1rc., 22.: sz\u00edn\u00e9sz, m\u0171ford\u00edt\u00f3, rendez\u0151. \u2013 A m. sz\u00edn\u00e9szet els\u0151 korszak\u00e1nak kiemelked\u0151 egy\u00e9nis\u00e9ge.A Pesten csel\u00e9desked\u0151 \u00e9s magyarul alig besz\u00e9l\u0151 Engelhardt Anna a k\u00e9s\u0151bbi K\u00e1ntorn\u00e9 t\u0151le tanult magyarul.Kv.-ra szerz\u0151d\u00f6tt (1796). A t\u00e1rsulattal Kv.-on \u00e9s Mv.-en m\u0171k\u00f6d\u00f6tt Kotsi Pak\u00f3 J\u00e1nos, mint t\u00e1rsulati igazgat\u00f3 \u00e9s Wessel\u00e9nyi megb\u00edzottja, kirendelt k\u00e9t tan\u00e1csnokkal, megb\u00edzat\u00e1st kapott, arra [&hellip;]<\/p>\n","protected":false},"featured_media":0,"comment_status":"open","ping_status":"closed","template":"","meta":[],"product_brand":[],"product_cat":[137],"product_tag":[],"class_list":{"0":"post-13606","1":"product","2":"type-product","3":"status-publish","5":"product_cat-maros-megyei-eletrajzi-lexikon","7":"first","8":"instock","9":"shipping-taxable","10":"product-type-simple"},"_links":{"self":[{"href":"https:\/\/uj.adatbank.ro\/lexikon\/wp-json\/wp\/v2\/product\/13606","targetHints":{"allow":["GET"]}}],"collection":[{"href":"https:\/\/uj.adatbank.ro\/lexikon\/wp-json\/wp\/v2\/product"}],"about":[{"href":"https:\/\/uj.adatbank.ro\/lexikon\/wp-json\/wp\/v2\/types\/product"}],"replies":[{"embeddable":true,"href":"https:\/\/uj.adatbank.ro\/lexikon\/wp-json\/wp\/v2\/comments?post=13606"}],"wp:attachment":[{"href":"https:\/\/uj.adatbank.ro\/lexikon\/wp-json\/wp\/v2\/media?parent=13606"}],"wp:term":[{"taxonomy":"product_brand","embeddable":true,"href":"https:\/\/uj.adatbank.ro\/lexikon\/wp-json\/wp\/v2\/product_brand?post=13606"},{"taxonomy":"product_cat","embeddable":true,"href":"https:\/\/uj.adatbank.ro\/lexikon\/wp-json\/wp\/v2\/product_cat?post=13606"},{"taxonomy":"product_tag","embeddable":true,"href":"https:\/\/uj.adatbank.ro\/lexikon\/wp-json\/wp\/v2\/product_tag?post=13606"}],"curies":[{"name":"wp","href":"https:\/\/api.w.org\/{rel}","templated":true}]}}

LÁNG Ádám János

<p>Jászóújfalu, 1772. júl. 28,† Pest,1847, márc., 22.: színész, műfordító, rendező. – A m. színészet első korszakának kiemelkedő egyénisége.A Pesten cselédeskedő és magyarul alig beszélő Engelhardt Anna a későbbi Kántorné tőle tanult magyarul.Kv.-ra szerződött (1796). A társulattal Kv.-on és Mv.-en működött Kotsi Pakó János, mint társulati igazgató és Wesselényi megbízottja, kirendelt két tanácsnokkal, megbízatást kapott, arra hogy a színháznak megfelelő helyet nézzen ki Mv.-en. A vár melletti téren kezdődött el az építkezés,színpad építését, Kotsi Pakó János után, Láng Ádám János irányította tovább és fejezte be (19. sz. eleje). Érdemeket szerzett a színészek nevelésében és több mint száz színművet fordított magyarra. <br /><strong>Irod.:</strong> Enyedi Sándor: Déryné erdélyi színpadokon (Buk., 1975); www.nemzetiszinhaz.ro</br></p>

<p>Jászóújfalu, 1772. júl. 28,† Pest,1847, márc., 22.: színész, műfordító, rendező. – A m. színészet első korszakának kiemelkedő egyénisége.A Pesten cselédeskedő és magyarul alig beszélő Engelhardt Anna a későbbi Kántorné tőle tanult magyarul.Kv.-ra szerződött (1796). A társulattal Kv.-on és Mv.-en működött Kotsi Pakó János, mint társulati igazgató és Wesselényi megbízottja, kirendelt két tanácsnokkal, megbízatást kapott, arra [&hellip;]</p>
