{"id":13607,"date":"2025-07-15T12:34:15","date_gmt":"2025-07-15T10:34:15","guid":{"rendered":"https:\/\/uj.adatbank.ro\/lexikon\/termek\/lang-istvan\/"},"modified":"2025-07-15T12:34:15","modified_gmt":"2025-07-15T10:34:15","slug":"lang-istvan","status":"publish","type":"product","link":"https:\/\/uj.adatbank.ro\/lexikon\/termek\/lang-istvan\/","title":{"rendered":"L\u00c1NG Istv\u00e1n"},"content":{"rendered":"<p>Di\u00f3sgy\u0151r-Perecesb\u00e1nyatelep, 1908. dec. 27., \u2020 Bp., 1987. dec. 31.: egyetemi tan\u00e1r, belgy\u00f3gy\u00e1sz. \u2013 Miskolcon \u00e9retts\u00e9gizett; orvosi diplom\u00e1t Bp.-en szerzett (1932); belgy\u00f3gy\u00e1sz szakorvosi k\u00e9pes\u00edt\u00e9st Bp.-en a Kor\u00e1nyi Klinik\u00e1n nyert (1934). Egyetemi adjunktus Kv.-on Haynal Imre mellett (1943), majd a kv.-mv.-i Belgy\u00f3gy\u00e1szati \u00e9s Diagnosztikai Klinika, valamint az ehhez tartoz\u00f3 T\u00fcd\u0151- \u00e9s Fert\u0151z\u0151 Oszt\u00e1ly igazgat\u00f3ja. A KZST el\u0151ad\u00f3ja \u00e9s tagja (1947). Bp.-re visszak\u00f6lt\u00f6z\u00f6tt (1948), ahol a Kor\u00e1nyi K\u00f3rh\u00e1z majd az Orsz\u00e1gos Testnevel\u00e9si \u00e9s Sporteg\u00e9szs\u00e9g\u00fcgyi Int\u00e9zet oszat\u00e1lyvezet\u0151 f\u0151orvosa (\u20131978). Szakk\u00f6zlem\u00e9nyeit a sz\u00edv- \u00e9s anyagcserebetegs\u00e9gek, az endokrinol\u00f3gia \u00e9s az immunoter\u00e1pia k\u00f6r\u00e9b\u0151l az EME Orvostudom\u00e1nyi Szakoszt\u00e1ly\u00e1nak \u00c9rtes\u00edt\u0151je (1943\u201348), az Orvosi Hetilap, Gy\u00f3gy\u00e1szat, Gy\u00f3gy\u00e1szati K\u00f6zlem\u00e9nyek, Gy\u00f3gyszereink, Frankfurter Zeitung f\u00fcr Patologie, Schweizer Medizinische Wochenschrift k\u00f6z\u00f6lte. \u2013 <strong>F. m.:<\/strong> <strong>t\u00e1rssz.:<\/strong> Gy\u00f3gyszertan \u00e9s gy\u00f3gy\u00edt\u00e1s (Bp., 1956); Az emberi test (Bp., 1968). <br \/><strong>Irod.:<\/strong> Komj\u00e1tszegi; Sz\u00f6ll\u0151si 2009<\/br><\/p>\n","protected":false},"excerpt":{"rendered":"<p>Di\u00f3sgy\u0151r-Perecesb\u00e1nyatelep, 1908. dec. 27., \u2020 Bp., 1987. dec. 31.: egyetemi tan\u00e1r, belgy\u00f3gy\u00e1sz. \u2013 Miskolcon \u00e9retts\u00e9gizett; orvosi diplom\u00e1t Bp.-en szerzett (1932); belgy\u00f3gy\u00e1sz szakorvosi k\u00e9pes\u00edt\u00e9st Bp.-en a Kor\u00e1nyi Klinik\u00e1n nyert (1934). Egyetemi adjunktus Kv.-on Haynal Imre mellett (1943), majd a kv.-mv.-i Belgy\u00f3gy\u00e1szati \u00e9s Diagnosztikai Klinika, valamint az ehhez tartoz\u00f3 T\u00fcd\u0151- \u00e9s Fert\u0151z\u0151 Oszt\u00e1ly igazgat\u00f3ja. A KZST el\u0151ad\u00f3ja [&hellip;]<\/p>\n","protected":false},"featured_media":0,"comment_status":"open","ping_status":"closed","template":"","meta":[],"product_brand":[],"product_cat":[137],"product_tag":[],"class_list":{"0":"post-13607","1":"product","2":"type-product","3":"status-publish","5":"product_cat-maros-megyei-eletrajzi-lexikon","7":"first","8":"instock","9":"shipping-taxable","10":"product-type-simple"},"_links":{"self":[{"href":"https:\/\/uj.adatbank.ro\/lexikon\/wp-json\/wp\/v2\/product\/13607","targetHints":{"allow":["GET"]}}],"collection":[{"href":"https:\/\/uj.adatbank.ro\/lexikon\/wp-json\/wp\/v2\/product"}],"about":[{"href":"https:\/\/uj.adatbank.ro\/lexikon\/wp-json\/wp\/v2\/types\/product"}],"replies":[{"embeddable":true,"href":"https:\/\/uj.adatbank.ro\/lexikon\/wp-json\/wp\/v2\/comments?post=13607"}],"wp:attachment":[{"href":"https:\/\/uj.adatbank.ro\/lexikon\/wp-json\/wp\/v2\/media?parent=13607"}],"wp:term":[{"taxonomy":"product_brand","embeddable":true,"href":"https:\/\/uj.adatbank.ro\/lexikon\/wp-json\/wp\/v2\/product_brand?post=13607"},{"taxonomy":"product_cat","embeddable":true,"href":"https:\/\/uj.adatbank.ro\/lexikon\/wp-json\/wp\/v2\/product_cat?post=13607"},{"taxonomy":"product_tag","embeddable":true,"href":"https:\/\/uj.adatbank.ro\/lexikon\/wp-json\/wp\/v2\/product_tag?post=13607"}],"curies":[{"name":"wp","href":"https:\/\/api.w.org\/{rel}","templated":true}]}}

LÁNG István

<p>Diósgyőr-Perecesbányatelep, 1908. dec. 27., † Bp., 1987. dec. 31.: egyetemi tanár, belgyógyász. – Miskolcon érettségizett; orvosi diplomát Bp.-en szerzett (1932); belgyógyász szakorvosi képesítést Bp.-en a Korányi Klinikán nyert (1934). Egyetemi adjunktus Kv.-on Haynal Imre mellett (1943), majd a kv.-mv.-i Belgyógyászati és Diagnosztikai Klinika, valamint az ehhez tartozó Tüdő- és Fertőző Osztály igazgatója. A KZST előadója és tagja (1947). Bp.-re visszaköltözött (1948), ahol a Korányi Kórház majd az Országos Testnevelési és Sportegészségügyi Intézet oszatályvezető főorvosa (–1978). Szakközleményeit a szív- és anyagcserebetegségek, az endokrinológia és az immunoterápia köréből az EME Orvostudományi Szakosztályának Értesítője (1943–48), az Orvosi Hetilap, Gyógyászat, Gyógyászati Közlemények, Gyógyszereink, Frankfurter Zeitung für Patologie, Schweizer Medizinische Wochenschrift közölte. – <strong>F. m.:</strong> <strong>társsz.:</strong> Gyógyszertan és gyógyítás (Bp., 1956); Az emberi test (Bp., 1968). <br /><strong>Irod.:</strong> Komjátszegi; Szöllősi 2009</br></p>

<p>Diósgyőr-Perecesbányatelep, 1908. dec. 27., † Bp., 1987. dec. 31.: egyetemi tanár, belgyógyász. – Miskolcon érettségizett; orvosi diplomát Bp.-en szerzett (1932); belgyógyász szakorvosi képesítést Bp.-en a Korányi Klinikán nyert (1934). Egyetemi adjunktus Kv.-on Haynal Imre mellett (1943), majd a kv.-mv.-i Belgyógyászati és Diagnosztikai Klinika, valamint az ehhez tartozó Tüdő- és Fertőző Osztály igazgatója. A KZST előadója [&hellip;]</p>
