{"id":13610,"date":"2025-07-15T12:34:19","date_gmt":"2025-07-15T10:34:19","guid":{"rendered":"https:\/\/uj.adatbank.ro\/lexikon\/termek\/langer-richard\/"},"modified":"2025-07-15T12:34:19","modified_gmt":"2025-07-15T10:34:19","slug":"langer-richard","status":"publish","type":"product","link":"https:\/\/uj.adatbank.ro\/lexikon\/termek\/langer-richard\/","title":{"rendered":"LANGER, Richard"},"content":{"rendered":"<p>Segesv\u00e1r, 1903. szept. 23.,\u2020 Stuttgart, 1989. okt. 21.: v\u00e1llalkoz\u00f3, feltal\u00e1l\u00f3. \u2013 H\u00e1bor\u00fas szolg\u00e1lat ut\u00e1n rom\u00e1n fogs\u00e1gba \u00e9s politikai letart\u00f3ztat\u00e1sba ker\u00fclt. Kalandos \u00faton sz\u00f6k\u00f6tt nyugatra. \u00d6sszesen 33 szabadalm\u00e1t \u00e9s t\u00f6bb mint 20 jogv\u00e9dett modellj\u00e9t, tal\u00e1lm\u00e1ny\u00e1t szabadalmazt\u00e1k bel- \u00e9s k\u00fclf\u00f6d\u00f6n. Hozz\u00e1j\u00e1rult, a Johannes Honterus seg\u00e9lyszervezet tiszteletbeli \u00fczletvezet\u0151jek\u00e9nt, a Horneck Palota \u00f6regotthonn\u00e1 \u00e9s az erd\u00e9lyi sz\u00e1szok kult\u00far\u00e1lis k\u00f6zpontj\u00e1v\u00e1 val\u00f3 \u00e1talak\u00edt\u00e1s\u00e1hoz. Diesel-\u00e9remmel t\u00fcntett\u00e9k ki a k\u00fcl\u00f6nb\u00f6z\u0151 technikai ter\u00fcleten feltal\u00e1lt \u00e9s szabadalmazott k\u00e9sz\u00fcl\u00e9kek\u00e9rt (1962). <br \/><strong>Irod.:<\/strong> LSS<\/br><\/p>\n","protected":false},"excerpt":{"rendered":"<p>Segesv\u00e1r, 1903. szept. 23.,\u2020 Stuttgart, 1989. okt. 21.: v\u00e1llalkoz\u00f3, feltal\u00e1l\u00f3. \u2013 H\u00e1bor\u00fas szolg\u00e1lat ut\u00e1n rom\u00e1n fogs\u00e1gba \u00e9s politikai letart\u00f3ztat\u00e1sba ker\u00fclt. Kalandos \u00faton sz\u00f6k\u00f6tt nyugatra. \u00d6sszesen 33 szabadalm\u00e1t \u00e9s t\u00f6bb mint 20 jogv\u00e9dett modellj\u00e9t, tal\u00e1lm\u00e1ny\u00e1t szabadalmazt\u00e1k bel- \u00e9s k\u00fclf\u00f6d\u00f6n. Hozz\u00e1j\u00e1rult, a Johannes Honterus seg\u00e9lyszervezet tiszteletbeli \u00fczletvezet\u0151jek\u00e9nt, a Horneck Palota \u00f6regotthonn\u00e1 \u00e9s az erd\u00e9lyi sz\u00e1szok kult\u00far\u00e1lis k\u00f6zpontj\u00e1v\u00e1 [&hellip;]<\/p>\n","protected":false},"featured_media":0,"comment_status":"open","ping_status":"closed","template":"","meta":[],"product_brand":[],"product_cat":[137],"product_tag":[],"class_list":{"0":"post-13610","1":"product","2":"type-product","3":"status-publish","5":"product_cat-maros-megyei-eletrajzi-lexikon","7":"first","8":"instock","9":"shipping-taxable","10":"product-type-simple"},"_links":{"self":[{"href":"https:\/\/uj.adatbank.ro\/lexikon\/wp-json\/wp\/v2\/product\/13610","targetHints":{"allow":["GET"]}}],"collection":[{"href":"https:\/\/uj.adatbank.ro\/lexikon\/wp-json\/wp\/v2\/product"}],"about":[{"href":"https:\/\/uj.adatbank.ro\/lexikon\/wp-json\/wp\/v2\/types\/product"}],"replies":[{"embeddable":true,"href":"https:\/\/uj.adatbank.ro\/lexikon\/wp-json\/wp\/v2\/comments?post=13610"}],"wp:attachment":[{"href":"https:\/\/uj.adatbank.ro\/lexikon\/wp-json\/wp\/v2\/media?parent=13610"}],"wp:term":[{"taxonomy":"product_brand","embeddable":true,"href":"https:\/\/uj.adatbank.ro\/lexikon\/wp-json\/wp\/v2\/product_brand?post=13610"},{"taxonomy":"product_cat","embeddable":true,"href":"https:\/\/uj.adatbank.ro\/lexikon\/wp-json\/wp\/v2\/product_cat?post=13610"},{"taxonomy":"product_tag","embeddable":true,"href":"https:\/\/uj.adatbank.ro\/lexikon\/wp-json\/wp\/v2\/product_tag?post=13610"}],"curies":[{"name":"wp","href":"https:\/\/api.w.org\/{rel}","templated":true}]}}

<p>Segesvár, 1903. szept. 23.,† Stuttgart, 1989. okt. 21.: vállalkozó, feltaláló. – Háborús szolgálat után román fogságba és politikai letartóztatásba került. Kalandos úton szökött nyugatra. Összesen 33 szabadalmát és több mint 20 jogvédett modelljét, találmányát szabadalmazták bel- és külfödön. Hozzájárult, a Johannes Honterus segélyszervezet tiszteletbeli üzletvezetőjeként, a Horneck Palota öregotthonná és az erdélyi szászok kultúrális központjává való átalakításához. Diesel-éremmel tüntették ki a különböző technikai területen feltalált és szabadalmazott készülékekért (1962). <br /><strong>Irod.:</strong> LSS</br></p>

<p>Segesvár, 1903. szept. 23.,† Stuttgart, 1989. okt. 21.: vállalkozó, feltaláló. – Háborús szolgálat után román fogságba és politikai letartóztatásba került. Kalandos úton szökött nyugatra. Összesen 33 szabadalmát és több mint 20 jogvédett modelljét, találmányát szabadalmazták bel- és külfödön. Hozzájárult, a Johannes Honterus segélyszervezet tiszteletbeli üzletvezetőjeként, a Horneck Palota öregotthonná és az erdélyi szászok kultúrális központjává [&hellip;]</p>
