{"id":13612,"date":"2025-07-15T12:34:25","date_gmt":"2025-07-15T10:34:25","guid":{"rendered":"https:\/\/uj.adatbank.ro\/lexikon\/termek\/lani-oszkar\/"},"modified":"2025-07-15T12:34:25","modified_gmt":"2025-07-15T10:34:25","slug":"lani-oszkar","status":"publish","type":"product","link":"https:\/\/uj.adatbank.ro\/lexikon\/termek\/lani-oszkar\/","title":{"rendered":"L\u00c1NI Oszk\u00e1r"},"content":{"rendered":"<p>Mv.,1888.\u2020 Mv.,1919.j\u00fal.28.v.1949: \u00fcgyv\u00e9d. \u2013 L. S\u00e1muel (\u2020 1901.?) \u00e9s Connerth Mathilde (1837.? \u2013 Beszterce, 1906. jan. 8.) fia. Testv\u00e9rei: L. Alfr\u00e9d (1855 \u2013 Beszterce 1907. dec. 2.); L. Mathild dr. Jaeggle Ferencn\u00e9; L. Gyula. Feles\u00e9ge: Szil\u00e1gyi N. Ilona. Fi\u00fak: ifj. dr. L. Oszk\u00e1r. \u2013 \u00dcgyv\u00e9d, jog\u00e1sz, orvos, zeneszerz\u0151, el\u0151ad\u00f3m\u0171v\u00e9sz. A KZST tagja (1928\u2013), az utols\u00f3 jegyz\u0151k\u00f6nyvvezet\u0151je, a zenesz\u00e1m\u00e1nak el\u0151ad\u00f3ja, k\u00eds\u00e9r\u0151je. Mv.-en az \u00fcgyv\u00e9di kamara titk\u00e1ra. <br \/><strong>Irod.:<\/strong> Gy\u00e1szjelent\u0151; Marosi-KZST; \u00dcnnepi k\u00f6nyv<\/br><\/p>\n","protected":false},"excerpt":{"rendered":"<p>Mv.,1888.\u2020 Mv.,1919.j\u00fal.28.v.1949: \u00fcgyv\u00e9d. \u2013 L. S\u00e1muel (\u2020 1901.?) \u00e9s Connerth Mathilde (1837.? \u2013 Beszterce, 1906. jan. 8.) fia. Testv\u00e9rei: L. Alfr\u00e9d (1855 \u2013 Beszterce 1907. dec. 2.); L. Mathild dr. Jaeggle Ferencn\u00e9; L. Gyula. Feles\u00e9ge: Szil\u00e1gyi N. Ilona. Fi\u00fak: ifj. dr. L. Oszk\u00e1r. \u2013 \u00dcgyv\u00e9d, jog\u00e1sz, orvos, zeneszerz\u0151, el\u0151ad\u00f3m\u0171v\u00e9sz. A KZST tagja (1928\u2013), az utols\u00f3 [&hellip;]<\/p>\n","protected":false},"featured_media":0,"comment_status":"open","ping_status":"closed","template":"","meta":[],"product_brand":[],"product_cat":[137],"product_tag":[],"class_list":{"0":"post-13612","1":"product","2":"type-product","3":"status-publish","5":"product_cat-maros-megyei-eletrajzi-lexikon","7":"first","8":"instock","9":"shipping-taxable","10":"product-type-simple"},"_links":{"self":[{"href":"https:\/\/uj.adatbank.ro\/lexikon\/wp-json\/wp\/v2\/product\/13612","targetHints":{"allow":["GET"]}}],"collection":[{"href":"https:\/\/uj.adatbank.ro\/lexikon\/wp-json\/wp\/v2\/product"}],"about":[{"href":"https:\/\/uj.adatbank.ro\/lexikon\/wp-json\/wp\/v2\/types\/product"}],"replies":[{"embeddable":true,"href":"https:\/\/uj.adatbank.ro\/lexikon\/wp-json\/wp\/v2\/comments?post=13612"}],"wp:attachment":[{"href":"https:\/\/uj.adatbank.ro\/lexikon\/wp-json\/wp\/v2\/media?parent=13612"}],"wp:term":[{"taxonomy":"product_brand","embeddable":true,"href":"https:\/\/uj.adatbank.ro\/lexikon\/wp-json\/wp\/v2\/product_brand?post=13612"},{"taxonomy":"product_cat","embeddable":true,"href":"https:\/\/uj.adatbank.ro\/lexikon\/wp-json\/wp\/v2\/product_cat?post=13612"},{"taxonomy":"product_tag","embeddable":true,"href":"https:\/\/uj.adatbank.ro\/lexikon\/wp-json\/wp\/v2\/product_tag?post=13612"}],"curies":[{"name":"wp","href":"https:\/\/api.w.org\/{rel}","templated":true}]}}

LÁNI Oszkár

<p>Mv.,1888.† Mv.,1919.júl.28.v.1949: ügyvéd. – L. Sámuel († 1901.?) és Connerth Mathilde (1837.? – Beszterce, 1906. jan. 8.) fia. Testvérei: L. Alfréd (1855 – Beszterce 1907. dec. 2.); L. Mathild dr. Jaeggle Ferencné; L. Gyula. Felesége: Szilágyi N. Ilona. Fiúk: ifj. dr. L. Oszkár. – Ügyvéd, jogász, orvos, zeneszerző, előadóművész. A KZST tagja (1928–), az utolsó jegyzőkönyvvezetője, a zeneszámának előadója, kísérője. Mv.-en az ügyvédi kamara titkára. <br /><strong>Irod.:</strong> Gyászjelentő; Marosi-KZST; Ünnepi könyv</br></p>

<p>Mv.,1888.† Mv.,1919.júl.28.v.1949: ügyvéd. – L. Sámuel († 1901.?) és Connerth Mathilde (1837.? – Beszterce, 1906. jan. 8.) fia. Testvérei: L. Alfréd (1855 – Beszterce 1907. dec. 2.); L. Mathild dr. Jaeggle Ferencné; L. Gyula. Felesége: Szilágyi N. Ilona. Fiúk: ifj. dr. L. Oszkár. – Ügyvéd, jogász, orvos, zeneszerző, előadóművész. A KZST tagja (1928–), az utolsó [&hellip;]</p>
