{"id":13618,"date":"2025-07-15T12:34:35","date_gmt":"2025-07-15T10:34:35","guid":{"rendered":"https:\/\/uj.adatbank.ro\/lexikon\/termek\/lanyi-szabo-elek\/"},"modified":"2025-07-15T12:34:35","modified_gmt":"2025-07-15T10:34:35","slug":"lanyi-szabo-elek","status":"publish","type":"product","link":"https:\/\/uj.adatbank.ro\/lexikon\/termek\/lanyi-szabo-elek\/","title":{"rendered":"L\u00c1NYI Szab\u00f3 Elek"},"content":{"rendered":"<p>? \u2020\u00a0? : ref. tan\u00edt\u00f3. \u2013 A mv.-i Ref. Koll.-ban vizsg\u00e1zott (1839) \u201ea Mesterek k\u00f6z\u00e9 lehet\u0151 b\u00e9 avatt\u00e1sa v\u00e9gett\u201d. Sz\u00e9kelykakasdon tan\u00edtott (1834\u201340?), majd Csejdre t\u00e1vozott \u00e9s ott m\u00e9g 37 \u00e9vet tan\u00edtott. <br \/><strong>Irod.:<\/strong> Sz\u00e9kelykakasd<\/br><\/p>\n","protected":false},"excerpt":{"rendered":"<p>? \u2020\u00a0? : ref. tan\u00edt\u00f3. \u2013 A mv.-i Ref. Koll.-ban vizsg\u00e1zott (1839) \u201ea Mesterek k\u00f6z\u00e9 lehet\u0151 b\u00e9 avatt\u00e1sa v\u00e9gett\u201d. Sz\u00e9kelykakasdon tan\u00edtott (1834\u201340?), majd Csejdre t\u00e1vozott \u00e9s ott m\u00e9g 37 \u00e9vet tan\u00edtott. Irod.: Sz\u00e9kelykakasd<\/p>\n","protected":false},"featured_media":0,"comment_status":"open","ping_status":"closed","template":"","meta":[],"product_brand":[],"product_cat":[137],"product_tag":[],"class_list":{"0":"post-13618","1":"product","2":"type-product","3":"status-publish","5":"product_cat-maros-megyei-eletrajzi-lexikon","7":"first","8":"instock","9":"shipping-taxable","10":"product-type-simple"},"_links":{"self":[{"href":"https:\/\/uj.adatbank.ro\/lexikon\/wp-json\/wp\/v2\/product\/13618","targetHints":{"allow":["GET"]}}],"collection":[{"href":"https:\/\/uj.adatbank.ro\/lexikon\/wp-json\/wp\/v2\/product"}],"about":[{"href":"https:\/\/uj.adatbank.ro\/lexikon\/wp-json\/wp\/v2\/types\/product"}],"replies":[{"embeddable":true,"href":"https:\/\/uj.adatbank.ro\/lexikon\/wp-json\/wp\/v2\/comments?post=13618"}],"wp:attachment":[{"href":"https:\/\/uj.adatbank.ro\/lexikon\/wp-json\/wp\/v2\/media?parent=13618"}],"wp:term":[{"taxonomy":"product_brand","embeddable":true,"href":"https:\/\/uj.adatbank.ro\/lexikon\/wp-json\/wp\/v2\/product_brand?post=13618"},{"taxonomy":"product_cat","embeddable":true,"href":"https:\/\/uj.adatbank.ro\/lexikon\/wp-json\/wp\/v2\/product_cat?post=13618"},{"taxonomy":"product_tag","embeddable":true,"href":"https:\/\/uj.adatbank.ro\/lexikon\/wp-json\/wp\/v2\/product_tag?post=13618"}],"curies":[{"name":"wp","href":"https:\/\/api.w.org\/{rel}","templated":true}]}}