{"id":13623,"date":"2025-07-15T12:34:46","date_gmt":"2025-07-15T10:34:46","guid":{"rendered":"https:\/\/uj.adatbank.ro\/lexikon\/termek\/lapusan-valer-ioan\/"},"modified":"2025-07-15T12:34:46","modified_gmt":"2025-07-15T10:34:46","slug":"lapusan-valer-ioan","status":"publish","type":"product","link":"https:\/\/uj.adatbank.ro\/lexikon\/termek\/lapusan-valer-ioan\/","title":{"rendered":"L\u0102PU\u015eAN, Valer Ioan"},"content":{"rendered":"<p>1920. jan. 20., \u2020 Mv., 2002. jan. 26.: vegy\u00e9szm\u00e9rn\u00f6k. \u2013 A k\u00f6z\u00e9piskol\u00e1t Mv.-en az egyetemet Ia\u015fiban v\u00e9gezte (1945) \u00e9s vegy\u00e9szm\u00e9rn\u00f6ki diplom\u00e1t szerzett. M\u00e9h\u00e9szked\u00e9ssel foglalkozott, tagja volt a M\u00e9hteny\u00e9szt\u0151k Orsz\u00e1gos Sz\u00f6vets\u00e9g\u00e9nek, valamint a Maros megyei bizotts\u00e1g\u00e1nak; 20 \u00e9ven \u00e1t vezetett m\u00e9h\u00e9szeti tanfolyamokat, 42 tudom\u00e1nyos dolgozattal vett r\u00e9szt m\u00e9h\u00e9szeti szimpoziumokon, 4 tal\u00e1lm\u00e1nya van. Kiv\u00e1l\u00f3 M\u00e9h\u00e9sz Diplom\u00e1val (Diploma de Excelen\u0163\u0103 \u00een apicultur\u0103 ) t\u0171ntet\u00e9k ki (2001). \u2013 <strong>F. m.:<\/strong> \u00centroducere \u00een istoria apiculturii rom\u00e2ne\u015fti (TgM., 2001). \u2013 Irod : MMK<\/br><\/p>\n","protected":false},"excerpt":{"rendered":"<p>1920. jan. 20., \u2020 Mv., 2002. jan. 26.: vegy\u00e9szm\u00e9rn\u00f6k. \u2013 A k\u00f6z\u00e9piskol\u00e1t Mv.-en az egyetemet Ia\u015fiban v\u00e9gezte (1945) \u00e9s vegy\u00e9szm\u00e9rn\u00f6ki diplom\u00e1t szerzett. M\u00e9h\u00e9szked\u00e9ssel foglalkozott, tagja volt a M\u00e9hteny\u00e9szt\u0151k Orsz\u00e1gos Sz\u00f6vets\u00e9g\u00e9nek, valamint a Maros megyei bizotts\u00e1g\u00e1nak; 20 \u00e9ven \u00e1t vezetett m\u00e9h\u00e9szeti tanfolyamokat, 42 tudom\u00e1nyos dolgozattal vett r\u00e9szt m\u00e9h\u00e9szeti szimpoziumokon, 4 tal\u00e1lm\u00e1nya van. Kiv\u00e1l\u00f3 M\u00e9h\u00e9sz Diplom\u00e1val (Diploma [&hellip;]<\/p>\n","protected":false},"featured_media":0,"comment_status":"open","ping_status":"closed","template":"","meta":[],"product_brand":[],"product_cat":[137],"product_tag":[],"class_list":{"0":"post-13623","1":"product","2":"type-product","3":"status-publish","5":"product_cat-maros-megyei-eletrajzi-lexikon","7":"first","8":"instock","9":"shipping-taxable","10":"product-type-simple"},"_links":{"self":[{"href":"https:\/\/uj.adatbank.ro\/lexikon\/wp-json\/wp\/v2\/product\/13623","targetHints":{"allow":["GET"]}}],"collection":[{"href":"https:\/\/uj.adatbank.ro\/lexikon\/wp-json\/wp\/v2\/product"}],"about":[{"href":"https:\/\/uj.adatbank.ro\/lexikon\/wp-json\/wp\/v2\/types\/product"}],"replies":[{"embeddable":true,"href":"https:\/\/uj.adatbank.ro\/lexikon\/wp-json\/wp\/v2\/comments?post=13623"}],"wp:attachment":[{"href":"https:\/\/uj.adatbank.ro\/lexikon\/wp-json\/wp\/v2\/media?parent=13623"}],"wp:term":[{"taxonomy":"product_brand","embeddable":true,"href":"https:\/\/uj.adatbank.ro\/lexikon\/wp-json\/wp\/v2\/product_brand?post=13623"},{"taxonomy":"product_cat","embeddable":true,"href":"https:\/\/uj.adatbank.ro\/lexikon\/wp-json\/wp\/v2\/product_cat?post=13623"},{"taxonomy":"product_tag","embeddable":true,"href":"https:\/\/uj.adatbank.ro\/lexikon\/wp-json\/wp\/v2\/product_tag?post=13623"}],"curies":[{"name":"wp","href":"https:\/\/api.w.org\/{rel}","templated":true}]}}

LĂPUŞAN, Valer Ioan

<p>1920. jan. 20., † Mv., 2002. jan. 26.: vegyészmérnök. – A középiskolát Mv.-en az egyetemet Iaşiban végezte (1945) és vegyészmérnöki diplomát szerzett. Méhészkedéssel foglalkozott, tagja volt a Méhtenyésztők Országos Szövetségének, valamint a Maros megyei bizottságának; 20 éven át vezetett méhészeti tanfolyamokat, 42 tudományos dolgozattal vett részt méhészeti szimpoziumokon, 4 találmánya van. Kiváló Méhész Diplomával (Diploma de Excelenţă în apicultură ) tűnteték ki (2001). – <strong>F. m.:</strong> Întroducere în istoria apiculturii româneşti (TgM., 2001). – Irod : MMK</br></p>

<p>1920. jan. 20., † Mv., 2002. jan. 26.: vegyészmérnök. – A középiskolát Mv.-en az egyetemet Iaşiban végezte (1945) és vegyészmérnöki diplomát szerzett. Méhészkedéssel foglalkozott, tagja volt a Méhtenyésztők Országos Szövetségének, valamint a Maros megyei bizottságának; 20 éven át vezetett méhészeti tanfolyamokat, 42 tudományos dolgozattal vett részt méhészeti szimpoziumokon, 4 találmánya van. Kiváló Méhész Diplomával (Diploma [&hellip;]</p>
