{"id":13625,"date":"2025-07-15T12:34:50","date_gmt":"2025-07-15T10:34:50","guid":{"rendered":"https:\/\/uj.adatbank.ro\/lexikon\/termek\/lascu-teodor-%c2%a7\/"},"modified":"2025-07-15T12:34:50","modified_gmt":"2025-07-15T10:34:50","slug":"lascu-teodor-%c2%a7","status":"publish","type":"product","link":"https:\/\/uj.adatbank.ro\/lexikon\/termek\/lascu-teodor-%c2%a7\/","title":{"rendered":"LASCU, Teodor, \u00a7"},"content":{"rendered":"<p>? \u2020\u00a0?: rend\u0151r. \u2013 Sz\u00e1szr\u00e9genben volt rend\u0151rf\u0151n\u00f6k. Az Astra k\u00f6nyvt\u00e1rosa (1932\u201339). <br \/><strong>Irod.:<\/strong> Figuri politice \u015fi administrative din epoca consolid\u0103rii (Buc., 1924); Netea: Astra<\/br><\/p>\n","protected":false},"excerpt":{"rendered":"<p>? \u2020\u00a0?: rend\u0151r. \u2013 Sz\u00e1szr\u00e9genben volt rend\u0151rf\u0151n\u00f6k. Az Astra k\u00f6nyvt\u00e1rosa (1932\u201339). Irod.: Figuri politice \u015fi administrative din epoca consolid\u0103rii (Buc., 1924); Netea: Astra<\/p>\n","protected":false},"featured_media":0,"comment_status":"open","ping_status":"closed","template":"","meta":[],"product_brand":[],"product_cat":[137],"product_tag":[],"class_list":{"0":"post-13625","1":"product","2":"type-product","3":"status-publish","5":"product_cat-maros-megyei-eletrajzi-lexikon","7":"first","8":"instock","9":"shipping-taxable","10":"product-type-simple"},"_links":{"self":[{"href":"https:\/\/uj.adatbank.ro\/lexikon\/wp-json\/wp\/v2\/product\/13625","targetHints":{"allow":["GET"]}}],"collection":[{"href":"https:\/\/uj.adatbank.ro\/lexikon\/wp-json\/wp\/v2\/product"}],"about":[{"href":"https:\/\/uj.adatbank.ro\/lexikon\/wp-json\/wp\/v2\/types\/product"}],"replies":[{"embeddable":true,"href":"https:\/\/uj.adatbank.ro\/lexikon\/wp-json\/wp\/v2\/comments?post=13625"}],"wp:attachment":[{"href":"https:\/\/uj.adatbank.ro\/lexikon\/wp-json\/wp\/v2\/media?parent=13625"}],"wp:term":[{"taxonomy":"product_brand","embeddable":true,"href":"https:\/\/uj.adatbank.ro\/lexikon\/wp-json\/wp\/v2\/product_brand?post=13625"},{"taxonomy":"product_cat","embeddable":true,"href":"https:\/\/uj.adatbank.ro\/lexikon\/wp-json\/wp\/v2\/product_cat?post=13625"},{"taxonomy":"product_tag","embeddable":true,"href":"https:\/\/uj.adatbank.ro\/lexikon\/wp-json\/wp\/v2\/product_tag?post=13625"}],"curies":[{"name":"wp","href":"https:\/\/api.w.org\/{rel}","templated":true}]}}