{"id":13629,"date":"2025-07-15T12:34:55","date_gmt":"2025-07-15T10:34:55","guid":{"rendered":"https:\/\/uj.adatbank.ro\/lexikon\/termek\/laslo-alexandru\/"},"modified":"2025-07-15T12:34:55","modified_gmt":"2025-07-15T10:34:55","slug":"laslo-alexandru","status":"publish","type":"product","link":"https:\/\/uj.adatbank.ro\/lexikon\/termek\/laslo-alexandru\/","title":{"rendered":"LASLO, Alexandru"},"content":{"rendered":"<p>Marosszentgy\u00f6rgy, 1913. m\u00e1rc.18., \u2020 Marosszentgy\u00f6rgy, 1976. aug. 31.: k\u00f6zm\u0171vel\u0151d\u00e9si aktivista. \u2013 Elemi isk.-t a sz\u00fcl\u0151faluj\u00e1ban v\u00e9gzett. Megv\u00e1lasztott\u00e1k a K\u00f6zs\u00e9gi N\u00e9ptan\u00e1cs aleln\u00f6k\u00e9v\u00e9 (1950\u2013), k\u00e9s\u0151bb k\u00f6zs\u00e9gi k\u00e9pvisel\u0151nek. Bev\u00e1lasztott\u00e1k a Marosszentgy\u00f6rgyi Kult\u00farotthon vezet\u0151tan\u00e1cs\u00e1ba (1952\u201367), majd a kult\u00farotthon igazgat\u00f3j\u00e1v\u00e1 (1953\u201354). Szolg\u00e1lata ideje alatt vegyes k\u00f3rus, k\u00e9t sz\u00ednj\u00e1tsz\u00f3 csoport, egy m. \u00e9s egy rom\u00e1n n\u00e9pt\u00e1ncegy\u00fcttes, mez\u0151gazd\u00e1sz \u2013 \u00e1llatteny\u00e9szt\u0151k\u00f6r \u00e9s n\u00e9pi zenekar m\u0171k\u00f6d\u00f6tt. <br \/><strong>Irod.:<\/strong> Opri\u015f<\/br><\/p>\n","protected":false},"excerpt":{"rendered":"<p>Marosszentgy\u00f6rgy, 1913. m\u00e1rc.18., \u2020 Marosszentgy\u00f6rgy, 1976. aug. 31.: k\u00f6zm\u0171vel\u0151d\u00e9si aktivista. \u2013 Elemi isk.-t a sz\u00fcl\u0151faluj\u00e1ban v\u00e9gzett. Megv\u00e1lasztott\u00e1k a K\u00f6zs\u00e9gi N\u00e9ptan\u00e1cs aleln\u00f6k\u00e9v\u00e9 (1950\u2013), k\u00e9s\u0151bb k\u00f6zs\u00e9gi k\u00e9pvisel\u0151nek. Bev\u00e1lasztott\u00e1k a Marosszentgy\u00f6rgyi Kult\u00farotthon vezet\u0151tan\u00e1cs\u00e1ba (1952\u201367), majd a kult\u00farotthon igazgat\u00f3j\u00e1v\u00e1 (1953\u201354). Szolg\u00e1lata ideje alatt vegyes k\u00f3rus, k\u00e9t sz\u00ednj\u00e1tsz\u00f3 csoport, egy m. \u00e9s egy rom\u00e1n n\u00e9pt\u00e1ncegy\u00fcttes, mez\u0151gazd\u00e1sz \u2013 \u00e1llatteny\u00e9szt\u0151k\u00f6r \u00e9s n\u00e9pi [&hellip;]<\/p>\n","protected":false},"featured_media":0,"comment_status":"open","ping_status":"closed","template":"","meta":[],"product_brand":[],"product_cat":[137],"product_tag":[],"class_list":{"0":"post-13629","1":"product","2":"type-product","3":"status-publish","5":"product_cat-maros-megyei-eletrajzi-lexikon","7":"first","8":"instock","9":"shipping-taxable","10":"product-type-simple"},"_links":{"self":[{"href":"https:\/\/uj.adatbank.ro\/lexikon\/wp-json\/wp\/v2\/product\/13629","targetHints":{"allow":["GET"]}}],"collection":[{"href":"https:\/\/uj.adatbank.ro\/lexikon\/wp-json\/wp\/v2\/product"}],"about":[{"href":"https:\/\/uj.adatbank.ro\/lexikon\/wp-json\/wp\/v2\/types\/product"}],"replies":[{"embeddable":true,"href":"https:\/\/uj.adatbank.ro\/lexikon\/wp-json\/wp\/v2\/comments?post=13629"}],"wp:attachment":[{"href":"https:\/\/uj.adatbank.ro\/lexikon\/wp-json\/wp\/v2\/media?parent=13629"}],"wp:term":[{"taxonomy":"product_brand","embeddable":true,"href":"https:\/\/uj.adatbank.ro\/lexikon\/wp-json\/wp\/v2\/product_brand?post=13629"},{"taxonomy":"product_cat","embeddable":true,"href":"https:\/\/uj.adatbank.ro\/lexikon\/wp-json\/wp\/v2\/product_cat?post=13629"},{"taxonomy":"product_tag","embeddable":true,"href":"https:\/\/uj.adatbank.ro\/lexikon\/wp-json\/wp\/v2\/product_tag?post=13629"}],"curies":[{"name":"wp","href":"https:\/\/api.w.org\/{rel}","templated":true}]}}

<p>Marosszentgyörgy, 1913. márc.18., † Marosszentgyörgy, 1976. aug. 31.: közművelődési aktivista. – Elemi isk.-t a szülőfalujában végzett. Megválasztották a Községi Néptanács alelnökévé (1950–), később községi képviselőnek. Beválasztották a Marosszentgyörgyi Kultúrotthon vezetőtanácsába (1952–67), majd a kultúrotthon igazgatójává (1953–54). Szolgálata ideje alatt vegyes kórus, két színjátszó csoport, egy m. és egy román néptáncegyüttes, mezőgazdász – állattenyésztőkör és népi zenekar működött. <br /><strong>Irod.:</strong> Opriş</br></p>

<p>Marosszentgyörgy, 1913. márc.18., † Marosszentgyörgy, 1976. aug. 31.: közművelődési aktivista. – Elemi isk.-t a szülőfalujában végzett. Megválasztották a Községi Néptanács alelnökévé (1950–), később községi képviselőnek. Beválasztották a Marosszentgyörgyi Kultúrotthon vezetőtanácsába (1952–67), majd a kultúrotthon igazgatójává (1953–54). Szolgálata ideje alatt vegyes kórus, két színjátszó csoport, egy m. és egy román néptáncegyüttes, mezőgazdász – állattenyésztőkör és népi [&hellip;]</p>
