{"id":13630,"date":"2025-07-15T12:34:57","date_gmt":"2025-07-15T10:34:57","guid":{"rendered":"https:\/\/uj.adatbank.ro\/lexikon\/termek\/laslo-emil\/"},"modified":"2025-07-15T12:34:57","modified_gmt":"2025-07-15T10:34:57","slug":"laslo-emil","status":"publish","type":"product","link":"https:\/\/uj.adatbank.ro\/lexikon\/termek\/laslo-emil\/","title":{"rendered":"LASLO, Emil"},"content":{"rendered":"<p>Marosszentgy\u00f6rgy, 1924. okt. 24. \u2020 ?: m\u0171kedvel\u0151. \u2013 Elemi iskol\u00e1t \u00e9s gimn.-t a sz\u00fcl\u0151faluj\u00e1ban v\u00e9gzett. Amat\u0151r sz\u00edn\u00e9szk\u00e9nt r\u00e9szt vett a falu m\u0171vel\u0151d\u00e9si \u00e9let\u00e9ben: k\u00f3rus, sz\u00ednj\u00e1tsz\u00f3 csoport \u00e9s t\u00e1nccsoport, amelyeket a Tabarcea h\u00e1zasp\u00e1r szervezett \u00e9s vezetett (1935\u201347). <br \/><strong>Irod.:<\/strong> Opri\u015f 2001<\/br><\/p>\n","protected":false},"excerpt":{"rendered":"<p>Marosszentgy\u00f6rgy, 1924. okt. 24. \u2020 ?: m\u0171kedvel\u0151. \u2013 Elemi iskol\u00e1t \u00e9s gimn.-t a sz\u00fcl\u0151faluj\u00e1ban v\u00e9gzett. Amat\u0151r sz\u00edn\u00e9szk\u00e9nt r\u00e9szt vett a falu m\u0171vel\u0151d\u00e9si \u00e9let\u00e9ben: k\u00f3rus, sz\u00ednj\u00e1tsz\u00f3 csoport \u00e9s t\u00e1nccsoport, amelyeket a Tabarcea h\u00e1zasp\u00e1r szervezett \u00e9s vezetett (1935\u201347). Irod.: Opri\u015f 2001<\/p>\n","protected":false},"featured_media":0,"comment_status":"open","ping_status":"closed","template":"","meta":[],"product_brand":[],"product_cat":[137],"product_tag":[],"class_list":{"0":"post-13630","1":"product","2":"type-product","3":"status-publish","5":"product_cat-maros-megyei-eletrajzi-lexikon","7":"first","8":"instock","9":"shipping-taxable","10":"product-type-simple"},"_links":{"self":[{"href":"https:\/\/uj.adatbank.ro\/lexikon\/wp-json\/wp\/v2\/product\/13630","targetHints":{"allow":["GET"]}}],"collection":[{"href":"https:\/\/uj.adatbank.ro\/lexikon\/wp-json\/wp\/v2\/product"}],"about":[{"href":"https:\/\/uj.adatbank.ro\/lexikon\/wp-json\/wp\/v2\/types\/product"}],"replies":[{"embeddable":true,"href":"https:\/\/uj.adatbank.ro\/lexikon\/wp-json\/wp\/v2\/comments?post=13630"}],"wp:attachment":[{"href":"https:\/\/uj.adatbank.ro\/lexikon\/wp-json\/wp\/v2\/media?parent=13630"}],"wp:term":[{"taxonomy":"product_brand","embeddable":true,"href":"https:\/\/uj.adatbank.ro\/lexikon\/wp-json\/wp\/v2\/product_brand?post=13630"},{"taxonomy":"product_cat","embeddable":true,"href":"https:\/\/uj.adatbank.ro\/lexikon\/wp-json\/wp\/v2\/product_cat?post=13630"},{"taxonomy":"product_tag","embeddable":true,"href":"https:\/\/uj.adatbank.ro\/lexikon\/wp-json\/wp\/v2\/product_tag?post=13630"}],"curies":[{"name":"wp","href":"https:\/\/api.w.org\/{rel}","templated":true}]}}

<p>Marosszentgyörgy, 1924. okt. 24. † ?: műkedvelő. – Elemi iskolát és gimn.-t a szülőfalujában végzett. Amatőr színészként részt vett a falu művelődési életében: kórus, színjátszó csoport és tánccsoport, amelyeket a Tabarcea házaspár szervezett és vezetett (1935–47). <br /><strong>Irod.:</strong> Opriş 2001</br></p>

<p>Marosszentgyörgy, 1924. okt. 24. † ?: műkedvelő. – Elemi iskolát és gimn.-t a szülőfalujában végzett. Amatőr színészként részt vett a falu művelődési életében: kórus, színjátszó csoport és tánccsoport, amelyeket a Tabarcea házaspár szervezett és vezetett (1935–47). Irod.: Opriş 2001</p>
